{"id":35,"date":"2023-02-24T19:30:45","date_gmt":"2023-02-24T19:30:45","guid":{"rendered":"https:\/\/exactas.uba.ar\/web\/archivomemoriaoral\/?page_id=35"},"modified":"2024-03-25T18:25:17","modified_gmt":"2024-03-25T18:25:17","slug":"sobre-el-archivo","status":"publish","type":"page","link":"https:\/\/exactas.uba.ar\/web\/archivomemoriaoral\/","title":{"rendered":"Sobre el Archivo"},"content":{"rendered":"<div class=\"presentacion\">\n<p>Los testimonios de las personas permiten un acercamiento a la historia desde la memoria y la experiencia de quienes han vivido momentos emblem\u00e1ticos para la vida de los pa\u00edses y pueblos.<\/p>\n<p>Este archivo re\u00fane y pone a disposici\u00f3n la palabra de hombres y mujeres que cursaron como alumnos y\/o trabajaron como docentes en la Facultad de Ciencias Exactas y Naturales de la UBA a lo largo de la d\u00e9cada del 70.<\/p>\n<p>Durante esa etapa, el pa\u00eds dej\u00f3 atr\u00e1s una dictadura cuyo \u00faltimo representante fue el general Alejando Agust\u00edn Lanusse, recuper\u00f3 la democracia con el triunfo del peronismo en las elecciones de marzo de 1973 que llevaron a H\u00e9ctor J. C\u00e1mpora a la presidencia de la Naci\u00f3n. Su breve mandato dio paso a nuevos comicios que significaron el triunfo de Juan Domingo Per\u00f3n y su tercer per\u00edodo presidencial. Luego de la muerte de Per\u00f3n, la primera magistratura fue ocupada por su vicepresidenta y esposa, Mar\u00eda Estela Mart\u00ednez. Finalmente, el 24 de marzo de 1976, se concret\u00f3 un golpe de Estado c\u00edvico militar, que desatar\u00eda el m\u00e1s feroz terrorismo de Estado de la historia nacional.<\/p>\n<p>Cada uno de estos per\u00edodos generaron fuertes transformaciones econ\u00f3micas, pol\u00edticas y sociales en el pa\u00eds, en las universidades y, particularmente, en la Facultad de Ciencias Exactas y Naturales de la UBA.<\/p>\n<p>Este archivo re\u00fane testimonios de estudiantes y docentes que atravesaron todas estas etapas o algunas de ellas. Su objetivo es recuperar un per\u00edodo de la historia desde la memoria y la voz de quienes vivieron ese pasado de violencia institucional y terrorismo de Estado. El eje central del trabajo pasa por relevar, conservar y difundir los distintos hechos de violencia estatal y paraestatal que tuvieron lugar por esos a\u00f1os contra integrantes de la comunidad de Exactas. Tambi\u00e9n describir el conjunto de mecanismos represivos desplegados con el objetivo de controlar a los sujetos e introyectar el terror entre los individuos. Al mismo tiempo, los relatos tambi\u00e9n reflejan de qu\u00e9 manera el incremento de la violencia pol\u00edtica primero y el despliegue del terrorismo de Estado despu\u00e9s impactaron en el nivel acad\u00e9mico a partir de la modificaci\u00f3n de los planes de estudio, la prohibici\u00f3n de ciertos temas y la renuncia o el despido de docentes.<\/p>\n<p>Esta recopilaci\u00f3n recoge una amplia gama de historias y experiencias que van desde personas con una intensa militancia pol\u00edtica hasta otras que por diversas razones decidieron concentrarse en sus carreras para intentar seguir con sus vidas en medio del terror. Desde personas que sufrieron la violencia y la represi\u00f3n en carne propia o de sus familiares o amigos, hasta aquellas que solo fueron testigos de alg\u00fan hecho represivo o v\u00edctimas de las peque\u00f1as violencias cotidianas a las que estaban sometidas.<\/p>\n<p>Las entrevistas que forman parte de este archivo est\u00e1n ordenadas, catalogadas y dispuestas para la consulta p\u00fablica con el fin de conservar la memoria institucional y facilitar la documentaci\u00f3n, estudio e interpretaci\u00f3n de una etapa de la historia de nuestro pa\u00eds y de nuestra Facultad desde el punto de vista de los actores involucrados.<\/p>\n<\/div>\n<h3>Equipo de producci\u00f3n<\/h3>\n<p>Producci\u00f3n general y entrevistas: Gabriel Rocca<\/p>\n<p>Fotograf\u00eda: Diana Martinez Llaser, Juan Pablo Vittori, Luiza Cavalcante<\/p>\n<p>Registro: Paula Bassi, Agustina M\u00e1rquez Merlin<\/p>\n<p>Dise\u00f1o web: Irene Fern\u00e1ndez<\/p>\n<p style=\"text-align: center;\"><a class=\"boton grande\" href=\"https:\/\/exactas.uba.ar\/web\/archivomemoriaoral\/testimonios\/\">Testimonios<\/a><\/p>\n","protected":false},"excerpt":{"rendered":"Los testimonios de las personas permiten un acercamiento a la historia desde la memoria y la experiencia de quienes han vivido momentos emblem\u00e1ticos para la vida de los pa\u00edses y pueblos. Este archivo re\u00fane y pone a disposici\u00f3n la palabra de hombres y mujeres que cursaron como alumnos y\/o trabajaron como docentes en la Facultad&#8230; <a class=\"view-article\" href=\"https:\/\/exactas.uba.ar\/web\/archivomemoriaoral\/\">LEER +<\/a>","protected":false},"author":1,"featured_media":38,"parent":0,"menu_order":0,"comment_status":"closed","ping_status":"closed","template":"","meta":{"footnotes":""},"class_list":["post-35","page","type-page","status-publish","has-post-thumbnail","hentry"],"acf":[],"_links":{"self":[{"href":"https:\/\/exactas.uba.ar\/web\/archivomemoriaoral\/wp-json\/wp\/v2\/pages\/35","targetHints":{"allow":["GET"]}}],"collection":[{"href":"https:\/\/exactas.uba.ar\/web\/archivomemoriaoral\/wp-json\/wp\/v2\/pages"}],"about":[{"href":"https:\/\/exactas.uba.ar\/web\/archivomemoriaoral\/wp-json\/wp\/v2\/types\/page"}],"author":[{"embeddable":true,"href":"https:\/\/exactas.uba.ar\/web\/archivomemoriaoral\/wp-json\/wp\/v2\/users\/1"}],"replies":[{"embeddable":true,"href":"https:\/\/exactas.uba.ar\/web\/archivomemoriaoral\/wp-json\/wp\/v2\/comments?post=35"}],"version-history":[{"count":27,"href":"https:\/\/exactas.uba.ar\/web\/archivomemoriaoral\/wp-json\/wp\/v2\/pages\/35\/revisions"}],"predecessor-version":[{"id":343,"href":"https:\/\/exactas.uba.ar\/web\/archivomemoriaoral\/wp-json\/wp\/v2\/pages\/35\/revisions\/343"}],"wp:featuredmedia":[{"embeddable":true,"href":"https:\/\/exactas.uba.ar\/web\/archivomemoriaoral\/wp-json\/wp\/v2\/media\/38"}],"wp:attachment":[{"href":"https:\/\/exactas.uba.ar\/web\/archivomemoriaoral\/wp-json\/wp\/v2\/media?parent=35"}],"curies":[{"name":"wp","href":"https:\/\/api.w.org\/{rel}","templated":true}]}}