{"id":84,"date":"2017-12-21T18:48:32","date_gmt":"2017-12-21T18:48:32","guid":{"rendered":"http:\/\/exactas.uba.ar\/vinculacion\/?page_id=84"},"modified":"2022-09-27T14:53:21","modified_gmt":"2022-09-27T14:53:21","slug":"services","status":"publish","type":"page","link":"https:\/\/exactas.uba.ar\/vinculacion\/services\/","title":{"rendered":"Facilidades"},"content":{"rendered":"<p>Exactas UBA concentra una gran variedad de equipamiento de alta complejidad, as\u00ed como tambi\u00e9n la asistencia de personal cient\u00edfico y t\u00e9cnico calificado. Utilizando el \u00ab<em>Buscador\u00bb<\/em> podr\u00e1 encontrar de manera sencilla el equipo o la facilidad deseada, as\u00ed como la ubicaci\u00f3n y sus condiciones de uso:<\/p>\n<p>Acceda al \u00ab<a href=\"https:\/\/exactas.uba.ar\/sic\/\"><em>Buscador de equipos y facilidades<\/em><\/a>\u00bb<\/p>\n<p>Con dicho equipamiento se pueden brindar servicios al sector socio productivo, proveyendo estudios y an\u00e1lisis cient\u00edfico-t\u00e9cnicos de vanguardia, as\u00ed como asesoramiento complementario. A trav\u00e9s de estas prestaciones, la Facultad no s\u00f3lo busca facilitar y optimizar su producci\u00f3n cient\u00edfica mediante la disponibilidad de estos recursos propios, sino tambi\u00e9n asistir a toda la industria de base tecnol\u00f3gica nacional y potenciar la transferencia tecnol\u00f3gica hacia la sociedad.<\/p>\n","protected":false},"excerpt":{"rendered":"Exactas UBA concentra una gran variedad de equipamiento de alta complejidad, as\u00ed como tambi\u00e9n la asistencia de personal cient\u00edfico y t\u00e9cnico calificado. Utilizando el \u00abBuscador\u00bb podr\u00e1 encontrar de manera sencilla el equipo o la facilidad deseada, as\u00ed como la ubicaci\u00f3n y sus condiciones de uso: Acceda al \u00abBuscador de equipos y facilidades\u00bb Con dicho equipamiento&#8230; <a class=\"view-article\" href=\"https:\/\/exactas.uba.ar\/vinculacion\/services\/\">LEER +<\/a>","protected":false},"author":7,"featured_media":0,"parent":0,"menu_order":30,"comment_status":"closed","ping_status":"closed","template":"","meta":{"_acf_changed":false,"footnotes":""},"class_list":["post-84","page","type-page","status-publish","hentry"],"acf":[],"_links":{"self":[{"href":"https:\/\/exactas.uba.ar\/vinculacion\/wp-json\/wp\/v2\/pages\/84","targetHints":{"allow":["GET"]}}],"collection":[{"href":"https:\/\/exactas.uba.ar\/vinculacion\/wp-json\/wp\/v2\/pages"}],"about":[{"href":"https:\/\/exactas.uba.ar\/vinculacion\/wp-json\/wp\/v2\/types\/page"}],"author":[{"embeddable":true,"href":"https:\/\/exactas.uba.ar\/vinculacion\/wp-json\/wp\/v2\/users\/7"}],"replies":[{"embeddable":true,"href":"https:\/\/exactas.uba.ar\/vinculacion\/wp-json\/wp\/v2\/comments?post=84"}],"version-history":[{"count":7,"href":"https:\/\/exactas.uba.ar\/vinculacion\/wp-json\/wp\/v2\/pages\/84\/revisions"}],"predecessor-version":[{"id":230,"href":"https:\/\/exactas.uba.ar\/vinculacion\/wp-json\/wp\/v2\/pages\/84\/revisions\/230"}],"wp:attachment":[{"href":"https:\/\/exactas.uba.ar\/vinculacion\/wp-json\/wp\/v2\/media?parent=84"}],"curies":[{"name":"wp","href":"https:\/\/api.w.org\/{rel}","templated":true}]}}