{"id":536,"date":"2023-09-18T18:22:37","date_gmt":"2023-09-18T18:22:37","guid":{"rendered":"https:\/\/exactas.uba.ar\/vinculacion\/?page_id=536"},"modified":"2023-09-25T17:17:19","modified_gmt":"2023-09-25T17:17:19","slug":"jornada-de-la-idea-a-la-innovacion","status":"publish","type":"page","link":"https:\/\/exactas.uba.ar\/vinculacion\/jornada-de-la-idea-a-la-innovacion\/","title":{"rendered":"Jornada De la IDEA a la INNOVACI\u00d3N"},"content":{"rendered":"<h5>De la IDEA a la INNOVACI\u00d3N. El rol de las instituciones, las incubadoras y las aceleradoras en el desarrollo tecnol\u00f3gico.<\/h5>\n<p>Esta Jornada tiene por finalidad discutir el rol de los diferentes actores &#8211; instituciones, incubadoras, aceleradoras, investigadores- en el fomento de<br \/>\nactividades de INNOVACI\u00d3N.<\/p>\n<p><strong>27 de septiembre de 2023 de 9 a 16hs.<\/strong><br \/>\n<strong>Pabell\u00f3n Cero + Infinito (Ciudad Universitaria).<\/strong><br \/>\n<strong>Para ponerte en contacto con nosotrxs escribinos a ovtt@de.fcen.uba.ar.<\/strong><\/p>\n<p><a class=\"boton grande\" href=\"https:\/\/docs.google.com\/forms\/d\/e\/1FAIpQLSc-HT6NPHZOHc8Msam_RMR9GlzaHam-dzSIWnTV0UOapA6kNQ\/viewform\">Inscripci\u00f3n<\/a><\/p>\n<h2>Ejes y preguntas disparadoras:<\/h2>\n<p><strong>1- Discutir roles y perfiles de los investigadores en sus tareas cotidianas.<\/strong><br \/>\n\u00bfLxs investigadorxs pueden ser emprendedorxs?<br \/>\n\u00bfQu\u00e9 recursos tienen lxs investigadorxs para innovar?<br \/>\n\u00bfC\u00f3mo repercute la innovaci\u00f3n en las tareas cotidianas?<\/p>\n<p><strong>2- Pensar caminos posibles para innovar. Financiamiento del Estado, Incubadoras y Aceleradoras.<\/strong><br \/>\n\u00bfCu\u00e1l es el rol de las instituciones en el fomento de la innovaci\u00f3n?<br \/>\n\u00bfQu\u00e9 opciones de financiamiento existen a nivel estatal?<br \/>\n\u00bfCu\u00e1les son las propuestas de valor de las incubadoras y las aceleradoras?<br \/>\n\u00bfCu\u00e1ndo recurro a una incubadora y cu\u00e1ndo a una aceleradora?<\/p>\n<p><strong>3- Discutir la mirada productiva de la innovaci\u00f3n y su aporte en el desarrollo tecnol\u00f3gico del pa\u00eds.<\/strong><br \/>\n\u00bfCu\u00e1l es el impacto de la innovaci\u00f3n en el desarrollo tecnol\u00f3gico del pa\u00eds?<br \/>\n\u00bfCu\u00e1l es el aporte de las empresas de base cient\u00edfica al desarrollo de sectores estrat\u00e9gicos?<\/p>\n<p>De la IDEA a la INNOVACI\u00d3N. El rol de las instituciones, las incubadoras y las aceleradoras en el desarrollo tecnol\u00f3gico.<\/p>\n<h2>AGENDA<\/h2>\n<p><strong>BLOQUE 1: Bienvenida institucional.<\/strong><br \/>\n9:00 Recepci\u00f3n, acreditaci\u00f3n y caf\u00e9<br \/>\n9:30 Bienvenida de autoridades FCEyN<\/p>\n<p><strong>BLOQUE 2: Gesti\u00f3n estrat\u00e9gica de la innovaci\u00f3n en las Instituciones p\u00fablicas.<\/strong><br \/>\n10:00 UBA &#8211; Franco Di Mauro<br \/>\n10:20 CONICET &#8211; Sergio Romano<br \/>\n10:40 MINCyT &#8211; Elisa Herrera<br \/>\n11:00 AGENCIA I+D+i \u2013 Adri\u00e1n Nir\u00f3n<\/p>\n<p><strong>11:30<\/strong><strong> Break \u2013 Caf\u00e9<\/strong><\/p>\n<p><strong>BLOQUE 3: Visi\u00f3n productiva de la innovaci\u00f3n y su aporte al desarrollo tecnol\u00f3gico del pa\u00eds.<\/strong><br \/>\n12:00 FUNDAR: Juan O\u2019Farrell<br \/>\n12:30 YTEC: Mar\u00eda Fernanda Salgado<\/p>\n<p><strong>13:00<\/strong><strong> BRUNCH y NETWORKING<\/strong><\/p>\n<p><strong>14:00 BLOQUE 4: Mesa de di\u00e1logo: Incubadoras en el ecosistema emprendedor.<\/strong><br \/>\nIncubAgro \u2013 M\u00f3nica Franc\u00e9s<br \/>\nSancor Seguros Impulsa \u2013 Julio Casco<br \/>\nBioloop-UNSAM \u2013 Liliana Haim<br \/>\nInis Biotech &#8211; Instituto Leloir \u2013 Ignacio Sartori<\/p>\n<p><strong>14:40 BLOQUE 5: Mesa de di\u00e1logo: Aceleradoras en acci\u00f3n.<\/strong><br \/>\nSF500 \u2013 Juan Soria<br \/>\nGRIDX \u2013 Federico Marque<br \/>\nCITES \u2013 Juan Mar\u00eda Massot<br \/>\nACELERADORA LITORAL &#8211;\u00a0Daniel Scacchi<\/p>\n<p><strong>15:30 Presentaci\u00f3n Taller EMPRETEC<\/strong> \u2013 Fundaci\u00f3n Empretec Argentina<\/p>\n<p><strong>15:50 CIERRE<\/strong><\/p>\n","protected":false},"excerpt":{"rendered":"De la IDEA a la INNOVACI\u00d3N. El rol de las instituciones, las incubadoras y las aceleradoras en el desarrollo tecnol\u00f3gico. Esta Jornada tiene por finalidad discutir el rol de los diferentes actores &#8211; instituciones, incubadoras, aceleradoras, investigadores- en el fomento de actividades de INNOVACI\u00d3N. 27 de septiembre de 2023 de 9 a 16hs. Pabell\u00f3n Cero&#8230; <a class=\"view-article\" href=\"https:\/\/exactas.uba.ar\/vinculacion\/jornada-de-la-idea-a-la-innovacion\/\">LEER +<\/a>","protected":false},"author":7,"featured_media":0,"parent":0,"menu_order":0,"comment_status":"closed","ping_status":"closed","template":"","meta":{"_acf_changed":false,"footnotes":""},"class_list":["post-536","page","type-page","status-publish","hentry"],"acf":[],"_links":{"self":[{"href":"https:\/\/exactas.uba.ar\/vinculacion\/wp-json\/wp\/v2\/pages\/536","targetHints":{"allow":["GET"]}}],"collection":[{"href":"https:\/\/exactas.uba.ar\/vinculacion\/wp-json\/wp\/v2\/pages"}],"about":[{"href":"https:\/\/exactas.uba.ar\/vinculacion\/wp-json\/wp\/v2\/types\/page"}],"author":[{"embeddable":true,"href":"https:\/\/exactas.uba.ar\/vinculacion\/wp-json\/wp\/v2\/users\/7"}],"replies":[{"embeddable":true,"href":"https:\/\/exactas.uba.ar\/vinculacion\/wp-json\/wp\/v2\/comments?post=536"}],"version-history":[{"count":18,"href":"https:\/\/exactas.uba.ar\/vinculacion\/wp-json\/wp\/v2\/pages\/536\/revisions"}],"predecessor-version":[{"id":569,"href":"https:\/\/exactas.uba.ar\/vinculacion\/wp-json\/wp\/v2\/pages\/536\/revisions\/569"}],"wp:attachment":[{"href":"https:\/\/exactas.uba.ar\/vinculacion\/wp-json\/wp\/v2\/media?parent=536"}],"curies":[{"name":"wp","href":"https:\/\/api.w.org\/{rel}","templated":true}]}}

Jornada De la IDEA a la INNOVACIÓN

<h5>De la IDEA a la INNOVACIÓN. El rol de las instituciones, las incubadoras y las aceleradoras en el desarrollo tecnológico.</h5>
<p>Esta Jornada tiene por finalidad discutir el rol de los diferentes actores &#8211; instituciones, incubadoras, aceleradoras, investigadores- en el fomento de<br />
actividades de INNOVACIÓN.</p>
<p><strong>27 de septiembre de 2023 de 9 a 16hs.</strong><br />
<strong>Pabellón Cero + Infinito (Ciudad Universitaria).</strong><br />
<strong>Para ponerte en contacto con nosotrxs escribinos a ovtt@de.fcen.uba.ar.</strong></p>
<p><a class="boton grande" href="https://docs.google.com/forms/d/e/1FAIpQLSc-HT6NPHZOHc8Msam_RMR9GlzaHam-dzSIWnTV0UOapA6kNQ/viewform">Inscripción</a></p>
<h2>Ejes y preguntas disparadoras:</h2>
<p><strong>1- Discutir roles y perfiles de los investigadores en sus tareas cotidianas.</strong><br />
¿Lxs investigadorxs pueden ser emprendedorxs?<br />
¿Qué recursos tienen lxs investigadorxs para innovar?<br />
¿Cómo repercute la innovación en las tareas cotidianas?</p>
<p><strong>2- Pensar caminos posibles para innovar. Financiamiento del Estado, Incubadoras y Aceleradoras.</strong><br />
¿Cuál es el rol de las instituciones en el fomento de la innovación?<br />
¿Qué opciones de financiamiento existen a nivel estatal?<br />
¿Cuáles son las propuestas de valor de las incubadoras y las aceleradoras?<br />
¿Cuándo recurro a una incubadora y cuándo a una aceleradora?</p>
<p><strong>3- Discutir la mirada productiva de la innovación y su aporte en el desarrollo tecnológico del país.</strong><br />
¿Cuál es el impacto de la innovación en el desarrollo tecnológico del país?<br />
¿Cuál es el aporte de las empresas de base científica al desarrollo de sectores estratégicos?</p>
<p>De la IDEA a la INNOVACIÓN. El rol de las instituciones, las incubadoras y las aceleradoras en el desarrollo tecnológico.</p>
<h2>AGENDA</h2>
<p><strong>BLOQUE 1: Bienvenida institucional.</strong><br />
9:00 Recepción, acreditación y café<br />
9:30 Bienvenida de autoridades FCEyN</p>
<p><strong>BLOQUE 2: Gestión estratégica de la innovación en las Instituciones públicas.</strong><br />
10:00 UBA &#8211; Franco Di Mauro<br />
10:20 CONICET &#8211; Sergio Romano<br />
10:40 MINCyT &#8211; Elisa Herrera<br />
11:00 AGENCIA I+D+i – Adrián Nirón</p>
<p><strong>11:30</strong><strong> Break – Café</strong></p>
<p><strong>BLOQUE 3: Visión productiva de la innovación y su aporte al desarrollo tecnológico del país.</strong><br />
12:00 FUNDAR: Juan O’Farrell<br />
12:30 YTEC: María Fernanda Salgado</p>
<p><strong>13:00</strong><strong> BRUNCH y NETWORKING</strong></p>
<p><strong>14:00 BLOQUE 4: Mesa de diálogo: Incubadoras en el ecosistema emprendedor.</strong><br />
IncubAgro – Mónica Francés<br />
Sancor Seguros Impulsa – Julio Casco<br />
Bioloop-UNSAM – Liliana Haim<br />
Inis Biotech &#8211; Instituto Leloir – Ignacio Sartori</p>
<p><strong>14:40 BLOQUE 5: Mesa de diálogo: Aceleradoras en acción.</strong><br />
SF500 – Juan Soria<br />
GRIDX – Federico Marque<br />
CITES – Juan María Massot<br />
ACELERADORA LITORAL &#8211; Daniel Scacchi</p>
<p><strong>15:30 Presentación Taller EMPRETEC</strong> – Fundación Empretec Argentina</p>
<p><strong>15:50 CIERRE</strong></p>

De la IDEA a la INNOVACIÓN. El rol de las instituciones, las incubadoras y las aceleradoras en el desarrollo tecnológico. Esta Jornada tiene por finalidad discutir el rol de los diferentes actores &#8211; instituciones, incubadoras, aceleradoras, investigadores- en el fomento de actividades de INNOVACIÓN. 27 de septiembre de 2023 de 9 a 16hs. Pabellón Cero&#8230; <a class="view-article" href="https://exactas.uba.ar/vinculacion/jornada-de-la-idea-a-la-innovacion/">LEER +</a>
