{"id":346,"date":"2022-09-15T17:49:03","date_gmt":"2022-09-15T17:49:03","guid":{"rendered":"https:\/\/exactas.uba.ar\/vinculacion\/?page_id=346"},"modified":"2022-09-15T17:49:03","modified_gmt":"2022-09-15T17:49:03","slug":"propiedad-intelectual","status":"publish","type":"page","link":"https:\/\/exactas.uba.ar\/vinculacion\/propiedad-intelectual\/","title":{"rendered":"Propiedad Intelectual"},"content":{"rendered":"<p>Las actividades de investigaci\u00f3n que se realizan en la FCEN-UBA, a menudo generan <strong>resultados novedosos<\/strong> con un horizonte de aplicabilidad y posibilidades de integrarse a procesos productivos, adquiriendo as\u00ed relevancia econ\u00f3mica.<\/p>\n<p>Dependiendo del tipo de resultado, su grado de madurez, grado de novedad y contexto industrial, a veces es conveniente proteger estos resultados mediante <strong>registros de propiedad intelectual: patentes, modelos, derechos de obtentor, etc.<\/strong><\/p>\n<p><strong>Cuando un investigador de la FCEN-UBA identifica un resultado potencialmente registrable, debe acercarse a la OVTT-FCEN para asesorarse sobre posibles estrategias de protecci\u00f3n.<\/strong><\/p>\n<p>Es importante tener en cuenta que:<\/p>\n<ul>\n<li>Los registros de invenciones generadas en el \u00e1mbito de la UBA son llevados adelante por la Secretar\u00eda de Ciencia y T\u00e9cnica de Rectorado (SECYT-Rectorado).<\/li>\n<li>En el caso de investigadores de doble dependencia UBA-CONICET, CONICET tambi\u00e9n es co-titular<\/li>\n<\/ul>\n<p>\u00bfC\u00f3mo solicitar la presentaci\u00f3n de una solicitud de patente a la UBA?<\/p>\n<ul>\n<li>El investigador o investigadora deber\u00e1 completar el formulario \u201c<a href=\"https:\/\/cyt.rec.uba.ar\/vinculacion-transferencia\/propiedad-intelectual\/\">Declaraci\u00f3n De Invenci\u00f3n<\/a>\u201d.<\/li>\n<li>Dicho formulario debe ser avalado por la OVTT-FCEN, y luego enviado a SECYT-Rectorado para su evaluaci\u00f3n.<\/li>\n<li>El personal de CONICET puede, alternativamente, iniciar la solicitud ante la GVT-CONICET, completando el formulario FDI (\u201cFormulario De Invenci\u00f3n\u201d), al cual se accede desde la Intranet de CONICET. M\u00e1s detalles, <a href=\"https:\/\/vinculacion.conicet.gov.ar\/proteja-su-invencion\/\">aqu\u00ed<\/a>.<\/li>\n<\/ul>\n<p><em>DDI y FDI son similares en objeto y esp\u00edritu, pero cada uno contiene secciones diferentes y distintos niveles de informaci\u00f3n, por lo que para iniciar o avanzar un tr\u00e1mite de patente, cada instituci\u00f3n exige usar el que le corresponde (sin excepci\u00f3n). Si se inicia el tr\u00e1mite por una instituci\u00f3n, y la otra es co-titular, la oficina que inicia la gesti\u00f3n (SECYT-Rectorado o GVT-<\/em><br \/>\n<em>CONICET) queda a cargo de la misma, y se comunica con la otra para completar los tr\u00e1mites que sean necesarios.<\/em><\/p>\n<p>Para que algo pueda ser patentable, debe cumplir los requisitos de patentabilidad que marca la ley:<\/p>\n<ul>\n<li>ser novedoso (no debe estar publicado ni existir nada similar en el dominio p\u00fablico)<\/li>\n<li>tener altura inventiva \/ no ser obvio para alguien experto en la materia<\/li>\n<li>tener aplicaci\u00f3n industrial<\/li>\n<\/ul>\n<p><em>NOTA: que algo sea patentable de acuerdo a esta definici\u00f3n, no es suficiente para avanzar con el armado y presentaci\u00f3n de la solicitud de patente. La decisi\u00f3n de avanzar depende de otros factores como especificaciones t\u00e9cnicas del INPI, fondos disponibles de cada instituci\u00f3n, potencialidad de licenciamiento, utilidad de la protecci\u00f3n en la estrategia de negocio, solidez de la informaci\u00f3n que brinde el investigador o investigadora, etc.<\/em><\/p>\n<p>Llegado el momento, ya sea SECYT-Rectorado o GVT-CONICET, le comunicar\u00e1n el resultado de la evaluaci\u00f3n del DDI\/FDI presentado.<\/p>\n","protected":false},"excerpt":{"rendered":"Las actividades de investigaci\u00f3n que se realizan en la FCEN-UBA, a menudo generan resultados novedosos con un horizonte de aplicabilidad y posibilidades de integrarse a procesos productivos, adquiriendo as\u00ed relevancia econ\u00f3mica. Dependiendo del tipo de resultado, su grado de madurez, grado de novedad y contexto industrial, a veces es conveniente proteger estos resultados mediante registros&#8230; <a class=\"view-article\" href=\"https:\/\/exactas.uba.ar\/vinculacion\/propiedad-intelectual\/\">LEER +<\/a>","protected":false},"author":4,"featured_media":0,"parent":0,"menu_order":0,"comment_status":"closed","ping_status":"closed","template":"","meta":{"_acf_changed":false,"footnotes":""},"class_list":["post-346","page","type-page","status-publish","hentry"],"acf":[],"_links":{"self":[{"href":"https:\/\/exactas.uba.ar\/vinculacion\/wp-json\/wp\/v2\/pages\/346","targetHints":{"allow":["GET"]}}],"collection":[{"href":"https:\/\/exactas.uba.ar\/vinculacion\/wp-json\/wp\/v2\/pages"}],"about":[{"href":"https:\/\/exactas.uba.ar\/vinculacion\/wp-json\/wp\/v2\/types\/page"}],"author":[{"embeddable":true,"href":"https:\/\/exactas.uba.ar\/vinculacion\/wp-json\/wp\/v2\/users\/4"}],"replies":[{"embeddable":true,"href":"https:\/\/exactas.uba.ar\/vinculacion\/wp-json\/wp\/v2\/comments?post=346"}],"version-history":[{"count":3,"href":"https:\/\/exactas.uba.ar\/vinculacion\/wp-json\/wp\/v2\/pages\/346\/revisions"}],"predecessor-version":[{"id":349,"href":"https:\/\/exactas.uba.ar\/vinculacion\/wp-json\/wp\/v2\/pages\/346\/revisions\/349"}],"wp:attachment":[{"href":"https:\/\/exactas.uba.ar\/vinculacion\/wp-json\/wp\/v2\/media?parent=346"}],"curies":[{"name":"wp","href":"https:\/\/api.w.org\/{rel}","templated":true}]}}