{"id":34,"date":"2013-10-25T00:37:01","date_gmt":"2013-10-25T00:37:01","guid":{"rendered":"http:\/\/wp_uti.fcen.uba.ar\/?page_id=34"},"modified":"2025-09-15T11:47:15","modified_gmt":"2025-09-15T14:47:15","slug":"uti-sis","status":"publish","type":"page","link":"https:\/\/exactas.uba.ar\/uti\/institucional\/uti-sis\/","title":{"rendered":"UTI-SIS"},"content":{"rendered":"<h3>\u00c1rea de Desarrollo de Sistemas (UTi\u00ad-SIS)<\/h3>\n<h4>Personal<\/h4>\n<ul>\n<li>Agustina<\/li>\n<li>Felipe<\/li>\n<li>Matias F<\/li>\n<li>Gonzalo<\/li>\n<li>Melisa<\/li>\n<li>Pablo<\/li>\n<\/ul>\n<h4>Contacto<\/h4>\n<ul>\n<li>Tel\u00e9fono: 528-57494<\/li>\n<li>Mail: <a href=\"mailto:uti_sis@fcen.uba.ar\">uti_sis@fcen.uba.ar<\/a><\/li>\n<\/ul>\n<h4>Competencias:<\/h4>\n<ol>\n<li>Desarrollar, mantener y actualizar sistemas de informaci\u00f3n para la FCEyN y su correspondiente documentaci\u00f3n tanto interna como para usuarios.<\/li>\n<li>Relevar procesos, analizar, optimizar y documentar procedimientos administrativos y de gesti\u00f3n.<\/li>\n<li>Contribuir a la formaci\u00f3n de recursos humanos en temas de desarrollo de sistemas y gesti\u00f3n de proyectos de sistemas.<\/li>\n<\/ol>\n","protected":false},"excerpt":{"rendered":"<p>\u00c1rea de Desarrollo de Sistemas (UTi\u00ad-SIS) Personal Agustina Felipe Matias F Gonzalo Melisa Pablo Contacto Tel\u00e9fono: 528-57494 Mail: uti_sis@fcen.uba.ar Competencias: Desarrollar, mantener y actualizar sistemas de informaci\u00f3n para la FCEyN y su correspondiente documentaci\u00f3n tanto interna como para usuarios. Relevar <a href=\"https:\/\/exactas.uba.ar\/uti\/institucional\/uti-sis\/\" rel=\"nofollow\"><span class=\"sr-only\">Leer m\u00e1sUTI-SIS<\/span>[&hellip;]<\/a><\/p>\n","protected":false},"author":1,"featured_media":0,"parent":24,"menu_order":0,"comment_status":"closed","ping_status":"open","template":"","meta":{"_monsterinsights_skip_tracking":false,"_monsterinsights_sitenote_active":false,"_monsterinsights_sitenote_note":"","_monsterinsights_sitenote_category":0,"_mc_calendar":[],"footnotes":""},"class_list":["post-34","page","type-page","status-publish","hentry"],"_links":{"self":[{"href":"https:\/\/exactas.uba.ar\/uti\/wp-json\/wp\/v2\/pages\/34","targetHints":{"allow":["GET"]}}],"collection":[{"href":"https:\/\/exactas.uba.ar\/uti\/wp-json\/wp\/v2\/pages"}],"about":[{"href":"https:\/\/exactas.uba.ar\/uti\/wp-json\/wp\/v2\/types\/page"}],"author":[{"embeddable":true,"href":"https:\/\/exactas.uba.ar\/uti\/wp-json\/wp\/v2\/users\/1"}],"replies":[{"embeddable":true,"href":"https:\/\/exactas.uba.ar\/uti\/wp-json\/wp\/v2\/comments?post=34"}],"version-history":[{"count":15,"href":"https:\/\/exactas.uba.ar\/uti\/wp-json\/wp\/v2\/pages\/34\/revisions"}],"predecessor-version":[{"id":3814,"href":"https:\/\/exactas.uba.ar\/uti\/wp-json\/wp\/v2\/pages\/34\/revisions\/3814"}],"up":[{"embeddable":true,"href":"https:\/\/exactas.uba.ar\/uti\/wp-json\/wp\/v2\/pages\/24"}],"wp:attachment":[{"href":"https:\/\/exactas.uba.ar\/uti\/wp-json\/wp\/v2\/media?parent=34"}],"curies":[{"name":"wp","href":"https:\/\/api.w.org\/{rel}","templated":true}]}}