{"id":24,"date":"2013-10-25T00:34:50","date_gmt":"2013-10-25T03:34:50","guid":{"rendered":"http:\/\/wp_uti.fcen.uba.ar\/?page_id=24"},"modified":"2026-02-25T08:45:09","modified_gmt":"2026-02-25T11:45:09","slug":"institucional","status":"publish","type":"page","link":"https:\/\/exactas.uba.ar\/uti\/institucional\/","title":{"rendered":"Institucional"},"content":{"rendered":"<h3>Unidad de tecnolog\u00edas de la informaci\u00f3n (Exactas UBA)<\/h3>\n<h4>Responsable:<\/h4>\n<ul>\n<li><em>Juli\u00e1n Dunayevich<\/em><\/li>\n<\/ul>\n<p><strong>mail:<\/strong>\u00a0<a href=\"mailto:uti@fcen.uba.ar\">uti@fcen.uba.ar<\/a><\/p>\n<h4>Competencias<\/h4>\n<ol>\n<li>Aprobar la descripci\u00f3n de los puestos de trabajo del \u00e1rea, la cual contemplar\u00e1 tanto autoridad como responsabilidad.<\/li>\n<li>Asignar responsabilidades del personal garantizando una adecuada separaci\u00f3n de funciones, que fomente el control por oposici\u00f3n de intereses.<\/li>\n<li>Notificar al personal de sus deberes y responsabilidades.<\/li>\n<li>Elaborar \u00a0y mantener actualizado el \u00a0plan estrat\u00e9gico \u00a0de tecnolog\u00edas \u00a0de la informaci\u00f3n \u00a0de la FCEyN.<\/li>\n<li>Elaborar el presupuesto asociado a la ejecuci\u00f3n del plan estrat\u00e9gico y proponer la compra del equipamiento necesario.<\/li>\n<li>Monitorear el grado de avance del plan, procurando el cumplimiento de las metas.<\/li>\n<li>Definir el modelo de arquitectura de la informaci\u00f3n de la FCEyN.<\/li>\n<li>Desarrollar, \u00a0 documentar, \u00a0 mantener \u00a0 actualizadas \u00a0 y \u00a0 comunicar \u00a0 pol\u00edticas \u00a0 y \u00a0 procedimientos respecto del uso de las tecnolog\u00edas de la informaci\u00f3n y las comunicaciones.<\/li>\n<li>Realizar y mantener actualizado un digesto de la normativa relacionada con las TIC&#8217;s, cumplirla y hacerla cumplir.<\/li>\n<li>Establecer una metodolog\u00eda para la administraci\u00f3n de proyectos inform\u00e1ticos.<\/li>\n<li>Documentar y aprobar un procedimiento para el desarrollo, mantenimiento y adquisici\u00f3n de sistemas complementario a la administraci\u00f3n de proyectos.<\/li>\n<li>Planificar las necesidades del \u00e1rea en t\u00e9rminos de personal, infraestructura, equipamiento e insumos, considerando los est\u00e1ndares vigentes para la administraci\u00f3n p\u00fablica.<\/li>\n<li>Establecer una pol\u00edtica de seguridad de la informaci\u00f3n.<\/li>\n<li>Tomar las previsiones de rigor en la contrataci\u00f3n de servicios de procesamiento y\/o soporte prestados por terceros.<\/li>\n<li>Documentar y hacer aprobar procedimientos relacionados con el contenido, estructura y funcionamiento del sitio web de la FCEyN.<\/li>\n<li>Definir indicadores de desempe\u00f1o y presentar informes peri\u00f3dicos al Sr. Decano.<\/li>\n<li>Implementar capacitaciones tanto para el personal del \u00e1rea como para usuarios en general.<\/li>\n<li>Velar por el correcto funcionamiento de los servicios.<\/li>\n<li>Impulsar el uso del software libre en el \u00e1rea y en la comunidad en general.<\/li>\n<li>Desarrollar un plan de contingencias y continuidad de operaciones<\/li>\n<\/ol>\n<h4>Unidades dependientes:<\/h4>\n<p>Resoluci\u00f3n de <a href=\"http:\/\/exactas.uba.ar\/uti\/wp-content\/uploads\/2013\/10\/formalizacion-UTI-v2.5.pdf\">formalizacion UTI v2.5<\/a><\/p>\n<ul>\n<li><a title=\"UTI-CCC\" href=\"\/uti\/institucional\/uti-ccc\/\">Centro de Comunicaciones Cient\u00edficas (UTI-\u00adCCC)<\/a><\/li>\n<li><a title=\"UTI-INF\" href=\"\/uti\/institucional\/uti-inf\/\">Direcci\u00f3n de Inform\u00e1tica (UTI-INF)<\/a><\/li>\n<li>\u00c1rea de Seguridad de la Informaci\u00f3n (UTI-SEG)<\/li>\n<li><a title=\"UTI-SIS\" href=\"\/uti\/institucional\/uti-sis\/\">\u00c1rea de Desarrollo de Sistemas (UTI-SIS)<\/a><\/li>\n<\/ul>\n","protected":false},"excerpt":{"rendered":"<p>Unidad de tecnolog\u00edas de la informaci\u00f3n (Exactas UBA) Responsable: Juli\u00e1n Dunayevich mail:\u00a0uti@fcen.uba.ar Competencias Aprobar la descripci\u00f3n de los puestos de trabajo del \u00e1rea, la cual contemplar\u00e1 tanto autoridad como responsabilidad. Asignar responsabilidades del personal garantizando una adecuada separaci\u00f3n de funciones, <a href=\"https:\/\/exactas.uba.ar\/uti\/institucional\/\" rel=\"nofollow\"><span class=\"sr-only\">Leer m\u00e1sInstitucional<\/span>[&hellip;]<\/a><\/p>\n","protected":false},"author":1,"featured_media":0,"parent":0,"menu_order":0,"comment_status":"closed","ping_status":"closed","template":"","meta":{"_monsterinsights_skip_tracking":false,"_monsterinsights_sitenote_active":false,"_monsterinsights_sitenote_note":"","_monsterinsights_sitenote_category":0,"_mc_calendar":[],"footnotes":""},"class_list":["post-24","page","type-page","status-publish","hentry"],"_links":{"self":[{"href":"https:\/\/exactas.uba.ar\/uti\/wp-json\/wp\/v2\/pages\/24","targetHints":{"allow":["GET"]}}],"collection":[{"href":"https:\/\/exactas.uba.ar\/uti\/wp-json\/wp\/v2\/pages"}],"about":[{"href":"https:\/\/exactas.uba.ar\/uti\/wp-json\/wp\/v2\/types\/page"}],"author":[{"embeddable":true,"href":"https:\/\/exactas.uba.ar\/uti\/wp-json\/wp\/v2\/users\/1"}],"replies":[{"embeddable":true,"href":"https:\/\/exactas.uba.ar\/uti\/wp-json\/wp\/v2\/comments?post=24"}],"version-history":[{"count":24,"href":"https:\/\/exactas.uba.ar\/uti\/wp-json\/wp\/v2\/pages\/24\/revisions"}],"predecessor-version":[{"id":3842,"href":"https:\/\/exactas.uba.ar\/uti\/wp-json\/wp\/v2\/pages\/24\/revisions\/3842"}],"wp:attachment":[{"href":"https:\/\/exactas.uba.ar\/uti\/wp-json\/wp\/v2\/media?parent=24"}],"curies":[{"name":"wp","href":"https:\/\/api.w.org\/{rel}","templated":true}]}}