{"id":1797,"date":"2018-07-02T15:43:08","date_gmt":"2018-07-02T18:43:08","guid":{"rendered":"https:\/\/exactas.uba.ar\/uti\/?page_id=1797"},"modified":"2024-11-20T10:01:37","modified_gmt":"2024-11-20T13:01:37","slug":"webmails-exactas-uba","status":"publish","type":"page","link":"https:\/\/exactas.uba.ar\/uti\/servicios\/mail-exactas\/webmails-exactas-uba\/","title":{"rendered":"Webmails Exactas UBA"},"content":{"rendered":"<p>Para acceder por webmail a las cuentas de correo de cada dependencia se debe ingresar a los siguientes enlaces. La mayor\u00eda usa la interfaz Roundcube, cuyo manual de uso se puede consultar <a href=\"https:\/\/webidentidad.usal.es\/ManualRC\">aqu\u00ed<\/a>.<\/p>\n<table>\n<tbody>\n<tr>\n<td>Decanato y Secretar\u00edas<\/td>\n<td>@de.fcen.uba.ar<\/td>\n<td><a href=\"https:\/\/webmail.exactas.uba.ar\/\">https:\/\/webmail.exactas.uba.ar\/<\/a><\/td>\n<\/tr>\n<tr>\n<td>Cuentas Generales @fcen.uba.ar<\/td>\n<td>@fcen.uba.ar<\/td>\n<td><a href=\"https:\/\/webmail.fcen.uba.ar\/\">https:\/\/webmail.fcen.uba.ar\/<\/a><\/td>\n<\/tr>\n<tr>\n<td>Departamento de Biodiversidad y Biolog\u00eda Experimental<\/td>\n<td>@bg.fcen.uba.ar<\/td>\n<td><a href=\"https:\/\/webmail2.bg.fcen.uba.ar\/\">https:\/\/webmail2.bg.fcen.uba.ar\/<\/a><\/td>\n<\/tr>\n<tr>\n<td>Departamento de Ciencias de la Atm\u00f3sfera y los Oc\u00e9anos<\/td>\n<td>@at.fcen.uba.ar<\/td>\n<td><a href=\"http:\/\/mail.at.fcen.uba.ar\/\">http:\/\/mail.at.fcen.uba.ar\/<\/a><\/td>\n<\/tr>\n<tr>\n<td>Departamento de Computaci\u00f3n<\/td>\n<td>@dc.uba.ar<\/td>\n<td><a href=\"https:\/\/mail.google.com\/\">https:\/\/mail.google.com\/<\/a><\/td>\n<\/tr>\n<tr>\n<td>Departamento de Ecolog\u00eda, Gen\u00e9tica y Evoluci\u00f3n<\/td>\n<td>@ege.fcen.uba.ar<\/td>\n<td><a href=\"https:\/\/webmail.ege.fcen.uba.ar\/\">https:\/\/webmail.ege.fcen.uba.ar\/<\/a><\/td>\n<\/tr>\n<tr>\n<td>Departamento de F\u00edsica<\/td>\n<td>@df.uba.ar<\/td>\n<td><a href=\"https:\/\/mail.df.uba.ar\/\">https:\/\/mail.df.uba.ar\/<\/a><\/td>\n<\/tr>\n<tr>\n<td>Departamento de Fisiolog\u00eda, Biolog\u00eda Molecular y Celular<\/td>\n<td>@fbmc.fcen.uba.ar<\/td>\n<td><a href=\"https:\/\/webmail.fbmc.fcen.uba.ar\/\">https:\/\/webmail.fbmc.fcen.uba.ar\/<\/a><\/td>\n<\/tr>\n<tr>\n<td>Departamento de Geolog\u00eda<\/td>\n<td>@gl.fcen.uba.ar<\/td>\n<td><a href=\"https:\/\/webmail.gl.fcen.uba.ar\/\">https:\/\/webmail.gl.fcen.uba.ar\/<\/a><\/td>\n<\/tr>\n<tr>\n<td>Departamento de Industrias<\/td>\n<td>@di.fcen.uba.ar<\/td>\n<td><a href=\"https:\/\/di.webmail.exactas.uba.ar\/\">https:\/\/di.webmail.exactas.uba.ar\/<\/a><\/td>\n<\/tr>\n<tr>\n<td>Departamento de Matem\u00e1tica<\/td>\n<td>@dm.uba.ar<\/td>\n<td><a href=\"https:\/\/www.dm.uba.ar\/sqmail\/\">https:\/\/www.dm.uba.ar\/sqmail\/<\/a><\/td>\n<\/tr>\n<tr>\n<td>Departamento de Qu\u00edmica Inorg\u00e1nica<\/td>\n<td>@qi.fcen.uba.ar<\/td>\n<td><a href=\"https:\/\/roundcube.qi.fcen.uba.ar\/\">https:\/\/roundcube.qi.fcen.uba.ar\/<\/a><\/td>\n<\/tr>\n<tr>\n<td>Departamento de Qu\u00edmica Org\u00e1nica<\/td>\n<td>@qo.fcen.uba.ar<\/td>\n<td><a href=\"https:\/\/webmail.qo.fcen.uba.ar\/\">https:\/\/webmail.qo.fcen.uba.ar\/<\/a><\/td>\n<\/tr>\n<tr>\n<td>CEFIEC<\/td>\n<td>@cefiec.fcen.uba.ar<\/td>\n<td><a href=\"https:\/\/cefiec.webmail.exactas.uba.ar\/\">https:\/\/cefiec.webmail.exactas.uba.ar\/<\/a><\/td>\n<\/tr>\n<tr>\n<td>Instituto del C\u00e1lculo<\/td>\n<td>@ic.fcen.uba.ar<\/td>\n<td><a href=\"https:\/\/ic.webmail.exactas.uba.ar\/\">https:\/\/ic.webmail.exactas.uba.ar\/<\/a><\/td>\n<\/tr>\n<tr>\n<td>Instituto de Ciencias de la Computaci\u00f3n<\/td>\n<td>@icc.fcen.uba.ar<\/td>\n<td><a href=\"https:\/\/webmail.icc.fcen.uba.ar\/\">https:\/\/webmail.icc.fcen.uba.ar\/<\/a><\/td>\n<\/tr>\n<tr>\n<td>Instituto de Geocronolog\u00eda y Geolog\u00eda Isot\u00f3pica<\/td>\n<td>@ingeis.uba.ar<\/td>\n<td><a href=\"http:\/\/www.ingeis.uba.ar\/webmail\/src\/login.php\">http:\/\/www.ingeis.uba.ar\/webmail\/src\/login.php<\/a><\/td>\n<\/tr>\n<tr>\n<td>Centro de Investigaciones del Mar y la Atm\u00f3sfera<\/td>\n<td>@cima.fcen.uba.ar<\/td>\n<td><a href=\"http:\/\/webmail2.cima.fcen.uba.ar\/\">http:\/\/webmail2.cima.fcen.uba.ar\/<\/a><\/td>\n<\/tr>\n<tr>\n<td>Comisi\u00f3n de Carreras de Profesorado de Ense\u00f1anza Media y Superior<\/td>\n<td>@ccpems.exactas.uba.ar<\/td>\n<td><a href=\"https:\/\/mail.google.com\/\">https:\/\/mail.google.com\/<\/a><\/td>\n<\/tr>\n<tr>\n<td>Agrupaciones Exactas<\/td>\n<td>@agrupaciones.fcen.uba.ar<\/td>\n<td><a href=\"https:\/\/agrupaciones.webmail.exactas.uba.ar\/\">https:\/\/agrupaciones.webmail.exactas.uba.ar\/<\/a><\/td>\n<\/tr>\n<\/tbody>\n<\/table>\n","protected":false},"excerpt":{"rendered":"<p>Para acceder por webmail a las cuentas de correo de cada dependencia se debe ingresar a los siguientes enlaces. La mayor\u00eda usa la interfaz Roundcube, cuyo manual de uso se puede consultar aqu\u00ed. Decanato y Secretar\u00edas @de.fcen.uba.ar https:\/\/webmail.exactas.uba.ar\/ Cuentas Generales <a href=\"https:\/\/exactas.uba.ar\/uti\/servicios\/mail-exactas\/webmails-exactas-uba\/\" rel=\"nofollow\"><span class=\"sr-only\">Leer m\u00e1sWebmails Exactas UBA<\/span>[&hellip;]<\/a><\/p>\n","protected":false},"author":10,"featured_media":0,"parent":1654,"menu_order":0,"comment_status":"closed","ping_status":"closed","template":"","meta":{"_monsterinsights_skip_tracking":false,"_monsterinsights_sitenote_active":false,"_monsterinsights_sitenote_note":"","_monsterinsights_sitenote_category":0,"_mc_calendar":[],"footnotes":""},"class_list":["post-1797","page","type-page","status-publish","hentry"],"_links":{"self":[{"href":"https:\/\/exactas.uba.ar\/uti\/wp-json\/wp\/v2\/pages\/1797","targetHints":{"allow":["GET"]}}],"collection":[{"href":"https:\/\/exactas.uba.ar\/uti\/wp-json\/wp\/v2\/pages"}],"about":[{"href":"https:\/\/exactas.uba.ar\/uti\/wp-json\/wp\/v2\/types\/page"}],"author":[{"embeddable":true,"href":"https:\/\/exactas.uba.ar\/uti\/wp-json\/wp\/v2\/users\/10"}],"replies":[{"embeddable":true,"href":"https:\/\/exactas.uba.ar\/uti\/wp-json\/wp\/v2\/comments?post=1797"}],"version-history":[{"count":10,"href":"https:\/\/exactas.uba.ar\/uti\/wp-json\/wp\/v2\/pages\/1797\/revisions"}],"predecessor-version":[{"id":3575,"href":"https:\/\/exactas.uba.ar\/uti\/wp-json\/wp\/v2\/pages\/1797\/revisions\/3575"}],"up":[{"embeddable":true,"href":"https:\/\/exactas.uba.ar\/uti\/wp-json\/wp\/v2\/pages\/1654"}],"wp:attachment":[{"href":"https:\/\/exactas.uba.ar\/uti\/wp-json\/wp\/v2\/media?parent=1797"}],"curies":[{"name":"wp","href":"https:\/\/api.w.org\/{rel}","templated":true}]}}