{"id":1654,"date":"2018-05-30T09:10:30","date_gmt":"2018-05-30T12:10:30","guid":{"rendered":"https:\/\/exactas.uba.ar\/uti\/?page_id=1654"},"modified":"2021-09-17T17:44:00","modified_gmt":"2021-09-17T20:44:00","slug":"mail-exactas","status":"publish","type":"page","link":"https:\/\/exactas.uba.ar\/uti\/servicios\/mail-exactas\/","title":{"rendered":"Mail Exactas"},"content":{"rendered":"<p><span style=\"font-weight: 400;\">La UTI ofrece un servicio de cuentas de correo electr\u00f3nico institucionales. Se puede acceder al mismo a trav\u00e9s de webmail, y tambi\u00e9n desde aplicaciones en dispositivos fijos o m\u00f3viles a trav\u00e9s de los protocolos IMAP y SMTP.<\/span><\/p>\n<p style=\"padding-left: 30px;\"><span style=\"color: #800080;\"><em><strong>NOTA<\/strong><\/em>: <em>Lamentablemente por el momento, la facultad a trav\u00e9s de la UTI, no ofrece la creaci\u00f3n de cuentas de correo institucionales en forma centralizada.<\/em><\/span><br \/>\n<span style=\"color: #800080;\"><em>Se recomienda consultar en el departamento\/instituto correspondiente a la que se pertenece, para ver si ofrecen dicho servicio, ya que no todos los hacen.<\/em><\/span><\/p>\n<h3>Instructivos:<\/h3>\n<p>Webmail<\/p>\n<ul>\n<li><a href=\"https:\/\/exactas.uba.ar\/uti\/webmails-exactas-uba\/\">\u00bfC\u00f3mo ingreso al webmail?<\/a><\/li>\n<li><a href=\"https:\/\/exactas.uba.ar\/uti\/servicios\/mail-exactas\/cambio-de-contrasena-en-webmail\/\">\u00bfC\u00f3mo cambio mi contrase\u00f1a?<\/a><\/li>\n<li><a href=\"https:\/\/exactas.uba.ar\/uti\/servicios\/mail-exactas\/notificacion-por-vacaciones-o-licencia-en-el-correo\/\">\u00bfC\u00f3mo configuro un aviso autom\u00e1tico de ausencia por vacaciones?<\/a><\/li>\n<li><a href=\"https:\/\/exactas.uba.ar\/uti\/administrativos\/#_Herramientas_Base\">Otros enlaces sobre RoundCube Webmail.<\/a><\/li>\n<\/ul>\n<p>Aplicaciones de correo<\/p>\n<ul>\n<li><a href=\"https:\/\/exactas.uba.ar\/uti\/servicios\/mail-exactas\/configuracion-mail-exactas-cliente-de-correo-imap-smtp\/\">\u00bfCu\u00e1les son los datos de los protocolos IMAP y SMTP?<\/a><\/li>\n<li><a href=\"https:\/\/exactas.uba.ar\/uti\/servicios\/mail-exactas\/configuracion-mail-exactas-cliente-de-correo-imap-smtp\/configuracion-cliente-thunderbird\/\">\u00bfC\u00f3mo configuro Thunderbird por primera vez?<\/a><\/li>\n<li><a href=\"https:\/\/exactas.uba.ar\/uti\/servicios\/mail-exactas\/migracion-del-antiguo-mail-al-nuevo-mail-con-thunderbird\/\">Si ya ten\u00eda el mail configurado, \u00bfc\u00f3mo modifico la configuraci\u00f3n de Thunderbird para el nuevo mail? (junio 2018)<\/a><\/li>\n<li><a href=\"https:\/\/exactas.uba.ar\/uti\/servicios\/mail-exactas\/configuracion-mail-exactas-cliente-de-correo-imap-smtp\/como-configuro-mi-cuenta-en-telefonos-android\/\">\u00bfC\u00f3mo configuro mi cuenta en dispositivos Android?<\/a><\/li>\n<\/ul>\n<p>SPAM<\/p>\n<ul>\n<li><a href=\"https:\/\/exactas.uba.ar\/uti\/servicios\/mail-exactas\/antispam\/\">Optimizar filtro de SPAM<\/a><\/li>\n<\/ul>\n<p>&nbsp;<\/p>\n","protected":false},"excerpt":{"rendered":"<p>La UTI ofrece un servicio de cuentas de correo electr\u00f3nico institucionales. Se puede acceder al mismo a trav\u00e9s de webmail, y tambi\u00e9n desde aplicaciones en dispositivos fijos o m\u00f3viles a trav\u00e9s de los protocolos IMAP y SMTP. NOTA: Lamentablemente por <a href=\"https:\/\/exactas.uba.ar\/uti\/servicios\/mail-exactas\/\" rel=\"nofollow\"><span class=\"sr-only\">Leer m\u00e1sMail Exactas<\/span>[&hellip;]<\/a><\/p>\n","protected":false},"author":10,"featured_media":0,"parent":1150,"menu_order":0,"comment_status":"closed","ping_status":"closed","template":"","meta":{"_monsterinsights_skip_tracking":false,"_monsterinsights_sitenote_active":false,"_monsterinsights_sitenote_note":"","_monsterinsights_sitenote_category":0,"_mc_calendar":[],"footnotes":""},"class_list":["post-1654","page","type-page","status-publish","hentry"],"_links":{"self":[{"href":"https:\/\/exactas.uba.ar\/uti\/wp-json\/wp\/v2\/pages\/1654","targetHints":{"allow":["GET"]}}],"collection":[{"href":"https:\/\/exactas.uba.ar\/uti\/wp-json\/wp\/v2\/pages"}],"about":[{"href":"https:\/\/exactas.uba.ar\/uti\/wp-json\/wp\/v2\/types\/page"}],"author":[{"embeddable":true,"href":"https:\/\/exactas.uba.ar\/uti\/wp-json\/wp\/v2\/users\/10"}],"replies":[{"embeddable":true,"href":"https:\/\/exactas.uba.ar\/uti\/wp-json\/wp\/v2\/comments?post=1654"}],"version-history":[{"count":25,"href":"https:\/\/exactas.uba.ar\/uti\/wp-json\/wp\/v2\/pages\/1654\/revisions"}],"predecessor-version":[{"id":2906,"href":"https:\/\/exactas.uba.ar\/uti\/wp-json\/wp\/v2\/pages\/1654\/revisions\/2906"}],"up":[{"embeddable":true,"href":"https:\/\/exactas.uba.ar\/uti\/wp-json\/wp\/v2\/pages\/1150"}],"wp:attachment":[{"href":"https:\/\/exactas.uba.ar\/uti\/wp-json\/wp\/v2\/media?parent=1654"}],"curies":[{"name":"wp","href":"https:\/\/api.w.org\/{rel}","templated":true}]}}