{"id":1142,"date":"2017-10-20T16:57:17","date_gmt":"2017-10-20T19:57:17","guid":{"rendered":"http:\/\/exactas.uba.ar\/uti\/?page_id=1142"},"modified":"2025-02-26T09:42:36","modified_gmt":"2025-02-26T12:42:36","slug":"servidor-de-archivos-nube","status":"publish","type":"page","link":"https:\/\/exactas.uba.ar\/uti\/servicios\/servidor-de-archivos-nube\/","title":{"rendered":"Nube Exactas"},"content":{"rendered":"<p>La Nube Exactas es una plataforma de almacenamiento y colaboraci\u00f3n que permite a los usuarios gestionar y compartir archivos de forma segura. Se trata de una instalaci\u00f3n local del proyecto <b>Nextcloud Files<\/b> (<a href=\"https:\/\/nextcloud.com\/es\/files\/\">https:\/\/nextcloud.com\/es\/files\/<\/a>), lo que garantiza un mayor control sobre los datos y la privacidad.<\/p>\n<p>Entre sus funciones b\u00e1sicas se incluyen:<\/p>\n<ul>\n<li aria-level=\"1\"><b>Almacenar, sincronizar y compartir archivos y carpetas<\/b> entre m\u00faltiples dispositivos con usuarios internos o mediante enlaces p\u00fablicos.<\/li>\n<li aria-level=\"1\"><b>Control de acceso y permisos avanzados<\/b> para usuarios y grupos.<\/li>\n<li aria-level=\"1\"><b>Control de versiones<\/b>, recuperaci\u00f3n de archivos eliminados.<\/li>\n<\/ul>\n<p>Actualmente, esta herramienta est\u00e1 disponible exclusivamente para cuentas con dominio<b> @de.fcen.uba.ar<\/b>. Para acceder a Nube Exactas se pueden utilizar las <a href=\"#aplicaciones-web\">aplicaciones web<\/a>, de <a href=\"#aplicaciones-de-escritorio-y-movil\">escritorio o m\u00f3viles<\/a>, seg\u00fan se explica a continuaci\u00f3n.<\/p>\n<p>Tambi\u00e9n pueden consultarse los manuales oficiales de las aplicaciones <a href=\"https:\/\/docs.nextcloud.com\/server\/latest\/user_manual\/es\/\">web<\/a> y de <a href=\"https:\/\/docs.nextcloud.com\/desktop\/latest\/index.html\">escritorio<\/a>.<\/p>\n<h3 id=\"aplicaciones-web\"><b>Aplicaci\u00f3n web<\/b><\/h3>\n<p>Nube Exactas se encuentra disponible en su versi\u00f3n web en<a href=\"https:\/\/nube.exactas.uba.ar\"> https:\/\/nube.exactas.uba.ar<\/a>. Para ingresar podemos hacerlo con nuestra direcci\u00f3n de correo de Decanato completa (incluyendo el @de.fcen.uba.ar) y la contrase\u00f1a (se utiliza la misma que para ingresar al correo electr\u00f3nico).<\/p>\n<p><a href=\"http:\/\/exactas.uba.ar\/uti\/wp-content\/uploads\/2017\/10\/Captura-de-pantalla_2017-10-24_14-55-08.png\" target=\"_blank\" rel=\"noopener\"><img loading=\"lazy\" decoding=\"async\" class=\"aligncenter wp-image-1162 size-large\" src=\"https:\/\/exactas.uba.ar\/uti\/wp-content\/uploads\/2017\/10\/Captura-de-pantalla_2017-10-24_14-55-08-1024x578.png\" alt=\"\" width=\"640\" height=\"361\" srcset=\"https:\/\/exactas.uba.ar\/uti\/wp-content\/uploads\/2017\/10\/Captura-de-pantalla_2017-10-24_14-55-08-1024x578.png 1024w, https:\/\/exactas.uba.ar\/uti\/wp-content\/uploads\/2017\/10\/Captura-de-pantalla_2017-10-24_14-55-08-300x169.png 300w, https:\/\/exactas.uba.ar\/uti\/wp-content\/uploads\/2017\/10\/Captura-de-pantalla_2017-10-24_14-55-08-768x434.png 768w, https:\/\/exactas.uba.ar\/uti\/wp-content\/uploads\/2017\/10\/Captura-de-pantalla_2017-10-24_14-55-08.png 1360w\" sizes=\"auto, (max-width: 640px) 100vw, 640px\" \/><\/a><\/p>\n<p>Habiendo ingresado podemos ver los archivos y las carpetas que tenemos guardados.<\/p>\n<p><a href=\"https:\/\/exactas.uba.ar\/uti\/wp-content\/uploads\/2025\/01\/2025-01-28_12-38-4.png\" target=\"_blank\" rel=\"noopener\"><img loading=\"lazy\" decoding=\"async\" class=\"aligncenter wp-image-3603 size-large\" src=\"https:\/\/exactas.uba.ar\/uti\/wp-content\/uploads\/2025\/01\/2025-01-28_12-38-4-1024x529.png\" alt=\"\" width=\"640\" height=\"331\" srcset=\"https:\/\/exactas.uba.ar\/uti\/wp-content\/uploads\/2025\/01\/2025-01-28_12-38-4-1024x529.png 1024w, https:\/\/exactas.uba.ar\/uti\/wp-content\/uploads\/2025\/01\/2025-01-28_12-38-4-300x155.png 300w, https:\/\/exactas.uba.ar\/uti\/wp-content\/uploads\/2025\/01\/2025-01-28_12-38-4-768x397.png 768w, https:\/\/exactas.uba.ar\/uti\/wp-content\/uploads\/2025\/01\/2025-01-28_12-38-4-1536x794.png 1536w, https:\/\/exactas.uba.ar\/uti\/wp-content\/uploads\/2025\/01\/2025-01-28_12-38-4.png 1836w\" sizes=\"auto, (max-width: 640px) 100vw, 640px\" \/><\/a><\/p>\n<h4><b>Sincronizaci\u00f3n de archivos y carpetas<\/b><\/h4>\n<p>El programa de instalaci\u00f3n crea una carpeta en el dispositivo local. Todos los archivos que sean copiados a esa carpeta se sincronizar\u00e1n autom\u00e1ticamente con el servidor. Estos mismos archivos quedar\u00e1n sincronizados con cualquier otro dispositivo en el que se instale la aplicaci\u00f3n utilizando el mismo usuario.<\/p>\n<h4><b>Compartir archivos y carpetas<\/b><\/h4>\n<p>Para compartir archivos o carpetas entre usuarios, debemos seleccionar el s\u00edmbolo que muestra una persona con un +. Se abrir\u00e1 un men\u00fa a la derecha desde donde podemos elegir c\u00f3mo y con qui\u00e9nes compartir archivos y carpetas.<\/p>\n<p><a href=\"https:\/\/exactas.uba.ar\/uti\/wp-content\/uploads\/2025\/01\/2025-01-30_09-18.png\" target=\"_blank\" rel=\"noopener\"><img loading=\"lazy\" decoding=\"async\" class=\"aligncenter wp-image-3611 size-large\" src=\"https:\/\/exactas.uba.ar\/uti\/wp-content\/uploads\/2025\/01\/2025-01-30_09-18-1024x533.png\" alt=\"\" width=\"640\" height=\"333\" srcset=\"https:\/\/exactas.uba.ar\/uti\/wp-content\/uploads\/2025\/01\/2025-01-30_09-18-1024x533.png 1024w, https:\/\/exactas.uba.ar\/uti\/wp-content\/uploads\/2025\/01\/2025-01-30_09-18-300x156.png 300w, https:\/\/exactas.uba.ar\/uti\/wp-content\/uploads\/2025\/01\/2025-01-30_09-18-768x400.png 768w, https:\/\/exactas.uba.ar\/uti\/wp-content\/uploads\/2025\/01\/2025-01-30_09-18-1536x800.png 1536w, https:\/\/exactas.uba.ar\/uti\/wp-content\/uploads\/2025\/01\/2025-01-30_09-18.png 1841w\" sizes=\"auto, (max-width: 640px) 100vw, 640px\" \/><\/a><\/p>\n<h4><strong>Compartir enlace <br \/><\/strong><\/h4>\n<p>Haciendo click en la opci\u00f3n de \u201cCompartir enlace\u201d se generar\u00e1 un link con permiso de s\u00f3lo lectura que se copiar\u00e1 en el portapapeles.<\/p>\n<p><a href=\"https:\/\/exactas.uba.ar\/uti\/wp-content\/uploads\/2025\/02\/2025-02-18_10-38.png\" target=\"_blank\" rel=\"noopener\"><img loading=\"lazy\" decoding=\"async\" class=\"aligncenter wp-image-3661 size-full\" src=\"https:\/\/exactas.uba.ar\/uti\/wp-content\/uploads\/2025\/02\/2025-02-18_10-38.png\" alt=\"\" width=\"484\" height=\"345\" srcset=\"https:\/\/exactas.uba.ar\/uti\/wp-content\/uploads\/2025\/02\/2025-02-18_10-38.png 484w, https:\/\/exactas.uba.ar\/uti\/wp-content\/uploads\/2025\/02\/2025-02-18_10-38-300x214.png 300w\" sizes=\"auto, (max-width: 484px) 100vw, 484px\" \/><\/a>Una vez creado el enlace podemos cambiar el permiso del mismo.<\/p>\n<p>Si se trata de un <strong>archivo<\/strong>, las opciones son \u201cS\u00f3lo lectura\u201d o \u201cPuede editar\u201d.<\/p>\n<p><a href=\"https:\/\/exactas.uba.ar\/uti\/wp-content\/uploads\/2025\/02\/2025-02-20_11-09.png\" target=\"_blank\" rel=\"noopener\"><img loading=\"lazy\" decoding=\"async\" class=\"aligncenter wp-image-3698 size-full\" src=\"https:\/\/exactas.uba.ar\/uti\/wp-content\/uploads\/2025\/02\/2025-02-20_11-09.png\" alt=\"\" width=\"509\" height=\"411\" srcset=\"https:\/\/exactas.uba.ar\/uti\/wp-content\/uploads\/2025\/02\/2025-02-20_11-09.png 509w, https:\/\/exactas.uba.ar\/uti\/wp-content\/uploads\/2025\/02\/2025-02-20_11-09-300x242.png 300w\" sizes=\"auto, (max-width: 509px) 100vw, 509px\" \/><\/a><\/p>\n<p>Una vez seleccionado el tipo de permiso, el mismo puede ser personalizado seleccionando la opci\u00f3n \u201cPermisos personalizados\u201d. Aqu\u00ed podremos optar por crear una contrase\u00f1a, fijar una fecha de caducidad, ocultar la descarga (s\u00f3lo lectura web) o generar una nota para el destinatario. Una vez elegidos los permisos personalizados, se debe hacer click en \u201cActualizar recurso compartido\u201d para guardarlos. Desde aqu\u00ed tambi\u00e9n se puede eliminar el enlace creado haciendo click en \u201cBorrar recurso compartido\u201d.<\/p>\n<p><a href=\"https:\/\/exactas.uba.ar\/uti\/wp-content\/uploads\/2025\/02\/2025-02-20_11-16.png\" target=\"_blank\" rel=\"noopener\"><img loading=\"lazy\" decoding=\"async\" class=\"aligncenter wp-image-3701 size-full\" src=\"https:\/\/exactas.uba.ar\/uti\/wp-content\/uploads\/2025\/02\/2025-02-20_11-16.png\" alt=\"\" width=\"438\" height=\"735\" srcset=\"https:\/\/exactas.uba.ar\/uti\/wp-content\/uploads\/2025\/02\/2025-02-20_11-16.png 438w, https:\/\/exactas.uba.ar\/uti\/wp-content\/uploads\/2025\/02\/2025-02-20_11-16-179x300.png 179w\" sizes=\"auto, (max-width: 438px) 100vw, 438px\" \/><\/a><\/p>\n<p>Si se trata de una <strong>carpeta<\/strong>, las opciones son \u201cS\u00f3lo lectura\u201d, \u201cPuede editar\u201d o \u201cEntrega de archivos\u201d (subir archivos al servidor).<\/p>\n<p>\u00a0 <a href=\"https:\/\/exactas.uba.ar\/uti\/wp-content\/uploads\/2025\/02\/2025-02-18_10-49.png\" target=\"_blank\" rel=\"noopener\"><img loading=\"lazy\" decoding=\"async\" class=\"aligncenter wp-image-3663 size-full\" src=\"https:\/\/exactas.uba.ar\/uti\/wp-content\/uploads\/2025\/02\/2025-02-18_10-49.png\" alt=\"\" width=\"506\" height=\"445\" srcset=\"https:\/\/exactas.uba.ar\/uti\/wp-content\/uploads\/2025\/02\/2025-02-18_10-49.png 506w, https:\/\/exactas.uba.ar\/uti\/wp-content\/uploads\/2025\/02\/2025-02-18_10-49-300x264.png 300w\" sizes=\"auto, (max-width: 506px) 100vw, 506px\" \/><\/a><\/p>\n<p>Una vez seleccionado el tipo de permiso, el mismo puede ser personalizado seleccionando la opci\u00f3n \u201cPermisos personalizados\u201d. Aqu\u00ed podremos optar por crear una contrase\u00f1a, fijar una fecha de caducidad, ocultar descarga (s\u00f3lo lectura web) o generar una nota para el destinatario. Una vez elegidos los permisos personalizados, se debe hacer click en \u201cActualizar recurso compartido\u201d para guardarlos. Desde aqu\u00ed tambi\u00e9n se puede eliminar el enlace creado haciendo click en \u201cBorrar recurso compartido\u201d.<\/p>\n<p><a href=\"https:\/\/exactas.uba.ar\/uti\/wp-content\/uploads\/2025\/02\/2025-02-18_10-55-1.png\" target=\"_blank\" rel=\"noopener\"><img loading=\"lazy\" decoding=\"async\" class=\"aligncenter wp-image-3669 size-full\" src=\"https:\/\/exactas.uba.ar\/uti\/wp-content\/uploads\/2025\/02\/2025-02-18_10-55-1.png\" alt=\"\" width=\"445\" height=\"838\" srcset=\"https:\/\/exactas.uba.ar\/uti\/wp-content\/uploads\/2025\/02\/2025-02-18_10-55-1.png 445w, https:\/\/exactas.uba.ar\/uti\/wp-content\/uploads\/2025\/02\/2025-02-18_10-55-1-159x300.png 159w\" sizes=\"auto, (max-width: 445px) 100vw, 445px\" \/><\/a><\/p>\n<p>Se pueden crear tantos enlaces compartidos como sean necesarios, y cada uno puede tener permisos diferentes. Los enlaces compartidos tambi\u00e9n pueden ser eliminados. Estas acciones se realizan mediante los botones \u201cA\u00f1adir otro enlace\u201do \u201cNo compartir\u201d disponibles en el men\u00fa de tres puntos a la derecha de cada enlace.<\/p>\n<p><a href=\"https:\/\/exactas.uba.ar\/uti\/wp-content\/uploads\/2025\/02\/2025-02-21_10-22.png\" target=\"_blank\" rel=\"noopener\"><img loading=\"lazy\" decoding=\"async\" class=\"aligncenter wp-image-3713 size-full\" src=\"https:\/\/exactas.uba.ar\/uti\/wp-content\/uploads\/2025\/02\/2025-02-21_10-22.png\" alt=\"\" width=\"489\" height=\"416\" srcset=\"https:\/\/exactas.uba.ar\/uti\/wp-content\/uploads\/2025\/02\/2025-02-21_10-22.png 489w, https:\/\/exactas.uba.ar\/uti\/wp-content\/uploads\/2025\/02\/2025-02-21_10-22-300x255.png 300w\" sizes=\"auto, (max-width: 489px) 100vw, 489px\" \/><\/a><\/p>\n<h4><strong>Buscar destinatarios del compartido<\/strong><\/h4>\n<p>Se puede buscar por nombre o correo electr\u00f3nico el usuario con el que se desea compartir un archivo o carpeta. Al seleccionar un usuario, el sistema le enviar\u00e1 una notificaci\u00f3n por correo electr\u00f3nico con el enlace de acceso al recurso compartido.<\/p>\n<p><a href=\"https:\/\/exactas.uba.ar\/uti\/wp-content\/uploads\/2025\/02\/image-6.png\" target=\"_blank\" rel=\"noopener\"><img loading=\"lazy\" decoding=\"async\" class=\"aligncenter wp-image-3645\" src=\"https:\/\/exactas.uba.ar\/uti\/wp-content\/uploads\/2025\/02\/image-6.png\" alt=\"\" width=\"469\" height=\"379\" srcset=\"https:\/\/exactas.uba.ar\/uti\/wp-content\/uploads\/2025\/02\/image-6.png 460w, https:\/\/exactas.uba.ar\/uti\/wp-content\/uploads\/2025\/02\/image-6-300x243.png 300w\" sizes=\"auto, (max-width: 469px) 100vw, 469px\" \/><\/a><\/p>\n<p>Una vez seleccionado el destinatario se pueden personalizar sus permisos de acceso de la misma forma que al compartir enlaces:<\/p>\n<p><a href=\"https:\/\/exactas.uba.ar\/uti\/wp-content\/uploads\/2025\/02\/image-7.png\" target=\"_blank\" rel=\"noopener\"><br \/><img loading=\"lazy\" decoding=\"async\" class=\"aligncenter wp-image-3646 size-full\" src=\"https:\/\/exactas.uba.ar\/uti\/wp-content\/uploads\/2025\/02\/image-7.png\" alt=\"\" width=\"510\" height=\"457\" srcset=\"https:\/\/exactas.uba.ar\/uti\/wp-content\/uploads\/2025\/02\/image-7.png 510w, https:\/\/exactas.uba.ar\/uti\/wp-content\/uploads\/2025\/02\/image-7-300x269.png 300w\" sizes=\"auto, (max-width: 510px) 100vw, 510px\" \/><\/a><\/p>\n<h4><strong>Otros con acceso<\/strong><\/h4>\n<p>Para descubrir si alguien tiene acceso a un archivo o carpeta porque se ha compartido una carpeta que lo contiene, se puede desplegar la opci\u00f3n \u201c<b>Otros con acceso\u201d<\/b>:<\/p>\n<p><a href=\"https:\/\/exactas.uba.ar\/uti\/wp-content\/uploads\/2025\/02\/2025-02-18_11-13.png\" target=\"_blank\" rel=\"noopener\"><img loading=\"lazy\" decoding=\"async\" class=\"wp-image-3676 size-full aligncenter\" src=\"https:\/\/exactas.uba.ar\/uti\/wp-content\/uploads\/2025\/02\/2025-02-18_11-13.png\" alt=\"\" width=\"492\" height=\"367\" srcset=\"https:\/\/exactas.uba.ar\/uti\/wp-content\/uploads\/2025\/02\/2025-02-18_11-13.png 492w, https:\/\/exactas.uba.ar\/uti\/wp-content\/uploads\/2025\/02\/2025-02-18_11-13-300x224.png 300w, https:\/\/exactas.uba.ar\/uti\/wp-content\/uploads\/2025\/02\/2025-02-18_11-13-285x214.png 285w\" sizes=\"auto, (max-width: 492px) 100vw, 492px\" \/><\/a><\/p>\n<p>La lista muestra todos los usuarios que tienen acceso a ese archivo.<\/p>\n<p><a href=\"https:\/\/exactas.uba.ar\/uti\/wp-content\/uploads\/2025\/02\/2025-02-21_10-34.png\" target=\"_blank\" rel=\"noopener\"><img loading=\"lazy\" decoding=\"async\" class=\"aligncenter wp-image-3715 size-full\" src=\"https:\/\/exactas.uba.ar\/uti\/wp-content\/uploads\/2025\/02\/2025-02-21_10-34.png\" alt=\"\" width=\"500\" height=\"612\" srcset=\"https:\/\/exactas.uba.ar\/uti\/wp-content\/uploads\/2025\/02\/2025-02-21_10-34.png 500w, https:\/\/exactas.uba.ar\/uti\/wp-content\/uploads\/2025\/02\/2025-02-21_10-34-245x300.png 245w\" sizes=\"auto, (max-width: 500px) 100vw, 500px\" \/><\/a><\/p>\n<p>Haga clic en los tres puntos para:<\/p>\n<ul>\n<li aria-level=\"1\">ver qui\u00e9n lo comparti\u00f3 inicialmente.<\/li>\n<li aria-level=\"1\">ver d\u00f3nde se comparti\u00f3 incialmente (haga clic para navegar a la carpeta, si es que tiene acceso a ella).<\/li>\n<li aria-level=\"1\">dejar de compartir la carpeta compartida inicialmente (solo est\u00e1 disponible para el propietario de la carpeta compartida)<\/li>\n<\/ul>\n<h4><b>Recuperar archivos eliminados<\/b><\/h4>\n<p>S\u00f3lo desde la aplicaci\u00f3n web es posible recuperar archivos que hayan sido borrados utilizando cualquiera de las aplicaciones (web, escritorio o m\u00f3vil).<\/p>\n<p><a href=\"https:\/\/exactas.uba.ar\/uti\/wp-content\/uploads\/2025\/01\/2025-01-30_12-56.png\" target=\"_blank\" rel=\"noopener\"><img loading=\"lazy\" decoding=\"async\" class=\"aligncenter wp-image-3626 size-large\" src=\"https:\/\/exactas.uba.ar\/uti\/wp-content\/uploads\/2025\/01\/2025-01-30_12-56-1024x531.png\" alt=\"\" width=\"640\" height=\"332\" srcset=\"https:\/\/exactas.uba.ar\/uti\/wp-content\/uploads\/2025\/01\/2025-01-30_12-56-1024x531.png 1024w, https:\/\/exactas.uba.ar\/uti\/wp-content\/uploads\/2025\/01\/2025-01-30_12-56-300x155.png 300w, https:\/\/exactas.uba.ar\/uti\/wp-content\/uploads\/2025\/01\/2025-01-30_12-56-768x398.png 768w, https:\/\/exactas.uba.ar\/uti\/wp-content\/uploads\/2025\/01\/2025-01-30_12-56-1536x796.png 1536w, https:\/\/exactas.uba.ar\/uti\/wp-content\/uploads\/2025\/01\/2025-01-30_12-56.png 1812w\" sizes=\"auto, (max-width: 640px) 100vw, 640px\" \/><\/a><\/p>\n<h2>\u00a0<\/h2>\n<h3 id=\"aplicaciones-de-escritorio-y-movil\"><b>Aplicaciones de escritorio y m\u00f3vil<\/b><\/h3>\n<p>Las aplicaciones de escritorio y m\u00f3vil de Nextcloud Files pueden descargarse desde:<br \/><a href=\"https:\/\/nextcloud.com\/install\/#desktop-files\">https:\/\/nextcloud.com\/install<\/a><\/p>\n<p>\u00a0 <a href=\"https:\/\/exactas.uba.ar\/uti\/wp-content\/uploads\/2025\/02\/2025-02-21_12-41.png\" target=\"_blank\" rel=\"noopener\"><img loading=\"lazy\" decoding=\"async\" class=\"aligncenter wp-image-3733 size-large\" src=\"https:\/\/exactas.uba.ar\/uti\/wp-content\/uploads\/2025\/02\/2025-02-21_12-41-1024x511.png\" alt=\"\" width=\"640\" height=\"319\" srcset=\"https:\/\/exactas.uba.ar\/uti\/wp-content\/uploads\/2025\/02\/2025-02-21_12-41-1024x511.png 1024w, https:\/\/exactas.uba.ar\/uti\/wp-content\/uploads\/2025\/02\/2025-02-21_12-41-300x150.png 300w, https:\/\/exactas.uba.ar\/uti\/wp-content\/uploads\/2025\/02\/2025-02-21_12-41-768x383.png 768w, https:\/\/exactas.uba.ar\/uti\/wp-content\/uploads\/2025\/02\/2025-02-21_12-41-600x300.png 600w, https:\/\/exactas.uba.ar\/uti\/wp-content\/uploads\/2025\/02\/2025-02-21_12-41-400x200.png 400w, https:\/\/exactas.uba.ar\/uti\/wp-content\/uploads\/2025\/02\/2025-02-21_12-41.png 1408w\" sizes=\"auto, (max-width: 640px) 100vw, 640px\" \/><\/a><\/p>\n<p><a href=\"https:\/\/exactas.uba.ar\/uti\/wp-content\/uploads\/2025\/02\/2025-02-21_12-43.png\" target=\"_blank\" rel=\"noopener\"><img loading=\"lazy\" decoding=\"async\" class=\"aligncenter wp-image-3734 size-large\" src=\"https:\/\/exactas.uba.ar\/uti\/wp-content\/uploads\/2025\/02\/2025-02-21_12-43-1024x588.png\" alt=\"\" width=\"640\" height=\"368\" srcset=\"https:\/\/exactas.uba.ar\/uti\/wp-content\/uploads\/2025\/02\/2025-02-21_12-43-1024x588.png 1024w, https:\/\/exactas.uba.ar\/uti\/wp-content\/uploads\/2025\/02\/2025-02-21_12-43-300x172.png 300w, https:\/\/exactas.uba.ar\/uti\/wp-content\/uploads\/2025\/02\/2025-02-21_12-43-768x441.png 768w, https:\/\/exactas.uba.ar\/uti\/wp-content\/uploads\/2025\/02\/2025-02-21_12-43.png 1402w\" sizes=\"auto, (max-width: 640px) 100vw, 640px\" \/><\/a><\/p>\n<p>Una vez descargada la aplicaci\u00f3n, se debe configurar con los siguientes datos:<\/p>\n<p>Nombre del servidor: <a href=\"https:\/\/nube.exactas.uba.ar\">https:\/\/nube.exactas.uba.ar<\/a><\/p>\n<p><a href=\"https:\/\/exactas.uba.ar\/uti\/wp-content\/uploads\/2025\/02\/image-8.png\" target=\"_blank\" rel=\"noopener\"><br \/><img loading=\"lazy\" decoding=\"async\" class=\"aligncenter wp-image-3736\" src=\"https:\/\/exactas.uba.ar\/uti\/wp-content\/uploads\/2025\/02\/image-8.png\" alt=\"\" width=\"526\" height=\"574\" srcset=\"https:\/\/exactas.uba.ar\/uti\/wp-content\/uploads\/2025\/02\/image-8.png 452w, https:\/\/exactas.uba.ar\/uti\/wp-content\/uploads\/2025\/02\/image-8-275x300.png 275w\" sizes=\"auto, (max-width: 526px) 100vw, 526px\" \/><\/a><\/p>\n<p><a href=\"https:\/\/exactas.uba.ar\/uti\/wp-content\/uploads\/2025\/02\/image-9.png\"><img loading=\"lazy\" decoding=\"async\" class=\"aligncenter wp-image-3737\" src=\"https:\/\/exactas.uba.ar\/uti\/wp-content\/uploads\/2025\/02\/image-9.png\" alt=\"\" width=\"526\" height=\"390\" srcset=\"https:\/\/exactas.uba.ar\/uti\/wp-content\/uploads\/2025\/02\/image-9.png 733w, https:\/\/exactas.uba.ar\/uti\/wp-content\/uploads\/2025\/02\/image-9-300x222.png 300w\" sizes=\"auto, (max-width: 526px) 100vw, 526px\" \/><\/a><\/p>\n<p>Nombre de usuario: usuario@de.fcen.uba.ar<\/p>\n<p><a href=\"https:\/\/exactas.uba.ar\/uti\/wp-content\/uploads\/2025\/02\/2025-02-21_13-12.png\" target=\"_blank\" rel=\"noopener\"><br \/><img loading=\"lazy\" decoding=\"async\" class=\"aligncenter wp-image-3740\" src=\"https:\/\/exactas.uba.ar\/uti\/wp-content\/uploads\/2025\/02\/2025-02-21_13-12.png\" alt=\"\" width=\"526\" height=\"931\" srcset=\"https:\/\/exactas.uba.ar\/uti\/wp-content\/uploads\/2025\/02\/2025-02-21_13-12.png 371w, https:\/\/exactas.uba.ar\/uti\/wp-content\/uploads\/2025\/02\/2025-02-21_13-12-169x300.png 169w\" sizes=\"auto, (max-width: 526px) 100vw, 526px\" \/><\/a><\/p>\n<p><a href=\"https:\/\/exactas.uba.ar\/uti\/wp-content\/uploads\/2025\/02\/image-10.png\" target=\"_blank\" rel=\"noopener\"><img loading=\"lazy\" decoding=\"async\" class=\"aligncenter wp-image-3741\" src=\"https:\/\/exactas.uba.ar\/uti\/wp-content\/uploads\/2025\/02\/image-10.png\" alt=\"\" width=\"526\" height=\"609\" srcset=\"https:\/\/exactas.uba.ar\/uti\/wp-content\/uploads\/2025\/02\/image-10.png 492w, https:\/\/exactas.uba.ar\/uti\/wp-content\/uploads\/2025\/02\/image-10-259x300.png 259w\" sizes=\"auto, (max-width: 526px) 100vw, 526px\" \/><\/a><\/p>\n<p><a href=\"https:\/\/exactas.uba.ar\/uti\/wp-content\/uploads\/2025\/02\/image-11.png\" target=\"_blank\" rel=\"noopener\"><img loading=\"lazy\" decoding=\"async\" class=\"aligncenter wp-image-3742\" src=\"https:\/\/exactas.uba.ar\/uti\/wp-content\/uploads\/2025\/02\/image-11.png\" alt=\"\" width=\"526\" height=\"548\" srcset=\"https:\/\/exactas.uba.ar\/uti\/wp-content\/uploads\/2025\/02\/image-11.png 531w, https:\/\/exactas.uba.ar\/uti\/wp-content\/uploads\/2025\/02\/image-11-288x300.png 288w\" sizes=\"auto, (max-width: 526px) 100vw, 526px\" \/><\/a><\/p>\n<p>En la siguiente ventana, se puede optar por actualizar todos los archivos del servidor o sincronizar solo carpetas espec\u00edficas. Tambi\u00e9n se puede elegir la ubicaci\u00f3n de la carpeta local donde se almacenar\u00e1n los archivos de Nube Exactas.<\/p>\n<p><a href=\"https:\/\/exactas.uba.ar\/uti\/wp-content\/uploads\/2025\/02\/image-12.png\" target=\"_blank\" rel=\"noopener\"><img loading=\"lazy\" decoding=\"async\" class=\"aligncenter wp-image-3743\" src=\"https:\/\/exactas.uba.ar\/uti\/wp-content\/uploads\/2025\/02\/image-12.png\" alt=\"\" width=\"526\" height=\"575\" srcset=\"https:\/\/exactas.uba.ar\/uti\/wp-content\/uploads\/2025\/02\/image-12.png 512w, https:\/\/exactas.uba.ar\/uti\/wp-content\/uploads\/2025\/02\/image-12-274x300.png 274w\" sizes=\"auto, (max-width: 526px) 100vw, 526px\" \/><\/a><\/p>\n\n\n\n\n\n","protected":false},"excerpt":{"rendered":"<p>La Nube Exactas es una plataforma de almacenamiento y colaboraci\u00f3n que permite a los usuarios gestionar y compartir archivos de forma segura. Se trata de una instalaci\u00f3n local del proyecto Nextcloud Files (https:\/\/nextcloud.com\/es\/files\/), lo que garantiza un mayor control sobre <a href=\"https:\/\/exactas.uba.ar\/uti\/servicios\/servidor-de-archivos-nube\/\" rel=\"nofollow\"><span class=\"sr-only\">Leer m\u00e1sNube Exactas<\/span>[&hellip;]<\/a><\/p>\n","protected":false},"author":9,"featured_media":0,"parent":1150,"menu_order":0,"comment_status":"closed","ping_status":"closed","template":"","meta":{"_monsterinsights_skip_tracking":false,"_monsterinsights_sitenote_active":false,"_monsterinsights_sitenote_note":"","_monsterinsights_sitenote_category":0,"_mc_calendar":[],"footnotes":""},"class_list":["post-1142","page","type-page","status-publish","hentry"],"_links":{"self":[{"href":"https:\/\/exactas.uba.ar\/uti\/wp-json\/wp\/v2\/pages\/1142","targetHints":{"allow":["GET"]}}],"collection":[{"href":"https:\/\/exactas.uba.ar\/uti\/wp-json\/wp\/v2\/pages"}],"about":[{"href":"https:\/\/exactas.uba.ar\/uti\/wp-json\/wp\/v2\/types\/page"}],"author":[{"embeddable":true,"href":"https:\/\/exactas.uba.ar\/uti\/wp-json\/wp\/v2\/users\/9"}],"replies":[{"embeddable":true,"href":"https:\/\/exactas.uba.ar\/uti\/wp-json\/wp\/v2\/comments?post=1142"}],"version-history":[{"count":116,"href":"https:\/\/exactas.uba.ar\/uti\/wp-json\/wp\/v2\/pages\/1142\/revisions"}],"predecessor-version":[{"id":3785,"href":"https:\/\/exactas.uba.ar\/uti\/wp-json\/wp\/v2\/pages\/1142\/revisions\/3785"}],"up":[{"embeddable":true,"href":"https:\/\/exactas.uba.ar\/uti\/wp-json\/wp\/v2\/pages\/1150"}],"wp:attachment":[{"href":"https:\/\/exactas.uba.ar\/uti\/wp-json\/wp\/v2\/media?parent=1142"}],"curies":[{"name":"wp","href":"https:\/\/api.w.org\/{rel}","templated":true}]}}