{"id":1089,"date":"2017-10-12T12:20:43","date_gmt":"2017-10-12T15:20:43","guid":{"rendered":"http:\/\/exactas.uba.ar\/uti\/?page_id=1089"},"modified":"2019-03-22T16:02:56","modified_gmt":"2019-03-22T19:02:56","slug":"procedimiento-de-adquisicion-de-nuevos-equipos","status":"publish","type":"page","link":"https:\/\/exactas.uba.ar\/uti\/servicios\/telefonia-ip\/procedimiento-de-adquisicion-de-nuevos-equipos\/","title":{"rendered":"Agregar nuevos equipos a la red de telefon\u00eda IP"},"content":{"rendered":"<p>NUEVAS L\u00cdNEAS<\/p>\n<p>Ingres\u00e1 en el <a href=\"https:\/\/soporte.exactas.uba.ar\">sistema de tickets de soporte<\/a> y gener\u00e1 un ticket informando de la cantidad de tel\u00e9fonos que se quieren agregar.<\/p>\n<p>ADQUISICI\u00d3N DE NUEVOS EQUIPOS<\/p>\n<p>UTI recomendar\u00e1 el modelo y pasar\u00e1 el precio que estipula CLARO para el terminal. El costo del mismo quedar\u00e1 a cargo del Departamento\/Instituto solicitante.<\/p>\n<p>INSTALACI\u00d3N Y CONFIGURACI\u00d3N DE LOS NUEVOS TERMINALES<\/p>\n<p>La Sub Secretar\u00eda T\u00e9cnica se encargar\u00e1 del tendido de los cables hasta el puesto (los materiales para dicha tarea los aporta la SSC) . UTI se encarga del la instalaci\u00f3n f\u00edsica del equipo en la red (incluye los materiales y equipos necesarios), su configuraci\u00f3n y posterior administraci\u00f3n.<\/p>\n<p>Cuando el equipo se encuentra operativo, la Sub Secretar\u00eda de Comunicaciones lo a\u00f1ade a la agenda de Exactas (si corresponde).<\/p>\n","protected":false},"excerpt":{"rendered":"<p>NUEVAS L\u00cdNEAS Ingres\u00e1 en el sistema de tickets de soporte y gener\u00e1 un ticket informando de la cantidad de tel\u00e9fonos que se quieren agregar. ADQUISICI\u00d3N DE NUEVOS EQUIPOS UTI recomendar\u00e1 el modelo y pasar\u00e1 el precio que estipula CLARO para <a href=\"https:\/\/exactas.uba.ar\/uti\/servicios\/telefonia-ip\/procedimiento-de-adquisicion-de-nuevos-equipos\/\" rel=\"nofollow\"><span class=\"sr-only\">Leer m\u00e1sAgregar nuevos equipos a la red de telefon\u00eda IP<\/span>[&hellip;]<\/a><\/p>\n","protected":false},"author":8,"featured_media":0,"parent":1079,"menu_order":0,"comment_status":"closed","ping_status":"closed","template":"","meta":{"_monsterinsights_skip_tracking":false,"_monsterinsights_sitenote_active":false,"_monsterinsights_sitenote_note":"","_monsterinsights_sitenote_category":0,"_mc_calendar":[],"footnotes":""},"class_list":["post-1089","page","type-page","status-publish","hentry"],"_links":{"self":[{"href":"https:\/\/exactas.uba.ar\/uti\/wp-json\/wp\/v2\/pages\/1089","targetHints":{"allow":["GET"]}}],"collection":[{"href":"https:\/\/exactas.uba.ar\/uti\/wp-json\/wp\/v2\/pages"}],"about":[{"href":"https:\/\/exactas.uba.ar\/uti\/wp-json\/wp\/v2\/types\/page"}],"author":[{"embeddable":true,"href":"https:\/\/exactas.uba.ar\/uti\/wp-json\/wp\/v2\/users\/8"}],"replies":[{"embeddable":true,"href":"https:\/\/exactas.uba.ar\/uti\/wp-json\/wp\/v2\/comments?post=1089"}],"version-history":[{"count":12,"href":"https:\/\/exactas.uba.ar\/uti\/wp-json\/wp\/v2\/pages\/1089\/revisions"}],"predecessor-version":[{"id":2013,"href":"https:\/\/exactas.uba.ar\/uti\/wp-json\/wp\/v2\/pages\/1089\/revisions\/2013"}],"up":[{"embeddable":true,"href":"https:\/\/exactas.uba.ar\/uti\/wp-json\/wp\/v2\/pages\/1079"}],"wp:attachment":[{"href":"https:\/\/exactas.uba.ar\/uti\/wp-json\/wp\/v2\/media?parent=1089"}],"curies":[{"name":"wp","href":"https:\/\/api.w.org\/{rel}","templated":true}]}}