{"id":79,"date":"2019-11-05T17:23:31","date_gmt":"2019-11-05T17:23:31","guid":{"rendered":"https:\/\/exactas.uba.ar\/reservaecologica-cu\/?page_id=79"},"modified":"2025-05-21T18:37:44","modified_gmt":"2025-05-21T18:37:44","slug":"visitas","status":"publish","type":"page","link":"https:\/\/exactas.uba.ar\/reservaecologica-cu\/visitas\/","title":{"rendered":"Ingreso y Uso Acad\u00e9mico"},"content":{"rendered":"<p>El ingreso a la Reserva puede realizarse<\/p>\n<ul>\n<li>de manera libre y gratuita de martes a domingo de 9 a 18hs, salvo inclemencias clim\u00e1ticas<\/li>\n<li>con solicitud de permiso para <strong>actividades acad\u00e9micas o de extensi\u00f3n universitaria<\/strong><\/li>\n<\/ul>\n<h3>Solicitud de permiso para actividades<\/h3>\n<p>Si te interesa realizar alguna actividad en la reserva, por favor dirigite a visitas_recucn@de.fcen.uba.ar<\/p>\n<h3>Sobre la generaci\u00f3n de informaci\u00f3n sobre la Reserva<\/h3>\n<p>El conocimiento que tenemos sobre la naturaleza nos permite conocer mejor el mundo en el que vivimos y constituye uno de los pilares de la ciencia. Por eso, es de vital importancia que toda aquella informaci\u00f3n que sea generada en el marco de alguna actividad de docencia o investigaci\u00f3n desde la FCEyN (o cualquier otra instituci\u00f3n educativa), sea puesta a disposici\u00f3n de la Comisi\u00f3n Reserva del ProSA<\/p>\n<p>Toda la informaci\u00f3n que generamos desde la comunidad es inmediatamente considerada como insumo para la planificaci\u00f3n, gesti\u00f3n y manejo de la Reserva, por lo que reviste una importancia may\u00fascula en la construcci\u00f3n y consolidaci\u00f3n del v\u00ednculo RECUCN-Facultad y asegura que las decisiones de la administraci\u00f3n se lleven adelante con el mejor conocimiento disponible.<\/p>\n<h3>Visitas guiadas<\/h3>\n<p><span style=\"font-weight: 400;\">Desde el a\u00f1o 2022 se realizan visitas guiadas destinadas a colegios secundarios de forma regular en el marco de distintas actividades de divulgaci\u00f3n como las semanas de las ciencias del <a href=\"https:\/\/exactas.uba.ar\/popularizacion\/\">Equipo de Popularizaci\u00f3n de las Ciencias<\/a> o el programa \u00abLa escuela viene a Exactas\u00bb del <a href=\"https:\/\/exactas.uba.ar\/extension\/ov\/\">Departamento de Orientaci\u00f3n Vocacional<\/a>. Dichas visitas son encabezadas por estudiantes voluntaries del Equipo de Promotores Ambientales, quienes participan de formaciones previas a cargo de la SECCB y en coordinaci\u00f3n con la Comisi\u00f3n Reserva.<\/span><\/p>\n<p>&nbsp;<\/p>\n","protected":false},"excerpt":{"rendered":"El ingreso a la Reserva puede realizarse de manera libre y gratuita de martes a domingo de 9 a 18hs, salvo inclemencias clim\u00e1ticas con solicitud de permiso para actividades acad\u00e9micas o de extensi\u00f3n universitaria Solicitud de permiso para actividades Si te interesa realizar alguna actividad en la reserva, por favor dirigite a visitas_recucn@de.fcen.uba.ar Sobre la&#8230; <a class=\"view-article\" href=\"https:\/\/exactas.uba.ar\/reservaecologica-cu\/visitas\/\">LEER +<\/a>","protected":false},"author":1,"featured_media":0,"parent":0,"menu_order":70,"comment_status":"closed","ping_status":"closed","template":"","meta":{"_acf_changed":false,"footnotes":""},"class_list":["post-79","page","type-page","status-publish","hentry"],"acf":[],"_links":{"self":[{"href":"https:\/\/exactas.uba.ar\/reservaecologica-cu\/wp-json\/wp\/v2\/pages\/79","targetHints":{"allow":["GET"]}}],"collection":[{"href":"https:\/\/exactas.uba.ar\/reservaecologica-cu\/wp-json\/wp\/v2\/pages"}],"about":[{"href":"https:\/\/exactas.uba.ar\/reservaecologica-cu\/wp-json\/wp\/v2\/types\/page"}],"author":[{"embeddable":true,"href":"https:\/\/exactas.uba.ar\/reservaecologica-cu\/wp-json\/wp\/v2\/users\/1"}],"replies":[{"embeddable":true,"href":"https:\/\/exactas.uba.ar\/reservaecologica-cu\/wp-json\/wp\/v2\/comments?post=79"}],"version-history":[{"count":20,"href":"https:\/\/exactas.uba.ar\/reservaecologica-cu\/wp-json\/wp\/v2\/pages\/79\/revisions"}],"predecessor-version":[{"id":390,"href":"https:\/\/exactas.uba.ar\/reservaecologica-cu\/wp-json\/wp\/v2\/pages\/79\/revisions\/390"}],"wp:attachment":[{"href":"https:\/\/exactas.uba.ar\/reservaecologica-cu\/wp-json\/wp\/v2\/media?parent=79"}],"curies":[{"name":"wp","href":"https:\/\/api.w.org\/{rel}","templated":true}]}}