{"id":526,"date":"2026-03-13T16:04:43","date_gmt":"2026-03-13T16:04:43","guid":{"rendered":"https:\/\/exactas.uba.ar\/reservaecologica-cu\/?page_id=526"},"modified":"2026-03-13T16:07:52","modified_gmt":"2026-03-13T16:07:52","slug":"reptiles-y-anfibios","status":"publish","type":"page","link":"https:\/\/exactas.uba.ar\/reservaecologica-cu\/biodiversidad\/reptiles-y-anfibios\/","title":{"rendered":"Reptiles y anfibios"},"content":{"rendered":"<p><span style=\"font-weight: 400;\">El humedal de la reserva brinda alimento y refugio a muchas especies de anfibios: ranas y sapos son grandes controladores naturales de insectos. En el bosque y el pastizal, habitan muchas especies de reptiles, como serpientes, lagartos y culebras. \u00a1Conocelos!<\/span><\/p>\n\n\t\t<style type=\"text\/css\">\n\t\t\t#gallery-1 {\n\t\t\t\tmargin: auto;\n\t\t\t}\n\t\t\t#gallery-1 .gallery-item {\n\t\t\t\tfloat: left;\n\t\t\t\tmargin-top: 10px;\n\t\t\t\ttext-align: center;\n\t\t\t\twidth: 33%;\n\t\t\t}\n\t\t\t#gallery-1 img {\n\t\t\t\tborder: 2px solid #cfcfcf;\n\t\t\t}\n\t\t\t#gallery-1 .gallery-caption {\n\t\t\t\tmargin-left: 0;\n\t\t\t}\n\t\t\t\/* see gallery_shortcode() in wp-includes\/media.php *\/\n\t\t<\/style>\n\t\t<div id='gallery-1' class='gallery galleryid-526 gallery-columns-3 gallery-size-thumbnail'><dl class='gallery-item'>\n\t\t\t<dt class='gallery-icon portrait'>\n\t\t\t\t<a href='https:\/\/exactas.uba.ar\/reservaecologica-cu\/wp-content\/uploads\/2026\/03\/Yarara-grande_Nahuel-Cuba.jpg'><img loading=\"lazy\" decoding=\"async\" width=\"150\" height=\"150\" src=\"https:\/\/exactas.uba.ar\/reservaecologica-cu\/wp-content\/uploads\/2026\/03\/Yarara-grande_Nahuel-Cuba-150x150.jpg\" class=\"attachment-thumbnail size-thumbnail\" alt=\"Yarar\u00e1 grande\" aria-describedby=\"gallery-1-529\" \/><\/a>\n\t\t\t<\/dt>\n\t\t\t\t<dd class='wp-caption-text gallery-caption' id='gallery-1-529'>\n\t\t\t\tYarar\u00e1 grande\n\t\t\t\t<\/dd><\/dl><dl class='gallery-item'>\n\t\t\t<dt class='gallery-icon landscape'>\n\t\t\t\t<a href='https:\/\/exactas.uba.ar\/reservaecologica-cu\/wp-content\/uploads\/2026\/03\/Culebra-acuatica_Nahuel-Cuba.jpg'><img loading=\"lazy\" decoding=\"async\" width=\"150\" height=\"150\" src=\"https:\/\/exactas.uba.ar\/reservaecologica-cu\/wp-content\/uploads\/2026\/03\/Culebra-acuatica_Nahuel-Cuba-150x150.jpg\" class=\"attachment-thumbnail size-thumbnail\" alt=\"Culebra acu\u00e1tica\" aria-describedby=\"gallery-1-530\" \/><\/a>\n\t\t\t<\/dt>\n\t\t\t\t<dd class='wp-caption-text gallery-caption' id='gallery-1-530'>\n\t\t\t\tCulebra acu\u00e1tica\n\t\t\t\t<\/dd><\/dl><dl class='gallery-item'>\n\t\t\t<dt class='gallery-icon landscape'>\n\t\t\t\t<a href='https:\/\/exactas.uba.ar\/reservaecologica-cu\/wp-content\/uploads\/2026\/03\/Lagartija-Negra_Gonzalo-Diaz.jpeg'><img loading=\"lazy\" decoding=\"async\" width=\"150\" height=\"150\" src=\"https:\/\/exactas.uba.ar\/reservaecologica-cu\/wp-content\/uploads\/2026\/03\/Lagartija-Negra_Gonzalo-Diaz-150x150.jpeg\" class=\"attachment-thumbnail size-thumbnail\" alt=\"Lagartija negra\" aria-describedby=\"gallery-1-531\" \/><\/a>\n\t\t\t<\/dt>\n\t\t\t\t<dd class='wp-caption-text gallery-caption' id='gallery-1-531'>\n\t\t\t\tLagartija negra\n\t\t\t\t<\/dd><\/dl><br style=\"clear: both\" \/><dl class='gallery-item'>\n\t\t\t<dt class='gallery-icon landscape'>\n\t\t\t\t<a href='https:\/\/exactas.uba.ar\/reservaecologica-cu\/wp-content\/uploads\/2026\/03\/Lagarto-Overo_Nahuel-Cuba.jpg'><img loading=\"lazy\" decoding=\"async\" width=\"150\" height=\"150\" src=\"https:\/\/exactas.uba.ar\/reservaecologica-cu\/wp-content\/uploads\/2026\/03\/Lagarto-Overo_Nahuel-Cuba-150x150.jpg\" class=\"attachment-thumbnail size-thumbnail\" alt=\"Lagarto Overo\" aria-describedby=\"gallery-1-532\" \/><\/a>\n\t\t\t<\/dt>\n\t\t\t\t<dd class='wp-caption-text gallery-caption' id='gallery-1-532'>\n\t\t\t\tLagarto Overo\n\t\t\t\t<\/dd><\/dl><dl class='gallery-item'>\n\t\t\t<dt class='gallery-icon landscape'>\n\t\t\t\t<a href='https:\/\/exactas.uba.ar\/reservaecologica-cu\/wp-content\/uploads\/2026\/03\/Rana-Criolla_Valentin-Vidal.jpeg'><img loading=\"lazy\" decoding=\"async\" width=\"150\" height=\"150\" src=\"https:\/\/exactas.uba.ar\/reservaecologica-cu\/wp-content\/uploads\/2026\/03\/Rana-Criolla_Valentin-Vidal-150x150.jpeg\" class=\"attachment-thumbnail size-thumbnail\" alt=\"Rana criolla\" aria-describedby=\"gallery-1-533\" \/><\/a>\n\t\t\t<\/dt>\n\t\t\t\t<dd class='wp-caption-text gallery-caption' id='gallery-1-533'>\n\t\t\t\tRana criolla\n\t\t\t\t<\/dd><\/dl><dl class='gallery-item'>\n\t\t\t<dt class='gallery-icon landscape'>\n\t\t\t\t<a href='https:\/\/exactas.uba.ar\/reservaecologica-cu\/wp-content\/uploads\/2026\/03\/ranita-del-zarzal_ivan-eroles.jpg'><img loading=\"lazy\" decoding=\"async\" width=\"150\" height=\"150\" src=\"https:\/\/exactas.uba.ar\/reservaecologica-cu\/wp-content\/uploads\/2026\/03\/ranita-del-zarzal_ivan-eroles-150x150.jpg\" class=\"attachment-thumbnail size-thumbnail\" alt=\"Ranita del Zarzal\" aria-describedby=\"gallery-1-534\" \/><\/a>\n\t\t\t<\/dt>\n\t\t\t\t<dd class='wp-caption-text gallery-caption' id='gallery-1-534'>\n\t\t\t\tRanita del Zarzal\n\t\t\t\t<\/dd><\/dl><br style=\"clear: both\" \/>\n\t\t<\/div>\n\n<p><span style=\"font-weight: 400;\">La Yarar\u00e1 Grande (Bothrops alternatus) es una especie venenosa, de importancia m\u00e9dica. A continuaci\u00f3n, las indicaciones ante un encuentro con esta especie en la reserva o en Ciudad Universitaria.\u00a0<\/span><\/p>\n<h4><a href=\"https:\/\/exactas.uba.ar\/higieneyseguridad\/medio-ambiente\/salidas-de-estudio-o-investigacion-a-la-reserva-ciudad-universitaria\/prtotocolo-de-actuacion-ante-la-presencia-de-ofidios-en-ciudad-universitaria\/\">Ir a Protocolo de actuaci\u00f3n ante la presencia de ofidios en Ciudad Universitaria<\/a><\/h4>\n<h4><a href=\"https:\/\/www.argentinat.org\/observations?place_id=7190&amp;project_id=biorecu-reserva-ecologica-ciudad-universitaria-costanera-norte&amp;view=species&amp;iconic_taxa=Reptilia,Amphibia\">Ver Reptiles y anfibios en Argentinat.org<\/a><\/h4>\n<p>&nbsp;<\/p>\n","protected":false},"excerpt":{"rendered":"El humedal de la reserva brinda alimento y refugio a muchas especies de anfibios: ranas y sapos son grandes controladores naturales de insectos. En el bosque y el pastizal, habitan muchas especies de reptiles, como serpientes, lagartos y culebras. \u00a1Conocelos! La Yarar\u00e1 Grande (Bothrops alternatus) es una especie venenosa, de importancia m\u00e9dica. A continuaci\u00f3n, las&#8230; <a class=\"view-article\" href=\"https:\/\/exactas.uba.ar\/reservaecologica-cu\/biodiversidad\/reptiles-y-anfibios\/\">LEER +<\/a>","protected":false},"author":1,"featured_media":0,"parent":93,"menu_order":60,"comment_status":"closed","ping_status":"closed","template":"","meta":{"_acf_changed":false,"footnotes":""},"class_list":["post-526","page","type-page","status-publish","hentry"],"acf":[],"_links":{"self":[{"href":"https:\/\/exactas.uba.ar\/reservaecologica-cu\/wp-json\/wp\/v2\/pages\/526","targetHints":{"allow":["GET"]}}],"collection":[{"href":"https:\/\/exactas.uba.ar\/reservaecologica-cu\/wp-json\/wp\/v2\/pages"}],"about":[{"href":"https:\/\/exactas.uba.ar\/reservaecologica-cu\/wp-json\/wp\/v2\/types\/page"}],"author":[{"embeddable":true,"href":"https:\/\/exactas.uba.ar\/reservaecologica-cu\/wp-json\/wp\/v2\/users\/1"}],"replies":[{"embeddable":true,"href":"https:\/\/exactas.uba.ar\/reservaecologica-cu\/wp-json\/wp\/v2\/comments?post=526"}],"version-history":[{"count":2,"href":"https:\/\/exactas.uba.ar\/reservaecologica-cu\/wp-json\/wp\/v2\/pages\/526\/revisions"}],"predecessor-version":[{"id":535,"href":"https:\/\/exactas.uba.ar\/reservaecologica-cu\/wp-json\/wp\/v2\/pages\/526\/revisions\/535"}],"up":[{"embeddable":true,"href":"https:\/\/exactas.uba.ar\/reservaecologica-cu\/wp-json\/wp\/v2\/pages\/93"}],"wp:attachment":[{"href":"https:\/\/exactas.uba.ar\/reservaecologica-cu\/wp-json\/wp\/v2\/media?parent=526"}],"curies":[{"name":"wp","href":"https:\/\/api.w.org\/{rel}","templated":true}]}}