{"id":415,"date":"2026-03-12T19:41:23","date_gmt":"2026-03-12T19:41:23","guid":{"rendered":"https:\/\/exactas.uba.ar\/reservaecologica-cu\/?page_id=415"},"modified":"2026-03-12T20:06:23","modified_gmt":"2026-03-12T20:06:23","slug":"voluntariados-2","status":"publish","type":"page","link":"https:\/\/exactas.uba.ar\/reservaecologica-cu\/voluntariados-2\/","title":{"rendered":"Voluntariados"},"content":{"rendered":"<h2><img loading=\"lazy\" decoding=\"async\" class=\"aligncenter wp-image-435 size-large\" src=\"https:\/\/exactas.uba.ar\/reservaecologica-cu\/wp-content\/uploads\/2026\/03\/1760472514619-1-700x527.jpg\" alt=\"\" width=\"700\" height=\"527\" srcset=\"https:\/\/exactas.uba.ar\/reservaecologica-cu\/wp-content\/uploads\/2026\/03\/1760472514619-1-700x527.jpg 700w, https:\/\/exactas.uba.ar\/reservaecologica-cu\/wp-content\/uploads\/2026\/03\/1760472514619-1-250x188.jpg 250w, https:\/\/exactas.uba.ar\/reservaecologica-cu\/wp-content\/uploads\/2026\/03\/1760472514619-1-768x578.jpg 768w, https:\/\/exactas.uba.ar\/reservaecologica-cu\/wp-content\/uploads\/2026\/03\/1760472514619-1-1536x1157.jpg 1536w, https:\/\/exactas.uba.ar\/reservaecologica-cu\/wp-content\/uploads\/2026\/03\/1760472514619-1-2048x1542.jpg 2048w, https:\/\/exactas.uba.ar\/reservaecologica-cu\/wp-content\/uploads\/2026\/03\/1760472514619-1-120x90.jpg 120w\" sizes=\"auto, (max-width: 700px) 100vw, 700px\" \/>Tareas de restauraci\u00f3n<\/h2>\n<p>Desde el Equipo de Promotores Ambientales (EPA) del Programa Socioambiental (ProSa) de la Facultad de Ciencias Exactas y Naturales, estamos llevando adelante tareas de restauraci\u00f3n ambiental en la reserva mediante un programa de voluntariados cuatrimestrales.<br \/>\nEste programa est\u00e1 pensado para estudiantes, docentes y no docentes de la Universidad de Buenos Aires, y uno de sus objetivos es ense\u00f1ar, tanto sobre la biodiversidad que habita en la reserva, como tambi\u00e9n t\u00e9cnicas de restauraci\u00f3n ambiental, lo cual incluye relevamientos, control de especies ex\u00f3ticas invasoras, plantaciones y jornadas de limpieza.<br \/>\nLas actividades son una vez a la semana, los d\u00edas lunes por la ma\u00f1ana, y al finalizar el cuatrimestre incluyen la entrega de un certificado. Adem\u00e1s, se brinda desayuno y almuerzo gratuito en cada jornada.<\/p>\n<h2>Visitas guiadas<\/h2>\n<p>\u00bfTe gustar\u00eda ser gu\u00eda de la reserva?<br \/>\nDesde el EPA realizamos visitas guiadas para grupos escolares durante el a\u00f1o y en las semanas de las ciencias. Brindamos formaci\u00f3n como gu\u00edas y tareas complementarias, como la elaboraci\u00f3n de material para redes.<\/p>\n<p>Exactas Verde<\/p>\n","protected":false},"excerpt":{"rendered":"Tareas de restauraci\u00f3n Desde el Equipo de Promotores Ambientales (EPA) del Programa Socioambiental (ProSa) de la Facultad de Ciencias Exactas y Naturales, estamos llevando adelante tareas de restauraci\u00f3n ambiental en la reserva mediante un programa de voluntariados cuatrimestrales. Este programa est\u00e1 pensado para estudiantes, docentes y no docentes de la Universidad de Buenos Aires, y&#8230; <a class=\"view-article\" href=\"https:\/\/exactas.uba.ar\/reservaecologica-cu\/voluntariados-2\/\">LEER +<\/a>","protected":false},"author":1,"featured_media":0,"parent":0,"menu_order":0,"comment_status":"closed","ping_status":"closed","template":"","meta":{"_acf_changed":false,"footnotes":""},"class_list":["post-415","page","type-page","status-publish","hentry"],"acf":[],"_links":{"self":[{"href":"https:\/\/exactas.uba.ar\/reservaecologica-cu\/wp-json\/wp\/v2\/pages\/415","targetHints":{"allow":["GET"]}}],"collection":[{"href":"https:\/\/exactas.uba.ar\/reservaecologica-cu\/wp-json\/wp\/v2\/pages"}],"about":[{"href":"https:\/\/exactas.uba.ar\/reservaecologica-cu\/wp-json\/wp\/v2\/types\/page"}],"author":[{"embeddable":true,"href":"https:\/\/exactas.uba.ar\/reservaecologica-cu\/wp-json\/wp\/v2\/users\/1"}],"replies":[{"embeddable":true,"href":"https:\/\/exactas.uba.ar\/reservaecologica-cu\/wp-json\/wp\/v2\/comments?post=415"}],"version-history":[{"count":4,"href":"https:\/\/exactas.uba.ar\/reservaecologica-cu\/wp-json\/wp\/v2\/pages\/415\/revisions"}],"predecessor-version":[{"id":438,"href":"https:\/\/exactas.uba.ar\/reservaecologica-cu\/wp-json\/wp\/v2\/pages\/415\/revisions\/438"}],"wp:attachment":[{"href":"https:\/\/exactas.uba.ar\/reservaecologica-cu\/wp-json\/wp\/v2\/media?parent=415"}],"curies":[{"name":"wp","href":"https:\/\/api.w.org\/{rel}","templated":true}]}}