{"id":781,"date":"2022-12-06T16:03:03","date_gmt":"2022-12-06T16:03:03","guid":{"rendered":"https:\/\/exactas.uba.ar\/popularizacion\/?page_id=781"},"modified":"2025-03-27T16:09:01","modified_gmt":"2025-03-27T16:09:01","slug":"exactas-itinerante","status":"publish","type":"page","link":"https:\/\/exactas.uba.ar\/popularizacion\/exactas-itinerante\/","title":{"rendered":"Exactas Itinerante"},"content":{"rendered":"<p><strong>Visitamos tu escuela secundaria<\/strong> con una <strong>actividad de comunicaci\u00f3n p\u00fablica de la ciencia<\/strong>, a cargo de integrantes de la comunidad de <a href=\"https:\/\/exactas.uba.ar\/\">Exactas UBA<\/a>.\u00a0 <span style=\"font-weight: 400;\">El objetivo es compartir el conocimiento producido en los laboratorios y transmitido en las aulas de la Facultad para aquellas <strong>instituciones educativas cuya actual situaci\u00f3n socioecon\u00f3mica impida el acceso a nuestras actividades<\/strong>. <\/span><\/p>\n<p><a href=\"https:\/\/exactas.uba.ar\/exactas-itinerante\/\" target=\"_blank\" rel=\"noopener\"><span style=\"font-weight: 400;\">\u00a1Conoc\u00e9 el testimonio de quienes organizan las visitas!<\/span><\/a><\/p>\n<p><b><i>Inscripciones cerradas.<\/i><\/b><a href=\"https:\/\/exactas.uba.ar\/popularizacion\/exactas-itinerante-2025\/#resultados2025\"><i><span style=\"font-weight: 400;\"> Listado de escuelas seleccionadas para la edici\u00f3n 2025\u00a0<\/span><\/i><\/a><\/p>\n<h4>+INFO<\/h4>\n<ul>\n<li style=\"font-weight: 400;\" aria-level=\"1\"><span style=\"font-weight: 400;\">La duraci\u00f3n estimada de las actividades es de 80 a 120 minutos.<\/span><\/li>\n<li style=\"font-weight: 400;\" aria-level=\"1\"><span style=\"font-weight: 400;\">Radio de alcance: Ciudad de Buenos Aires y primer y segundo cord\u00f3n del Gran Buenos Aires. Para distancias mayores, se procesar\u00e1n pedidos en el marco de jornadas institucionales donde la cantidad de asistentes sea superior a 200 estudiantes y el traslado est\u00e9 contemplado por quienes organizan la actividad. Consultas a: popularizacion@de.fcen.uba.ar<\/span><\/li>\n<li style=\"font-weight: 400;\" aria-level=\"1\"><span style=\"font-weight: 400;\">Para seleccionar a las quince (15) las escuelas beneficiarias del programa se establece un orden de m\u00e9rito donde ponderamos el porcentaje de poblaci\u00f3n escolar de bajos recursos, as\u00ed como la fundamentaci\u00f3n de la solicitud y las variables de conectividad y de acceso a las ciencias exactas y naturales. De este modo, construimos un \u00edndice de desfavorecimiento que permite el ordenamiento de todas las instituciones inscriptas.<\/span><\/li>\n<li style=\"font-weight: 400;\" aria-level=\"1\"><span style=\"font-weight: 400;\">Se priorizan cursos de los \u00faltimos a\u00f1os y <\/span><span style=\"font-weight: 400;\">escuelas que no fueron seleccionadas en ediciones anteriores.<\/span><\/li>\n<\/ul>\n<div aria-live=\"polite\" id=\"soliloquy-container-1140_1\" class=\"soliloquy-container soliloquy-transition-fade  soliloquy-theme-classic\" style=\"max-width:1500px;max-height:1000px;\"><ul id=\"soliloquy-1140_1\" class=\"soliloquy-slider soliloquy-slides soliloquy-wrap soliloquy-clear\"><li aria-hidden=\"true\" class=\"soliloquy-item soliloquy-item-1 soliloquy-image-slide\" draggable=\"false\" style=\"list-style:none\"><img decoding=\"async\" id=\"soliloquy-image-1142\" class=\"soliloquy-image soliloquy-image-1\" src=\"https:\/\/exactas.uba.ar\/popularizacion\/wp-content\/uploads\/2024\/02\/photo1692972254-1-1-1500x1000_c.jpeg\" alt=\"photo1692972254 (1) (1)\" \/><\/li><li aria-hidden=\"true\" class=\"soliloquy-item soliloquy-item-2 soliloquy-image-slide\" draggable=\"false\" style=\"list-style:none\"><img decoding=\"async\" id=\"soliloquy-image-1452\" class=\"soliloquy-image soliloquy-image-2\" src=\"https:\/\/exactas.uba.ar\/popularizacion\/wp-content\/uploads\/2025\/02\/5156991512213564882-1-1500x1000_c.jpg\" alt=\"\" \/><\/li><\/ul><\/div><noscript><style type=\"text\/css\">#soliloquy-container-1140_1{opacity:1}<\/style><\/noscript>\n","protected":false},"excerpt":{"rendered":"Visitamos tu escuela secundaria con una actividad de comunicaci\u00f3n p\u00fablica de la ciencia, a cargo de integrantes de la comunidad de Exactas UBA.\u00a0 El objetivo es compartir el conocimiento producido en los laboratorios y transmitido en las aulas de la Facultad para aquellas instituciones educativas cuya actual situaci\u00f3n socioecon\u00f3mica impida el acceso a nuestras actividades&#8230;. <a class=\"view-article\" href=\"https:\/\/exactas.uba.ar\/popularizacion\/exactas-itinerante\/\">LEER +<\/a>","protected":false},"author":2,"featured_media":0,"parent":0,"menu_order":0,"comment_status":"closed","ping_status":"closed","template":"","meta":{"_acf_changed":false,"footnotes":""},"class_list":["post-781","page","type-page","status-publish","hentry"],"acf":[],"_links":{"self":[{"href":"https:\/\/exactas.uba.ar\/popularizacion\/wp-json\/wp\/v2\/pages\/781","targetHints":{"allow":["GET"]}}],"collection":[{"href":"https:\/\/exactas.uba.ar\/popularizacion\/wp-json\/wp\/v2\/pages"}],"about":[{"href":"https:\/\/exactas.uba.ar\/popularizacion\/wp-json\/wp\/v2\/types\/page"}],"author":[{"embeddable":true,"href":"https:\/\/exactas.uba.ar\/popularizacion\/wp-json\/wp\/v2\/users\/2"}],"replies":[{"embeddable":true,"href":"https:\/\/exactas.uba.ar\/popularizacion\/wp-json\/wp\/v2\/comments?post=781"}],"version-history":[{"count":33,"href":"https:\/\/exactas.uba.ar\/popularizacion\/wp-json\/wp\/v2\/pages\/781\/revisions"}],"predecessor-version":[{"id":1510,"href":"https:\/\/exactas.uba.ar\/popularizacion\/wp-json\/wp\/v2\/pages\/781\/revisions\/1510"}],"wp:attachment":[{"href":"https:\/\/exactas.uba.ar\/popularizacion\/wp-json\/wp\/v2\/media?parent=781"}],"curies":[{"name":"wp","href":"https:\/\/api.w.org\/{rel}","templated":true}]}}