{"id":16,"date":"2020-06-03T18:17:17","date_gmt":"2020-06-03T18:17:17","guid":{"rendered":"https:\/\/exactas.uba.ar\/popularizacion\/?page_id=16"},"modified":"2026-03-13T17:40:42","modified_gmt":"2026-03-13T17:40:42","slug":"el-epc","status":"publish","type":"page","link":"https:\/\/exactas.uba.ar\/popularizacion\/el-epc\/","title":{"rendered":"El EPC"},"content":{"rendered":"<p><a href=\"https:\/\/exactas.uba.ar\/popularizacion\/el-epc\/guille\/\" rel=\"attachment wp-att-1657\"><img loading=\"lazy\" decoding=\"async\" class=\"alignnone wp-image-1657\" src=\"https:\/\/exactas.uba.ar\/popularizacion\/wp-content\/uploads\/2025\/08\/guille-700x1050.jpg\" alt=\"\" width=\"123\" height=\"185\" srcset=\"https:\/\/exactas.uba.ar\/popularizacion\/wp-content\/uploads\/2025\/08\/guille-700x1050.jpg 700w, https:\/\/exactas.uba.ar\/popularizacion\/wp-content\/uploads\/2025\/08\/guille-250x375.jpg 250w, https:\/\/exactas.uba.ar\/popularizacion\/wp-content\/uploads\/2025\/08\/guille-768x1152.jpg 768w, https:\/\/exactas.uba.ar\/popularizacion\/wp-content\/uploads\/2025\/08\/guille-1024x1536.jpg 1024w, https:\/\/exactas.uba.ar\/popularizacion\/wp-content\/uploads\/2025\/08\/guille-1365x2048.jpg 1365w, https:\/\/exactas.uba.ar\/popularizacion\/wp-content\/uploads\/2025\/08\/guille-120x180.jpg 120w, https:\/\/exactas.uba.ar\/popularizacion\/wp-content\/uploads\/2025\/08\/guille-550x825.jpg 550w, https:\/\/exactas.uba.ar\/popularizacion\/wp-content\/uploads\/2025\/08\/guille.jpg 1706w\" sizes=\"auto, (max-width: 123px) 100vw, 123px\" \/><\/a><a href=\"https:\/\/exactas.uba.ar\/popularizacion\/el-epc\/vale\/\" rel=\"attachment wp-att-1656\"><img loading=\"lazy\" decoding=\"async\" class=\"alignnone wp-image-1656\" src=\"https:\/\/exactas.uba.ar\/popularizacion\/wp-content\/uploads\/2025\/08\/vale-700x1050.jpg\" alt=\"\" width=\"123\" height=\"185\" srcset=\"https:\/\/exactas.uba.ar\/popularizacion\/wp-content\/uploads\/2025\/08\/vale-700x1050.jpg 700w, https:\/\/exactas.uba.ar\/popularizacion\/wp-content\/uploads\/2025\/08\/vale-250x375.jpg 250w, https:\/\/exactas.uba.ar\/popularizacion\/wp-content\/uploads\/2025\/08\/vale-768x1152.jpg 768w, https:\/\/exactas.uba.ar\/popularizacion\/wp-content\/uploads\/2025\/08\/vale-1024x1536.jpg 1024w, https:\/\/exactas.uba.ar\/popularizacion\/wp-content\/uploads\/2025\/08\/vale-1365x2048.jpg 1365w, https:\/\/exactas.uba.ar\/popularizacion\/wp-content\/uploads\/2025\/08\/vale-120x180.jpg 120w, https:\/\/exactas.uba.ar\/popularizacion\/wp-content\/uploads\/2025\/08\/vale-550x825.jpg 550w, https:\/\/exactas.uba.ar\/popularizacion\/wp-content\/uploads\/2025\/08\/vale.jpg 1706w\" sizes=\"auto, (max-width: 123px) 100vw, 123px\" \/><\/a><a href=\"https:\/\/exactas.uba.ar\/popularizacion\/el-epc\/bbj04045\/\" rel=\"attachment wp-att-1651\"><img loading=\"lazy\" decoding=\"async\" class=\"alignnone wp-image-1651\" src=\"https:\/\/exactas.uba.ar\/popularizacion\/wp-content\/uploads\/2025\/08\/BBJ04045-700x1050.jpg\" alt=\"\" width=\"123\" height=\"185\" srcset=\"https:\/\/exactas.uba.ar\/popularizacion\/wp-content\/uploads\/2025\/08\/BBJ04045-700x1050.jpg 700w, https:\/\/exactas.uba.ar\/popularizacion\/wp-content\/uploads\/2025\/08\/BBJ04045-250x375.jpg 250w, https:\/\/exactas.uba.ar\/popularizacion\/wp-content\/uploads\/2025\/08\/BBJ04045-768x1152.jpg 768w, https:\/\/exactas.uba.ar\/popularizacion\/wp-content\/uploads\/2025\/08\/BBJ04045-1024x1536.jpg 1024w, https:\/\/exactas.uba.ar\/popularizacion\/wp-content\/uploads\/2025\/08\/BBJ04045-1365x2048.jpg 1365w, https:\/\/exactas.uba.ar\/popularizacion\/wp-content\/uploads\/2025\/08\/BBJ04045-120x180.jpg 120w, https:\/\/exactas.uba.ar\/popularizacion\/wp-content\/uploads\/2025\/08\/BBJ04045-550x825.jpg 550w, https:\/\/exactas.uba.ar\/popularizacion\/wp-content\/uploads\/2025\/08\/BBJ04045-scaled.jpg 1707w\" sizes=\"auto, (max-width: 123px) 100vw, 123px\" \/><\/a><a href=\"https:\/\/exactas.uba.ar\/popularizacion\/el-epc\/enzo-ia-recorte\/\" rel=\"attachment wp-att-1775\"><img loading=\"lazy\" decoding=\"async\" class=\"alignnone wp-image-1775\" src=\"https:\/\/exactas.uba.ar\/popularizacion\/wp-content\/uploads\/2026\/03\/Enzo-IA-recorte.jpg\" alt=\"\" width=\"127\" height=\"184\" srcset=\"https:\/\/exactas.uba.ar\/popularizacion\/wp-content\/uploads\/2026\/03\/Enzo-IA-recorte.jpg 398w, https:\/\/exactas.uba.ar\/popularizacion\/wp-content\/uploads\/2026\/03\/Enzo-IA-recorte-250x362.jpg 250w, https:\/\/exactas.uba.ar\/popularizacion\/wp-content\/uploads\/2026\/03\/Enzo-IA-recorte-120x174.jpg 120w\" sizes=\"auto, (max-width: 127px) 100vw, 127px\" \/><\/a><a href=\"https:\/\/exactas.uba.ar\/popularizacion\/el-epc\/gina-alongi\/\" rel=\"attachment wp-att-1662\"><img loading=\"lazy\" decoding=\"async\" class=\"alignnone wp-image-1662\" src=\"https:\/\/exactas.uba.ar\/popularizacion\/wp-content\/uploads\/2025\/08\/Gina-Alongi-700x1050.jpg\" alt=\"\" width=\"123\" height=\"185\" srcset=\"https:\/\/exactas.uba.ar\/popularizacion\/wp-content\/uploads\/2025\/08\/Gina-Alongi-700x1050.jpg 700w, https:\/\/exactas.uba.ar\/popularizacion\/wp-content\/uploads\/2025\/08\/Gina-Alongi-250x375.jpg 250w, https:\/\/exactas.uba.ar\/popularizacion\/wp-content\/uploads\/2025\/08\/Gina-Alongi-768x1152.jpg 768w, https:\/\/exactas.uba.ar\/popularizacion\/wp-content\/uploads\/2025\/08\/Gina-Alongi-1024x1536.jpg 1024w, https:\/\/exactas.uba.ar\/popularizacion\/wp-content\/uploads\/2025\/08\/Gina-Alongi-1365x2048.jpg 1365w, https:\/\/exactas.uba.ar\/popularizacion\/wp-content\/uploads\/2025\/08\/Gina-Alongi-120x180.jpg 120w, https:\/\/exactas.uba.ar\/popularizacion\/wp-content\/uploads\/2025\/08\/Gina-Alongi-550x825.jpg 550w, https:\/\/exactas.uba.ar\/popularizacion\/wp-content\/uploads\/2025\/08\/Gina-Alongi-scaled.jpg 1707w\" sizes=\"auto, (max-width: 123px) 100vw, 123px\" \/><\/a><\/p>\n<p><span style=\"font-weight: 400;\">El <strong>Equipo de Popularizaci\u00f3n de la Ciencia (EPC)<\/strong> es un grupo interdisciplinario que coordina actividades de comunicaci\u00f3n p\u00fablica de la ciencia. Nuestra misi\u00f3n consiste en mediar y facilitar el proceso de compartir el conocimiento de las ciencias exactas y naturales con diversos p\u00fablicos. Consideramos que todo conocimiento es un bien cultural y por ello debe ser socializado.\u00a0<\/span><\/p>\n<h3><span style=\"font-weight: 400;\">Nuestros objetivos<\/span><\/h3>\n<ul>\n<li style=\"font-weight: 400;\" aria-level=\"1\"><span style=\"font-weight: 400;\">Crear y desarrollar espacios para promover y fomentar la comunicaci\u00f3n de la producci\u00f3n acad\u00e9mico-cient\u00edfica de la comunidad de Exactas con el resto de la sociedad.<\/span><\/li>\n<li style=\"font-weight: 400;\" aria-level=\"1\"><span style=\"font-weight: 400;\">Transmitir un mensaje desmitificador y reflexivo sobre las ciencias exactas y naturales y la imagen de quienes la producen.<\/span><\/li>\n<li style=\"font-weight: 400;\" aria-level=\"1\"><span style=\"font-weight: 400;\">Acercar diferentes p\u00fablicos, particularmente los de las escuelas de nivel medio, al \u00e1mbito universitario.<\/span><\/li>\n<li style=\"font-weight: 400;\" aria-level=\"1\"><span style=\"font-weight: 400;\">Popularizar las ciencias exactas y naturales relacion\u00e1ndolas con otras disciplinas del conocimiento, con la vida cotidiana y la tecnolog\u00eda.<\/span><\/li>\n<\/ul>\n<h3><span style=\"font-weight: 400;\">\u00bfCon qui\u00e9nes trabajamos?<\/span><\/h3>\n<p><span style=\"font-weight: 400;\">Una de nuestras tareas es gestionar la participaci\u00f3n de diversos actores de la comunidad de <a href=\"https:\/\/exactas.uba.ar\/\" target=\"_blank\" rel=\"noopener\">Exactas UBA<\/a> en las actividades de comunicaci\u00f3n p\u00fablica de la ciencia. Trabajamos con el <a href=\"https:\/\/exactas.uba.ar\/extension\/comunicacion-publica-de-la-ciencia\/equipo-div\/\" target=\"_blank\" rel=\"noopener\">Equipo de Divulgaci\u00f3n<\/a>, referentes departamentales, extensionistas (docentes, investigadores, estudiantes) y no docentes de la Facultad.<\/span><\/p>\n<h3><span style=\"font-weight: 400;\">Integran el Equipo<\/span><\/h3>\n<p><strong>Dr. Guillermo Mattei<\/strong> (f\u00edsico).\u00a0 Coordinador del EPC y Equipo Div<\/p>\n<p><strong>Mg. Valeria Fornes<\/strong> (antrop\u00f3loga)<\/p>\n<p><strong>Dis. Eliana Ferreiro<\/strong> (dise\u00f1adora de imagen y sonido)<\/p>\n<p><span style=\"font-weight: 400;\"><strong>Mg. Enzo Scargiali<\/strong> (soci\u00f3logo)<\/span><\/p>\n<p><strong>Gina Alongi<\/strong> (estudiante de F\u00edsica)<\/p>\n<p>&nbsp;<\/p>\n","protected":false},"excerpt":{"rendered":"El Equipo de Popularizaci\u00f3n de la Ciencia (EPC) es un grupo interdisciplinario que coordina actividades de comunicaci\u00f3n p\u00fablica de la ciencia. Nuestra misi\u00f3n consiste en mediar y facilitar el proceso de compartir el conocimiento de las ciencias exactas y naturales con diversos p\u00fablicos. Consideramos que todo conocimiento es un bien cultural y por ello debe&#8230; <a class=\"view-article\" href=\"https:\/\/exactas.uba.ar\/popularizacion\/el-epc\/\">LEER +<\/a>","protected":false},"author":1,"featured_media":0,"parent":0,"menu_order":20,"comment_status":"closed","ping_status":"closed","template":"","meta":{"_acf_changed":false,"footnotes":""},"class_list":["post-16","page","type-page","status-publish","hentry"],"acf":[],"_links":{"self":[{"href":"https:\/\/exactas.uba.ar\/popularizacion\/wp-json\/wp\/v2\/pages\/16","targetHints":{"allow":["GET"]}}],"collection":[{"href":"https:\/\/exactas.uba.ar\/popularizacion\/wp-json\/wp\/v2\/pages"}],"about":[{"href":"https:\/\/exactas.uba.ar\/popularizacion\/wp-json\/wp\/v2\/types\/page"}],"author":[{"embeddable":true,"href":"https:\/\/exactas.uba.ar\/popularizacion\/wp-json\/wp\/v2\/users\/1"}],"replies":[{"embeddable":true,"href":"https:\/\/exactas.uba.ar\/popularizacion\/wp-json\/wp\/v2\/comments?post=16"}],"version-history":[{"count":42,"href":"https:\/\/exactas.uba.ar\/popularizacion\/wp-json\/wp\/v2\/pages\/16\/revisions"}],"predecessor-version":[{"id":1783,"href":"https:\/\/exactas.uba.ar\/popularizacion\/wp-json\/wp\/v2\/pages\/16\/revisions\/1783"}],"wp:attachment":[{"href":"https:\/\/exactas.uba.ar\/popularizacion\/wp-json\/wp\/v2\/media?parent=16"}],"curies":[{"name":"wp","href":"https:\/\/api.w.org\/{rel}","templated":true}]}}

<p><a href="https://exactas.uba.ar/popularizacion/el-epc/guille/" rel="attachment wp-att-1657"><img loading="lazy" decoding="async" class="alignnone wp-image-1657" src="https://exactas.uba.ar/popularizacion/wp-content/uploads/2025/08/guille-700x1050.jpg" alt="" width="123" height="185" srcset="https://exactas.uba.ar/popularizacion/wp-content/uploads/2025/08/guille-700x1050.jpg 700w, https://exactas.uba.ar/popularizacion/wp-content/uploads/2025/08/guille-250x375.jpg 250w, https://exactas.uba.ar/popularizacion/wp-content/uploads/2025/08/guille-768x1152.jpg 768w, https://exactas.uba.ar/popularizacion/wp-content/uploads/2025/08/guille-1024x1536.jpg 1024w, https://exactas.uba.ar/popularizacion/wp-content/uploads/2025/08/guille-1365x2048.jpg 1365w, https://exactas.uba.ar/popularizacion/wp-content/uploads/2025/08/guille-120x180.jpg 120w, https://exactas.uba.ar/popularizacion/wp-content/uploads/2025/08/guille-550x825.jpg 550w, https://exactas.uba.ar/popularizacion/wp-content/uploads/2025/08/guille.jpg 1706w" sizes="auto, (max-width: 123px) 100vw, 123px" /></a><a href="https://exactas.uba.ar/popularizacion/el-epc/vale/" rel="attachment wp-att-1656"><img loading="lazy" decoding="async" class="alignnone wp-image-1656" src="https://exactas.uba.ar/popularizacion/wp-content/uploads/2025/08/vale-700x1050.jpg" alt="" width="123" height="185" srcset="https://exactas.uba.ar/popularizacion/wp-content/uploads/2025/08/vale-700x1050.jpg 700w, https://exactas.uba.ar/popularizacion/wp-content/uploads/2025/08/vale-250x375.jpg 250w, https://exactas.uba.ar/popularizacion/wp-content/uploads/2025/08/vale-768x1152.jpg 768w, https://exactas.uba.ar/popularizacion/wp-content/uploads/2025/08/vale-1024x1536.jpg 1024w, https://exactas.uba.ar/popularizacion/wp-content/uploads/2025/08/vale-1365x2048.jpg 1365w, https://exactas.uba.ar/popularizacion/wp-content/uploads/2025/08/vale-120x180.jpg 120w, https://exactas.uba.ar/popularizacion/wp-content/uploads/2025/08/vale-550x825.jpg 550w, https://exactas.uba.ar/popularizacion/wp-content/uploads/2025/08/vale.jpg 1706w" sizes="auto, (max-width: 123px) 100vw, 123px" /></a><a href="https://exactas.uba.ar/popularizacion/el-epc/bbj04045/" rel="attachment wp-att-1651"><img loading="lazy" decoding="async" class="alignnone wp-image-1651" src="https://exactas.uba.ar/popularizacion/wp-content/uploads/2025/08/BBJ04045-700x1050.jpg" alt="" width="123" height="185" srcset="https://exactas.uba.ar/popularizacion/wp-content/uploads/2025/08/BBJ04045-700x1050.jpg 700w, https://exactas.uba.ar/popularizacion/wp-content/uploads/2025/08/BBJ04045-250x375.jpg 250w, https://exactas.uba.ar/popularizacion/wp-content/uploads/2025/08/BBJ04045-768x1152.jpg 768w, https://exactas.uba.ar/popularizacion/wp-content/uploads/2025/08/BBJ04045-1024x1536.jpg 1024w, https://exactas.uba.ar/popularizacion/wp-content/uploads/2025/08/BBJ04045-1365x2048.jpg 1365w, https://exactas.uba.ar/popularizacion/wp-content/uploads/2025/08/BBJ04045-120x180.jpg 120w, https://exactas.uba.ar/popularizacion/wp-content/uploads/2025/08/BBJ04045-550x825.jpg 550w, https://exactas.uba.ar/popularizacion/wp-content/uploads/2025/08/BBJ04045-scaled.jpg 1707w" sizes="auto, (max-width: 123px) 100vw, 123px" /></a><a href="https://exactas.uba.ar/popularizacion/el-epc/enzo-ia-recorte/" rel="attachment wp-att-1775"><img loading="lazy" decoding="async" class="alignnone wp-image-1775" src="https://exactas.uba.ar/popularizacion/wp-content/uploads/2026/03/Enzo-IA-recorte.jpg" alt="" width="127" height="184" srcset="https://exactas.uba.ar/popularizacion/wp-content/uploads/2026/03/Enzo-IA-recorte.jpg 398w, https://exactas.uba.ar/popularizacion/wp-content/uploads/2026/03/Enzo-IA-recorte-250x362.jpg 250w, https://exactas.uba.ar/popularizacion/wp-content/uploads/2026/03/Enzo-IA-recorte-120x174.jpg 120w" sizes="auto, (max-width: 127px) 100vw, 127px" /></a><a href="https://exactas.uba.ar/popularizacion/el-epc/gina-alongi/" rel="attachment wp-att-1662"><img loading="lazy" decoding="async" class="alignnone wp-image-1662" src="https://exactas.uba.ar/popularizacion/wp-content/uploads/2025/08/Gina-Alongi-700x1050.jpg" alt="" width="123" height="185" srcset="https://exactas.uba.ar/popularizacion/wp-content/uploads/2025/08/Gina-Alongi-700x1050.jpg 700w, https://exactas.uba.ar/popularizacion/wp-content/uploads/2025/08/Gina-Alongi-250x375.jpg 250w, https://exactas.uba.ar/popularizacion/wp-content/uploads/2025/08/Gina-Alongi-768x1152.jpg 768w, https://exactas.uba.ar/popularizacion/wp-content/uploads/2025/08/Gina-Alongi-1024x1536.jpg 1024w, https://exactas.uba.ar/popularizacion/wp-content/uploads/2025/08/Gina-Alongi-1365x2048.jpg 1365w, https://exactas.uba.ar/popularizacion/wp-content/uploads/2025/08/Gina-Alongi-120x180.jpg 120w, https://exactas.uba.ar/popularizacion/wp-content/uploads/2025/08/Gina-Alongi-550x825.jpg 550w, https://exactas.uba.ar/popularizacion/wp-content/uploads/2025/08/Gina-Alongi-scaled.jpg 1707w" sizes="auto, (max-width: 123px) 100vw, 123px" /></a></p>
<p><span style="font-weight: 400;">El <strong>Equipo de Popularización de la Ciencia (EPC)</strong> es un grupo interdisciplinario que coordina actividades de comunicación pública de la ciencia. Nuestra misión consiste en mediar y facilitar el proceso de compartir el conocimiento de las ciencias exactas y naturales con diversos públicos. Consideramos que todo conocimiento es un bien cultural y por ello debe ser socializado. </span></p>
<h3><span style="font-weight: 400;">Nuestros objetivos</span></h3>
<ul>
<li style="font-weight: 400;" aria-level="1"><span style="font-weight: 400;">Crear y desarrollar espacios para promover y fomentar la comunicación de la producción académico-científica de la comunidad de Exactas con el resto de la sociedad.</span></li>
<li style="font-weight: 400;" aria-level="1"><span style="font-weight: 400;">Transmitir un mensaje desmitificador y reflexivo sobre las ciencias exactas y naturales y la imagen de quienes la producen.</span></li>
<li style="font-weight: 400;" aria-level="1"><span style="font-weight: 400;">Acercar diferentes públicos, particularmente los de las escuelas de nivel medio, al ámbito universitario.</span></li>
<li style="font-weight: 400;" aria-level="1"><span style="font-weight: 400;">Popularizar las ciencias exactas y naturales relacionándolas con otras disciplinas del conocimiento, con la vida cotidiana y la tecnología.</span></li>
</ul>
<h3><span style="font-weight: 400;">¿Con quiénes trabajamos?</span></h3>
<p><span style="font-weight: 400;">Una de nuestras tareas es gestionar la participación de diversos actores de la comunidad de <a href="https://exactas.uba.ar/" target="_blank" rel="noopener">Exactas UBA</a> en las actividades de comunicación pública de la ciencia. Trabajamos con el <a href="https://exactas.uba.ar/extension/comunicacion-publica-de-la-ciencia/equipo-div/" target="_blank" rel="noopener">Equipo de Divulgación</a>, referentes departamentales, extensionistas (docentes, investigadores, estudiantes) y no docentes de la Facultad.</span></p>
<h3><span style="font-weight: 400;">Integran el Equipo</span></h3>
<p><strong>Dr. Guillermo Mattei</strong> (físico).  Coordinador del EPC y Equipo Div</p>
<p><strong>Mg. Valeria Fornes</strong> (antropóloga)</p>
<p><strong>Dis. Eliana Ferreiro</strong> (diseñadora de imagen y sonido)</p>
<p><span style="font-weight: 400;"><strong>Mg. Enzo Scargiali</strong> (sociólogo)</span></p>
<p><strong>Gina Alongi</strong> (estudiante de Física)</p>
<p>&nbsp;</p>

El Equipo de Popularización de la Ciencia (EPC) es un grupo interdisciplinario que coordina actividades de comunicación pública de la ciencia. Nuestra misión consiste en mediar y facilitar el proceso de compartir el conocimiento de las ciencias exactas y naturales con diversos públicos. Consideramos que todo conocimiento es un bien cultural y por ello debe&#8230; <a class="view-article" href="https://exactas.uba.ar/popularizacion/el-epc/">LEER +</a>
