{"id":980,"date":"2019-08-29T21:38:14","date_gmt":"2019-08-29T21:38:14","guid":{"rendered":"https:\/\/exactas.uba.ar\/higieneyseguridad\/?page_id=980"},"modified":"2019-09-30T15:18:25","modified_gmt":"2019-09-30T15:18:25","slug":"uso-de-instalaciones","status":"publish","type":"page","link":"https:\/\/exactas.uba.ar\/higieneyseguridad\/normativa\/resoluciones-fcen\/uso-de-instalaciones\/","title":{"rendered":"Normas de Convivencia"},"content":{"rendered":"<p><a class=\"boton doc\" href=\"https:\/\/exactas.uba.ar\/higieneyseguridad\/wp-content\/uploads\/2019\/08\/Resoluci\u00f3n-CD-53-1998-Prohibici\u00f3n-de-fumar-en-aulas-oficinas-y-laboratorios.pdf\">Resoluci\u00f3n (CD) 53-1998 Prohibici\u00f3n de fumar en aulas, oficinas y laboratorios<\/a><\/p>\n<p><a class=\"boton doc\" href=\"https:\/\/exactas.uba.ar\/higieneyseguridad\/wp-content\/uploads\/2019\/08\/Resoluci\u00f3n-CD-115-1999-Limitaci\u00f3n-a-la-Colocaci\u00f3n-de-carteles-de-propaganda.pdf\">Resoluci\u00f3n (CD) 115-1999 Limitaci\u00f3n a la Colocaci\u00f3n de carteles de propaganda<\/a><\/p>\n<p><a class=\"boton doc\" href=\"https:\/\/exactas.uba.ar\/higieneyseguridad\/wp-content\/uploads\/2019\/08\/Resoluci\u00f3n-CD-1882-2000-Normas-para-la-colocaci\u00f3n-de-carteles-habilitados.pdf\">Resoluci\u00f3n (CD) 1882-2000 Normas para la colocaci\u00f3n de carteles habilitados<\/a><\/p>\n<p><a class=\"boton doc\" href=\"https:\/\/exactas.uba.ar\/higieneyseguridad\/wp-content\/uploads\/2019\/08\/Resoluci\u00f3n-CD-3091-2009-Exactas-Libre-de-Humo.pdf\">Resoluci\u00f3n (CD) 3091-2009 Exactas Libre de Humo<\/a><\/p>\n<p><a class=\"boton doc\" href=\"https:\/\/exactas.uba.ar\/higieneyseguridad\/wp-content\/uploads\/2019\/08\/Resoluci\u00f3n-CD-893-2002-Prohibici\u00f3n-de-fumar-en-bibliotecas.pdf\">Resoluci\u00f3n (CD) 893-2002 Prohibici\u00f3n de fumar en bibliotecas<\/a><\/p>\n","protected":false},"excerpt":{"rendered":"Resoluci\u00f3n (CD) 53-1998 Prohibici\u00f3n de fumar en aulas, oficinas y laboratorios Resoluci\u00f3n (CD) 115-1999 Limitaci\u00f3n a la Colocaci\u00f3n de carteles de propaganda Resoluci\u00f3n (CD) 1882-2000 Normas para la colocaci\u00f3n de carteles habilitados Resoluci\u00f3n (CD) 3091-2009 Exactas Libre de Humo Resoluci\u00f3n (CD) 893-2002 Prohibici\u00f3n de fumar en bibliotecas","protected":false},"author":2,"featured_media":0,"parent":90,"menu_order":1,"comment_status":"closed","ping_status":"closed","template":"","meta":{"_acf_changed":false,"footnotes":""},"class_list":["post-980","page","type-page","status-publish","hentry"],"acf":[],"_links":{"self":[{"href":"https:\/\/exactas.uba.ar\/higieneyseguridad\/wp-json\/wp\/v2\/pages\/980","targetHints":{"allow":["GET"]}}],"collection":[{"href":"https:\/\/exactas.uba.ar\/higieneyseguridad\/wp-json\/wp\/v2\/pages"}],"about":[{"href":"https:\/\/exactas.uba.ar\/higieneyseguridad\/wp-json\/wp\/v2\/types\/page"}],"author":[{"embeddable":true,"href":"https:\/\/exactas.uba.ar\/higieneyseguridad\/wp-json\/wp\/v2\/users\/2"}],"replies":[{"embeddable":true,"href":"https:\/\/exactas.uba.ar\/higieneyseguridad\/wp-json\/wp\/v2\/comments?post=980"}],"version-history":[{"count":8,"href":"https:\/\/exactas.uba.ar\/higieneyseguridad\/wp-json\/wp\/v2\/pages\/980\/revisions"}],"predecessor-version":[{"id":1351,"href":"https:\/\/exactas.uba.ar\/higieneyseguridad\/wp-json\/wp\/v2\/pages\/980\/revisions\/1351"}],"up":[{"embeddable":true,"href":"https:\/\/exactas.uba.ar\/higieneyseguridad\/wp-json\/wp\/v2\/pages\/90"}],"wp:attachment":[{"href":"https:\/\/exactas.uba.ar\/higieneyseguridad\/wp-json\/wp\/v2\/media?parent=980"}],"curies":[{"name":"wp","href":"https:\/\/api.w.org\/{rel}","templated":true}]}}