{"id":8187,"date":"2025-03-18T15:55:38","date_gmt":"2025-03-18T15:55:38","guid":{"rendered":"https:\/\/exactas.uba.ar\/higieneyseguridad\/?page_id=8187"},"modified":"2025-04-23T16:19:40","modified_gmt":"2025-04-23T16:19:40","slug":"capacitaciones-2025","status":"publish","type":"page","link":"https:\/\/exactas.uba.ar\/higieneyseguridad\/capacitaciones\/capacitaciones-2025\/","title":{"rendered":"Capacitaciones 2025"},"content":{"rendered":"<p>Programa propuesto para el 2025.<\/p>\n<p>Por distintos medios iremos informando\u00a0 : Dia, horario , lugar,\u00a0 modalidad y como inscribirse con antelaci\u00f3n para poder programar la asistencia<\/p>\n<p>Seguiremos trabajando con los distintos sectores de la facultad en dos conceptos funtamentales :<\/p>\n<ul>\n<li style=\"list-style-type: none;\">\n<ul>\n<li style=\"list-style-type: none;\">\n<ul>\n<li><em><span style=\"color: #008080;\">Cultura de Seguridad<\/span><\/em><\/li>\n<li><em><span style=\"color: #008080;\">Percepcion del Riesgo<\/span><\/em><\/li>\n<\/ul>\n<\/li>\n<\/ul>\n<\/li>\n<\/ul>\n<p>Hoy mas que nunca tenemos que tener en cuenta que cada responsable de investigaci\u00f3n, docente, profesores deben formar profesionales que trabajen en condiciones seguras, que eviten tomar riesgos que no hayan evaluado.<\/p>\n<p>Todo trabajo debe comenzar con evaluar los riesgos, las medidas de contenci\u00f3n y los planes de contingencia.<\/p>\n<p>&nbsp;<\/p>\n\n<table id=\"tablepress-19\" class=\"tablepress tablepress-id-19 tbody-has-connected-cells\">\n<thead>\n<tr class=\"row-1\">\n\t<td class=\"column-1\"><\/td><th class=\"column-2\"><h6><b>NIVEL (a)<\/b><\/h6><\/th><th class=\"column-3\"><h6><b>TEMA - formulario de inscripci\u00f3n en el link de la capacitaci\u00f3n<\/b><\/h6><\/th>\n<\/tr>\n<\/thead>\n<tbody class=\"row-striping row-hover\">\n<tr class=\"row-2\">\n\t<td rowspan=\"9\" class=\"column-1\">MEDICINA LABORAL<\/td><td class=\"column-2\">1<\/td><td class=\"column-3\"><a href=\"https:\/\/exactas.uba.ar\/higieneyseguridad\/reanimacion-cardiopulmonar-y-uso-de-desfibrilador-externo-automatico\/\">Reanimaci\u00f3n Cardiopulmonar y uso de Desfibrilador Externo Autom\u00e1tico<\/a><\/td>\n<\/tr>\n<tr class=\"row-3\">\n\t<td class=\"column-2\">1<\/td><td class=\"column-3\"><a href=\"https:\/\/exactas.uba.ar\/higieneyseguridad\/primeros-auxilios\/\">Primeros Auxilios<\/a><\/td>\n<\/tr>\n<tr class=\"row-4\">\n\t<td class=\"column-2\">5<\/td><td class=\"column-3\"><a href=\"https:\/\/exactas.uba.ar\/higieneyseguridad\/rcp-para-infantes\/\">RCP para infantes<\/a><\/td>\n<\/tr>\n<tr class=\"row-5\">\n\t<td class=\"column-2\">5<\/td><td class=\"column-3\"><a href=\"https:\/\/exactas.uba.ar\/higieneyseguridad\/uso-y-cuidado-de-la-voz-para-maestras-jardineras\/\">Uso y cuidado de la voz para maestras jardineras<\/a><\/td>\n<\/tr>\n<tr class=\"row-6\">\n\t<td class=\"column-2\">2<\/td><td class=\"column-3\"><a href=\"https:\/\/exactas.uba.ar\/higieneyseguridad\/encuesta-de-exposicion\/\">Encuesta de exposici\u00f3n<\/a><\/td>\n<\/tr>\n<tr class=\"row-7\">\n\t<td class=\"column-2\">2<\/td><td class=\"column-3\"><a href=\"https:\/\/exactas.uba.ar\/higieneyseguridad\/uso-y-cuidado-de-la-voz\/\">Uso y cuidado de la voz<\/a><\/td>\n<\/tr>\n<tr class=\"row-8\">\n\t<td class=\"column-2\">1<\/td><td class=\"column-3\"><a href=\"https:\/\/exactas.uba.ar\/higieneyseguridad\/habitos-saludables-y-controles-de-salud-para-la-prevencion-de-enfermedades-en-general\/\">H\u00e1bitos saludables y controles de salud para la prevenci\u00f3n de enfermedades en general<\/a><\/td>\n<\/tr>\n<tr class=\"row-9\">\n\t<td class=\"column-2\">3<\/td><td class=\"column-3\"><a href=\"https:\/\/exactas.uba.ar\/higieneyseguridad\/tareas-de-campo\/\">Tareas de Campo<\/a><\/td>\n<\/tr>\n<tr class=\"row-10\">\n\t<td class=\"column-2\">1<\/td><td class=\"column-3\"><a href=\"https:\/\/exactas.uba.ar\/higieneyseguridad\/ergonomia-y-pausa-activa\/\">Ergonom\u00eda y Pausa activa<\/a><\/td>\n<\/tr>\n<tr class=\"row-11\">\n\t<td class=\"column-1\"><\/td><td class=\"column-2\"><\/td><td class=\"column-3\"><\/td>\n<\/tr>\n<tr class=\"row-12\">\n\t<td rowspan=\"4\" class=\"column-1\">EMERGENCIA<\/td><td class=\"column-2\">1<\/td><td class=\"column-3\"><a href=\"https:\/\/exactas.uba.ar\/higieneyseguridad\/plan-de-evacuacion-y-emergencias\/\">Plan de evacuaci\u00f3n y emergencias (*)<\/a><\/td>\n<\/tr>\n<tr class=\"row-13\">\n\t<td class=\"column-2\">3<\/td><td class=\"column-3\"><a href=\"https:\/\/exactas.uba.ar\/higieneyseguridad\/plan-de-evacuacion-y-emergencias-roles-de-brigadistas\/\">Plan de evacuaci\u00f3n y emergencias: Roles de brigadistas<\/a><\/td>\n<\/tr>\n<tr class=\"row-14\">\n\t<td class=\"column-2\">3<\/td><td class=\"column-3\"><a href=\"https:\/\/exactas.uba.ar\/higieneyseguridad\/uso-de-elementos-de-extincion\/\">Uso de elementos de extinci\u00f3n<\/a><\/td>\n<\/tr>\n<tr class=\"row-15\">\n\t<td class=\"column-2\">1<\/td><td class=\"column-3\"><a href=\"https:\/\/exactas.uba.ar\/higieneyseguridad\/prevencion-de-incendios\/\">Prevenci\u00f3n de incendios (*)<\/a><\/td>\n<\/tr>\n<tr class=\"row-16\">\n\t<td class=\"column-1\"><\/td><td class=\"column-2\"><\/td><td class=\"column-3\"><\/td>\n<\/tr>\n<tr class=\"row-17\">\n\t<td rowspan=\"4\" class=\"column-1\">COMPLEMENTARIOS <\/td><td class=\"column-2\">1<\/td><td class=\"column-3\"><a href=\"https:\/\/exactas.uba.ar\/higieneyseguridad\/accidentes-in-itinere-y-educacion-vial\/\">Accidentes In Itinere y Educaci\u00f3n Vial<\/a><\/td>\n<\/tr>\n<tr class=\"row-18\">\n\t<td class=\"column-2\">2<\/td><td class=\"column-3\"><a href=\"https:\/\/exactas.uba.ar\/higieneyseguridad\/taller-cultura-de-la-seguridad\/\">Taller: Cultura de la Seguridad<\/a><\/td>\n<\/tr>\n<tr class=\"row-19\">\n\t<td class=\"column-2\">1<\/td><td class=\"column-3\"><a href=\"https:\/\/exactas.uba.ar\/higieneyseguridad\/herramientas-comunicacionales-en-las-relaciones-laborales\/\">Herramientas comunicacionales en las relaciones laborales <\/a><\/td>\n<\/tr>\n<tr class=\"row-20\">\n\t<td class=\"column-2\">1<\/td><td class=\"column-3\"><a href=\"https:\/\/exactas.uba.ar\/higieneyseguridad\/trabajos-de-terceros-en-la-fcen\/\">Trabajos de terceros en la FCEN <\/a><\/td>\n<\/tr>\n<tr class=\"row-21\">\n\t<td class=\"column-1\"><\/td><td class=\"column-2\"><\/td><td class=\"column-3\"><\/td>\n<\/tr>\n<tr class=\"row-22\">\n\t<td rowspan=\"18\" class=\"column-1\">HIGIENE LABORAL<\/td><td class=\"column-2\">2<\/td><td class=\"column-3\"><a href=\"https:\/\/exactas.uba.ar\/higieneyseguridad\/taller-de-derrame-de-sustancias-quimicas\/\">Taller de derrame de sustancias qu\u00edmicas<\/a><\/td>\n<\/tr>\n<tr class=\"row-23\">\n\t<td class=\"column-2\">2<\/td><td class=\"column-3\"><a href=\"https:\/\/exactas.uba.ar\/higieneyseguridad\/normas-a-cumplir-dentro-del-laboratorio-control-de-exposicion-a-contaminantes-quimicos-trabajo-seguro-en-laboratorio-quimico\/\">Normas a cumplir dentro del laboratorio (Control de Exposici\u00f3n a Contaminantes Qu\u00edmicos -Trabajo Seguro en Laboratorio Qu\u00edmico)<\/a><\/td>\n<\/tr>\n<tr class=\"row-24\">\n\t<td class=\"column-2\">2<\/td><td class=\"column-3\"><a href=\"https:\/\/exactas.uba.ar\/higieneyseguridad\/manipulacion-de-productos-quimicos-sistema-globalmente-armonizado-sga\/\">Manipulaci\u00f3n de productos qu\u00edmicos (Sistema Globalmente Armonizado (SGA))<\/a><\/td>\n<\/tr>\n<tr class=\"row-25\">\n\t<td class=\"column-2\">2<\/td><td class=\"column-3\"><a href=\"https:\/\/exactas.uba.ar\/higieneyseguridad\/uso-seguro-de-herramientas-y-maquinas\/\">Uso seguro de herramientas y m\u00e1quinas<\/a><\/td>\n<\/tr>\n<tr class=\"row-26\">\n\t<td class=\"column-2\">2<\/td><td class=\"column-3\"><a href=\"https:\/\/exactas.uba.ar\/higieneyseguridad\/transporte-almacenamiento-y-uso-de-cilindros-de-gases-a-presion-y-liquidos-criogenicos\/\">Transporte, almacenamiento y uso de cilindros de gases a presi\u00f3n y l\u00edquidos criog\u00e9nicos<\/a><\/td>\n<\/tr>\n<tr class=\"row-27\">\n\t<td class=\"column-2\">3<\/td><td class=\"column-3\"><a href=\"https:\/\/exactas.uba.ar\/higieneyseguridad\/seguridad-en-trabajo-con-laseres\/\">Seguridad en trabajo con l\u00e1seres<\/a><\/td>\n<\/tr>\n<tr class=\"row-28\">\n\t<td class=\"column-2\">2<\/td><td class=\"column-3\"><a href=\"https:\/\/exactas.uba.ar\/higieneyseguridad\/elementos-de-proteccion-personal\/\">Elementos de Protecci\u00f3n Personal (*)<\/a><\/td>\n<\/tr>\n<tr class=\"row-29\">\n\t<td class=\"column-2\">2<\/td><td class=\"column-3\"><a href=\"https:\/\/exactas.uba.ar\/higieneyseguridad\/manejo-manual-de-cargas\/\">Manejo manual de cargas<\/a><\/td>\n<\/tr>\n<tr class=\"row-30\">\n\t<td class=\"column-2\">2<\/td><td class=\"column-3\"><a href=\"https:\/\/exactas.uba.ar\/higieneyseguridad\/riesgo-biologico-epp-cabinas-de-seguridad-biologicas\/\">Riesgo Biol\u00f3gico- EPP -Cabinas de Seguridad biol\u00f3gicas<\/a><\/td>\n<\/tr>\n<tr class=\"row-31\">\n\t<td class=\"column-2\">2<\/td><td class=\"column-3\"><a href=\"https:\/\/exactas.uba.ar\/higieneyseguridad\/taller-de-residuos-peligrosos-y-patogenicos\/\">Taller de residuos peligrosos y patog\u00e9nicos<\/a><\/td>\n<\/tr>\n<tr class=\"row-32\">\n\t<td class=\"column-2\">3<\/td><td class=\"column-3\"><a href=\"https:\/\/exactas.uba.ar\/higieneyseguridad\/utilizacion-de-medios-para-trabajar-en-altura\/\">Utilizaci\u00f3n de medios para trabajar en altura<\/a><\/td>\n<\/tr>\n<tr class=\"row-33\">\n\t<td class=\"column-2\">3<\/td><td class=\"column-3\"><a href=\"https:\/\/exactas.uba.ar\/higieneyseguridad\/riesgo-electrico-para-electricistas\/\">Riesgo el\u00e9ctrico para electricistas<\/a><\/td>\n<\/tr>\n<tr class=\"row-34\">\n\t<td class=\"column-2\">1<\/td><td class=\"column-3\"><a href=\"https:\/\/exactas.uba.ar\/higieneyseguridad\/prevencion-de-riesgos-electricos\/\">Prevenci\u00f3n de riesgos el\u00e9ctricos (*)<\/a><\/td>\n<\/tr>\n<tr class=\"row-35\">\n\t<td class=\"column-2\"><\/td><td class=\"column-3\"><\/td>\n<\/tr>\n<tr class=\"row-36\">\n\t<td class=\"column-2\">3<\/td><td class=\"column-3\"><a href=\"https:\/\/exactas.uba.ar\/higieneyseguridad\/manejo-central-de-alarmas\/\">Manejo de Central de Alarmas<\/a><\/td>\n<\/tr>\n<tr class=\"row-37\">\n\t<td class=\"column-2\">2<\/td><td class=\"column-3\"><a href=\"https:\/\/exactas.uba.ar\/higieneyseguridad\/precursores-quimicos-renpre\/\">Precursores qu\u00edmicos: RENPRE<\/a><\/td>\n<\/tr>\n<tr class=\"row-38\">\n\t<td class=\"column-2\">3<\/td><td class=\"column-3\"><a href=\"https:\/\/exactas.uba.ar\/higieneyseguridad\/biocustodia-y-acuerdos-de-transferencia-mta\/\">Biocustodia y acuerdos de transferencia (MTA)<\/a><\/td>\n<\/tr>\n<tr class=\"row-39\">\n\t<td class=\"column-2\">1<\/td><td class=\"column-3\"><a href=\"https:\/\/exactas.uba.ar\/higieneyseguridad\/visitas-no-esperadas\/\">Visitas no esperadas<\/a><\/td>\n<\/tr>\n<tr class=\"row-40\">\n\t<td class=\"column-1\"><\/td><td class=\"column-2\"><\/td><td class=\"column-3\"><\/td>\n<\/tr>\n<tr class=\"row-41\">\n\t<td rowspan=\"5\" class=\"column-1\">HIGIENE ALIMENTARIA<\/td><td class=\"column-2\">4<\/td><td class=\"column-3\"><a href=\"https:\/\/exactas.uba.ar\/higieneyseguridad\/limpieza-y-desinfeccion-poes\/\">Limpieza y desinfecci\u00f3n: POES<\/a><\/td>\n<\/tr>\n<tr class=\"row-42\">\n\t<td class=\"column-2\">4<\/td><td class=\"column-3\"><a href=\"https:\/\/exactas.uba.ar\/higieneyseguridad\/introduccion-a-las-buenas-practicas-de-manufactura-de-alimentos\/\">Introducci\u00f3n a las buenas pr\u00e1cticas de manufactura de alimentos<\/a><\/td>\n<\/tr>\n<tr class=\"row-43\">\n\t<td class=\"column-2\">4<\/td><td class=\"column-3\"><a href=\"https:\/\/exactas.uba.ar\/higieneyseguridad\/enfermedades-trasmitidas-por-alimentos-suh\/\">Enfermedades trasmitidas por alimentos: SUH<\/a><\/td>\n<\/tr>\n<tr class=\"row-44\">\n\t<td class=\"column-2\">4<\/td><td class=\"column-3\"><a href=\"https:\/\/exactas.uba.ar\/higieneyseguridad\/alergias-e-intolerancias-alimentarias\/\">Alergias e intolerancias alimentarias<\/a><\/td>\n<\/tr>\n<tr class=\"row-45\">\n\t<td class=\"column-2\">4<\/td><td class=\"column-3\"><a href=\"https:\/\/exactas.uba.ar\/higieneyseguridad\/dia-del-lavado-de-manos\/\">D\u00eda del lavado de manos<\/a><\/td>\n<\/tr>\n<tr class=\"row-46\">\n\t<td class=\"column-1\"><\/td><td class=\"column-2\"><\/td><td class=\"column-3\"><\/td>\n<\/tr>\n<tr class=\"row-47\">\n\t<td class=\"column-1\"><\/td><td class=\"column-2\"><\/td><td class=\"column-3\"><\/td>\n<\/tr>\n<tr class=\"row-48\">\n\t<td class=\"column-1\"><\/td><td class=\"column-2\"><\/td><td class=\"column-3\"><\/td>\n<\/tr>\n<tr class=\"row-49\">\n\t<td class=\"column-1\"><\/td><td class=\"column-2\"><\/td><td class=\"column-3\"><\/td>\n<\/tr>\n<\/tbody>\n<\/table>\n<!-- #tablepress-19 from cache -->\n<p>(a) Detalle de los niveles\u00a0 ver\u00a0 <a href=\"https:\/\/exactas.uba.ar\/higieneyseguridad\/capacitaciones\/\">Capacitaciones<\/a><\/p>\n<p>&nbsp;<\/p>\n","protected":false},"excerpt":{"rendered":"Programa propuesto para el 2025. Por distintos medios iremos informando\u00a0 : Dia, horario , lugar,\u00a0 modalidad y como inscribirse con antelaci\u00f3n para poder programar la asistencia Seguiremos trabajando con los distintos sectores de la facultad en dos conceptos funtamentales : Cultura de Seguridad Percepcion del Riesgo Hoy mas que nunca tenemos que tener en cuenta&#8230; <a class=\"view-article\" href=\"https:\/\/exactas.uba.ar\/higieneyseguridad\/capacitaciones\/capacitaciones-2025\/\">LEER +<\/a>","protected":false},"author":2,"featured_media":0,"parent":194,"menu_order":1,"comment_status":"closed","ping_status":"closed","template":"","meta":{"_acf_changed":false,"footnotes":""},"class_list":["post-8187","page","type-page","status-publish","hentry"],"acf":[],"_links":{"self":[{"href":"https:\/\/exactas.uba.ar\/higieneyseguridad\/wp-json\/wp\/v2\/pages\/8187","targetHints":{"allow":["GET"]}}],"collection":[{"href":"https:\/\/exactas.uba.ar\/higieneyseguridad\/wp-json\/wp\/v2\/pages"}],"about":[{"href":"https:\/\/exactas.uba.ar\/higieneyseguridad\/wp-json\/wp\/v2\/types\/page"}],"author":[{"embeddable":true,"href":"https:\/\/exactas.uba.ar\/higieneyseguridad\/wp-json\/wp\/v2\/users\/2"}],"replies":[{"embeddable":true,"href":"https:\/\/exactas.uba.ar\/higieneyseguridad\/wp-json\/wp\/v2\/comments?post=8187"}],"version-history":[{"count":7,"href":"https:\/\/exactas.uba.ar\/higieneyseguridad\/wp-json\/wp\/v2\/pages\/8187\/revisions"}],"predecessor-version":[{"id":8323,"href":"https:\/\/exactas.uba.ar\/higieneyseguridad\/wp-json\/wp\/v2\/pages\/8187\/revisions\/8323"}],"up":[{"embeddable":true,"href":"https:\/\/exactas.uba.ar\/higieneyseguridad\/wp-json\/wp\/v2\/pages\/194"}],"wp:attachment":[{"href":"https:\/\/exactas.uba.ar\/higieneyseguridad\/wp-json\/wp\/v2\/media?parent=8187"}],"curies":[{"name":"wp","href":"https:\/\/api.w.org\/{rel}","templated":true}]}}