{"id":7326,"date":"2024-03-27T17:28:02","date_gmt":"2024-03-27T17:28:02","guid":{"rendered":"https:\/\/exactas.uba.ar\/higieneyseguridad\/?page_id=7326"},"modified":"2024-03-27T17:28:02","modified_gmt":"2024-03-27T17:28:02","slug":"riesgo-biologico-epp-cabinas-de-seguridad-biologicas","status":"publish","type":"page","link":"https:\/\/exactas.uba.ar\/higieneyseguridad\/riesgo-biologico-epp-cabinas-de-seguridad-biologicas\/","title":{"rendered":"Riesgo Biol\u00f3gico- EPP -Cabinas de Seguridad biol\u00f3gicas"},"content":{"rendered":"<h3><strong>OBJETIVOS DE LA CAPACITACI\u00d3N<\/strong><\/h3>\n<p>Comprender e incorporar los protocolos adecuados para trabajar de manera segura, evitando la exposici\u00f3n de los agentes de riesgo.<\/p>\n<h3><strong>A QUI\u00c9N EST\u00c1 DIRIGIDA<\/strong><\/h3>\n<p>Docentes e Investigadores que realicen actividades con agentes biol\u00f3gicos.<\/p>\n<h3><strong>A QU\u00c9 NIVEL PERTENECE<\/strong><\/h3>\n<p><em>NIVEL 2 \u2013<\/em>estas capacitaciones son obligatorias seg\u00fan la actividad que realicen en la FCEN.<\/p>\n<h3><strong>FORMULARIO DE INSCRIPCI\u00d3N<\/strong><\/h3>\n<p>Se publicar\u00e1 en cuanto se confirme fecha y hora de la capacitaci\u00f3n.<\/p>\n","protected":false},"excerpt":{"rendered":"OBJETIVOS DE LA CAPACITACI\u00d3N Comprender e incorporar los protocolos adecuados para trabajar de manera segura, evitando la exposici\u00f3n de los agentes de riesgo. A QUI\u00c9N EST\u00c1 DIRIGIDA Docentes e Investigadores que realicen actividades con agentes biol\u00f3gicos. A QU\u00c9 NIVEL PERTENECE NIVEL 2 \u2013estas capacitaciones son obligatorias seg\u00fan la actividad que realicen en la FCEN. FORMULARIO&#8230; <a class=\"view-article\" href=\"https:\/\/exactas.uba.ar\/higieneyseguridad\/riesgo-biologico-epp-cabinas-de-seguridad-biologicas\/\">LEER +<\/a>","protected":false},"author":2,"featured_media":0,"parent":0,"menu_order":0,"comment_status":"closed","ping_status":"closed","template":"","meta":{"_acf_changed":false,"footnotes":""},"class_list":["post-7326","page","type-page","status-publish","hentry"],"acf":[],"_links":{"self":[{"href":"https:\/\/exactas.uba.ar\/higieneyseguridad\/wp-json\/wp\/v2\/pages\/7326","targetHints":{"allow":["GET"]}}],"collection":[{"href":"https:\/\/exactas.uba.ar\/higieneyseguridad\/wp-json\/wp\/v2\/pages"}],"about":[{"href":"https:\/\/exactas.uba.ar\/higieneyseguridad\/wp-json\/wp\/v2\/types\/page"}],"author":[{"embeddable":true,"href":"https:\/\/exactas.uba.ar\/higieneyseguridad\/wp-json\/wp\/v2\/users\/2"}],"replies":[{"embeddable":true,"href":"https:\/\/exactas.uba.ar\/higieneyseguridad\/wp-json\/wp\/v2\/comments?post=7326"}],"version-history":[{"count":1,"href":"https:\/\/exactas.uba.ar\/higieneyseguridad\/wp-json\/wp\/v2\/pages\/7326\/revisions"}],"predecessor-version":[{"id":7328,"href":"https:\/\/exactas.uba.ar\/higieneyseguridad\/wp-json\/wp\/v2\/pages\/7326\/revisions\/7328"}],"wp:attachment":[{"href":"https:\/\/exactas.uba.ar\/higieneyseguridad\/wp-json\/wp\/v2\/media?parent=7326"}],"curies":[{"name":"wp","href":"https:\/\/api.w.org\/{rel}","templated":true}]}}