{"id":7181,"date":"2024-03-19T18:06:06","date_gmt":"2024-03-19T18:06:06","guid":{"rendered":"https:\/\/exactas.uba.ar\/higieneyseguridad\/?page_id=7181"},"modified":"2025-05-28T18:34:17","modified_gmt":"2025-05-28T18:34:17","slug":"visitas-no-esperadas","status":"publish","type":"page","link":"https:\/\/exactas.uba.ar\/higieneyseguridad\/visitas-no-esperadas\/","title":{"rendered":"Visitas no esperadas"},"content":{"rendered":"<h3><strong>OBJETIVOS DE LA CAPACITACI\u00d3N<\/strong><\/h3>\n<p>Comprender conductas que debemos llevar adelante cuando nos enfrentamos a distintas situaciones que se pueden dar en nuestro espacio de trabajo.<\/p>\n<h3><strong>A QUI\u00c9N EST\u00c1 DIRIGIDA<\/strong><\/h3>\n<p>Comunidad de FCEN.<\/p>\n<h3><strong>A QU\u00c9 NIVEL PERTENECE<\/strong><\/h3>\n<p><em>NIVEL 1 \u2013\u00a0<\/em>compuesto por aquellas capacitaciones que son para todos los trabajadores de la FCEN sin importar su jerarqu\u00eda, antig\u00fcedad o puesto de trabajo.<\/p>\n<h3><strong>FORMULARIO DE INSCRIPCI\u00d3N<\/strong><\/h3>\n<p>Viernes 30 de mayo a las\u00a012hs.<\/p>\n<p><a href=\"https:\/\/forms.gle\/zKW6X3YKD8UD5XH96\">Formulario de Inscripci\u00f3n<\/a><\/p>\n<p>Modo presencial en el aula 1113 del edificio Cero+Infinito.<\/p>\n<div>Duraci\u00f3n aproximada: 60 minutos<\/div>\n","protected":false},"excerpt":{"rendered":"OBJETIVOS DE LA CAPACITACI\u00d3N Comprender conductas que debemos llevar adelante cuando nos enfrentamos a distintas situaciones que se pueden dar en nuestro espacio de trabajo. A QUI\u00c9N EST\u00c1 DIRIGIDA Comunidad de FCEN. A QU\u00c9 NIVEL PERTENECE NIVEL 1 \u2013\u00a0compuesto por aquellas capacitaciones que son para todos los trabajadores de la FCEN sin importar su jerarqu\u00eda,&#8230; <a class=\"view-article\" href=\"https:\/\/exactas.uba.ar\/higieneyseguridad\/visitas-no-esperadas\/\">LEER +<\/a>","protected":false},"author":2,"featured_media":0,"parent":0,"menu_order":0,"comment_status":"closed","ping_status":"closed","template":"","meta":{"_acf_changed":false,"footnotes":""},"class_list":["post-7181","page","type-page","status-publish","hentry"],"acf":[],"_links":{"self":[{"href":"https:\/\/exactas.uba.ar\/higieneyseguridad\/wp-json\/wp\/v2\/pages\/7181","targetHints":{"allow":["GET"]}}],"collection":[{"href":"https:\/\/exactas.uba.ar\/higieneyseguridad\/wp-json\/wp\/v2\/pages"}],"about":[{"href":"https:\/\/exactas.uba.ar\/higieneyseguridad\/wp-json\/wp\/v2\/types\/page"}],"author":[{"embeddable":true,"href":"https:\/\/exactas.uba.ar\/higieneyseguridad\/wp-json\/wp\/v2\/users\/2"}],"replies":[{"embeddable":true,"href":"https:\/\/exactas.uba.ar\/higieneyseguridad\/wp-json\/wp\/v2\/comments?post=7181"}],"version-history":[{"count":3,"href":"https:\/\/exactas.uba.ar\/higieneyseguridad\/wp-json\/wp\/v2\/pages\/7181\/revisions"}],"predecessor-version":[{"id":8390,"href":"https:\/\/exactas.uba.ar\/higieneyseguridad\/wp-json\/wp\/v2\/pages\/7181\/revisions\/8390"}],"wp:attachment":[{"href":"https:\/\/exactas.uba.ar\/higieneyseguridad\/wp-json\/wp\/v2\/media?parent=7181"}],"curies":[{"name":"wp","href":"https:\/\/api.w.org\/{rel}","templated":true}]}}

<h3><strong>OBJETIVOS DE LA CAPACITACIÓN</strong></h3>
<p>Comprender conductas que debemos llevar adelante cuando nos enfrentamos a distintas situaciones que se pueden dar en nuestro espacio de trabajo.</p>
<h3><strong>A QUIÉN ESTÁ DIRIGIDA</strong></h3>
<p>Comunidad de FCEN.</p>
<h3><strong>A QUÉ NIVEL PERTENECE</strong></h3>
<p><em>NIVEL 1 – </em>compuesto por aquellas capacitaciones que son para todos los trabajadores de la FCEN sin importar su jerarquía, antigüedad o puesto de trabajo.</p>
<h3><strong>FORMULARIO DE INSCRIPCIÓN</strong></h3>
<p>Viernes 30 de mayo a las 12hs.</p>
<p><a href="https://forms.gle/zKW6X3YKD8UD5XH96">Formulario de Inscripción</a></p>
<p>Modo presencial en el aula 1113 del edificio Cero+Infinito.</p>
<div>Duración aproximada: 60 minutos</div>

OBJETIVOS DE LA CAPACITACIÓN Comprender conductas que debemos llevar adelante cuando nos enfrentamos a distintas situaciones que se pueden dar en nuestro espacio de trabajo. A QUIÉN ESTÁ DIRIGIDA Comunidad de FCEN. A QUÉ NIVEL PERTENECE NIVEL 1 – compuesto por aquellas capacitaciones que son para todos los trabajadores de la FCEN sin importar su jerarquía,&#8230; <a class="view-article" href="https://exactas.uba.ar/higieneyseguridad/visitas-no-esperadas/">LEER +</a>
