{"id":7178,"date":"2024-03-19T18:00:13","date_gmt":"2024-03-19T18:00:13","guid":{"rendered":"https:\/\/exactas.uba.ar\/higieneyseguridad\/?page_id=7178"},"modified":"2024-03-27T17:38:01","modified_gmt":"2024-03-27T17:38:01","slug":"rotulacion-de-alimentos-envasados","status":"publish","type":"page","link":"https:\/\/exactas.uba.ar\/higieneyseguridad\/rotulacion-de-alimentos-envasados\/","title":{"rendered":"Rotulaci\u00f3n de alimentos envasados"},"content":{"rendered":"<h3><strong>OBJETIVOS DE LA CAPACITACI\u00d3N<\/strong><\/h3>\n<p>Brindar informaci\u00f3n necesaria sobre la rotulaci\u00f3n actual obligatoria de los alimentos envasados y para qu\u00e9 sirve; as\u00ed como tambi\u00e9n N\u00fameros de registro obligatorios y Etiquetado frontal obligatorio.<\/p>\n<h3><strong>A QUI\u00c9N EST\u00c1 DIRIGIDA<\/strong><\/h3>\n<p>Personal de FCEN que manipule alimentos en los comedores, kioscos y cocinas.<\/p>\n<h3><strong>A QU\u00c9 NIVEL PERTENECE<\/strong><\/h3>\n<p><em>NIVEL 4 \u2013\u00a0<\/em>capacitaci\u00f3n para trabajos con alimentos.<\/p>\n<h3><strong>FORMULARIO DE INSCRIPCI\u00d3N<\/strong><\/h3>\n<p>Se publicar\u00e1 en cuanto se confirme fecha y hora de la capacitaci\u00f3n.<\/p>\n","protected":false},"excerpt":{"rendered":"OBJETIVOS DE LA CAPACITACI\u00d3N Brindar informaci\u00f3n necesaria sobre la rotulaci\u00f3n actual obligatoria de los alimentos envasados y para qu\u00e9 sirve; as\u00ed como tambi\u00e9n N\u00fameros de registro obligatorios y Etiquetado frontal obligatorio. A QUI\u00c9N EST\u00c1 DIRIGIDA Personal de FCEN que manipule alimentos en los comedores, kioscos y cocinas. A QU\u00c9 NIVEL PERTENECE NIVEL 4 \u2013\u00a0capacitaci\u00f3n para&#8230; <a class=\"view-article\" href=\"https:\/\/exactas.uba.ar\/higieneyseguridad\/rotulacion-de-alimentos-envasados\/\">LEER +<\/a>","protected":false},"author":2,"featured_media":0,"parent":0,"menu_order":0,"comment_status":"closed","ping_status":"closed","template":"","meta":{"_acf_changed":false,"footnotes":""},"class_list":["post-7178","page","type-page","status-publish","hentry"],"acf":[],"_links":{"self":[{"href":"https:\/\/exactas.uba.ar\/higieneyseguridad\/wp-json\/wp\/v2\/pages\/7178","targetHints":{"allow":["GET"]}}],"collection":[{"href":"https:\/\/exactas.uba.ar\/higieneyseguridad\/wp-json\/wp\/v2\/pages"}],"about":[{"href":"https:\/\/exactas.uba.ar\/higieneyseguridad\/wp-json\/wp\/v2\/types\/page"}],"author":[{"embeddable":true,"href":"https:\/\/exactas.uba.ar\/higieneyseguridad\/wp-json\/wp\/v2\/users\/2"}],"replies":[{"embeddable":true,"href":"https:\/\/exactas.uba.ar\/higieneyseguridad\/wp-json\/wp\/v2\/comments?post=7178"}],"version-history":[{"count":2,"href":"https:\/\/exactas.uba.ar\/higieneyseguridad\/wp-json\/wp\/v2\/pages\/7178\/revisions"}],"predecessor-version":[{"id":7333,"href":"https:\/\/exactas.uba.ar\/higieneyseguridad\/wp-json\/wp\/v2\/pages\/7178\/revisions\/7333"}],"wp:attachment":[{"href":"https:\/\/exactas.uba.ar\/higieneyseguridad\/wp-json\/wp\/v2\/media?parent=7178"}],"curies":[{"name":"wp","href":"https:\/\/api.w.org\/{rel}","templated":true}]}}