{"id":7140,"date":"2024-03-13T18:46:36","date_gmt":"2024-03-13T18:46:36","guid":{"rendered":"https:\/\/exactas.uba.ar\/higieneyseguridad\/?page_id=7140"},"modified":"2025-04-03T20:57:04","modified_gmt":"2025-04-03T20:57:04","slug":"manejo-manual-de-cargas","status":"publish","type":"page","link":"https:\/\/exactas.uba.ar\/higieneyseguridad\/manejo-manual-de-cargas\/","title":{"rendered":"Manejo manual de cargas"},"content":{"rendered":"<h3><strong>OBJETIVOS DE LA CAPACITACI\u00d3N<\/strong><\/h3>\n<p>Aprender los movimientos correctos para poder manejar cargas de manera adecuada y segura, evitando lesiones.<\/p>\n<h3><strong>A QUI\u00c9N EST\u00c1 DIRIGIDA<\/strong><\/h3>\n<p>Todos los trabajadores No Docentes e Investigadores que dentro de sus actividades laborales desplazan cargas en forma frecuente.<\/p>\n<h3><strong>A QU\u00c9 NIVEL PERTENECE<\/strong><\/h3>\n<p><em>NIVEL 2 \u2013<\/em>estas capacitaciones son obligatorias seg\u00fan la actividad que realicen en la FCEN<\/p>\n<h3><strong>FORMULARIO DE INSCRIPCI\u00d3N<\/strong><\/h3>\n<p><a href=\"https:\/\/forms.gle\/dZH1pQa2RrSa6KTp9\">Formulario de Inscripci\u00f3n<\/a><br \/>\nMartes 15 de abril de 2025\u00a0 a las 11hs &#8211; Modalidad Presencial<br \/>\nDictada por PROVINCIA ART<\/p>\n<p>&nbsp;<\/p>\n<p>&nbsp;<\/p>\n","protected":false},"excerpt":{"rendered":"OBJETIVOS DE LA CAPACITACI\u00d3N Aprender los movimientos correctos para poder manejar cargas de manera adecuada y segura, evitando lesiones. A QUI\u00c9N EST\u00c1 DIRIGIDA Todos los trabajadores No Docentes e Investigadores que dentro de sus actividades laborales desplazan cargas en forma frecuente. A QU\u00c9 NIVEL PERTENECE NIVEL 2 \u2013estas capacitaciones son obligatorias seg\u00fan la actividad que&#8230; <a class=\"view-article\" href=\"https:\/\/exactas.uba.ar\/higieneyseguridad\/manejo-manual-de-cargas\/\">LEER +<\/a>","protected":false},"author":2,"featured_media":0,"parent":0,"menu_order":0,"comment_status":"closed","ping_status":"closed","template":"","meta":{"_acf_changed":false,"footnotes":""},"class_list":["post-7140","page","type-page","status-publish","hentry"],"acf":[],"_links":{"self":[{"href":"https:\/\/exactas.uba.ar\/higieneyseguridad\/wp-json\/wp\/v2\/pages\/7140","targetHints":{"allow":["GET"]}}],"collection":[{"href":"https:\/\/exactas.uba.ar\/higieneyseguridad\/wp-json\/wp\/v2\/pages"}],"about":[{"href":"https:\/\/exactas.uba.ar\/higieneyseguridad\/wp-json\/wp\/v2\/types\/page"}],"author":[{"embeddable":true,"href":"https:\/\/exactas.uba.ar\/higieneyseguridad\/wp-json\/wp\/v2\/users\/2"}],"replies":[{"embeddable":true,"href":"https:\/\/exactas.uba.ar\/higieneyseguridad\/wp-json\/wp\/v2\/comments?post=7140"}],"version-history":[{"count":5,"href":"https:\/\/exactas.uba.ar\/higieneyseguridad\/wp-json\/wp\/v2\/pages\/7140\/revisions"}],"predecessor-version":[{"id":8300,"href":"https:\/\/exactas.uba.ar\/higieneyseguridad\/wp-json\/wp\/v2\/pages\/7140\/revisions\/8300"}],"wp:attachment":[{"href":"https:\/\/exactas.uba.ar\/higieneyseguridad\/wp-json\/wp\/v2\/media?parent=7140"}],"curies":[{"name":"wp","href":"https:\/\/api.w.org\/{rel}","templated":true}]}}

<h3><strong>OBJETIVOS DE LA CAPACITACIÓN</strong></h3>
<p>Aprender los movimientos correctos para poder manejar cargas de manera adecuada y segura, evitando lesiones.</p>
<h3><strong>A QUIÉN ESTÁ DIRIGIDA</strong></h3>
<p>Todos los trabajadores No Docentes e Investigadores que dentro de sus actividades laborales desplazan cargas en forma frecuente.</p>
<h3><strong>A QUÉ NIVEL PERTENECE</strong></h3>
<p><em>NIVEL 2 –</em>estas capacitaciones son obligatorias según la actividad que realicen en la FCEN</p>
<h3><strong>FORMULARIO DE INSCRIPCIÓN</strong></h3>
<p><a href="https://forms.gle/dZH1pQa2RrSa6KTp9">Formulario de Inscripción</a><br />
Martes 15 de abril de 2025  a las 11hs &#8211; Modalidad Presencial<br />
Dictada por PROVINCIA ART</p>
<p>&nbsp;</p>
<p>&nbsp;</p>

OBJETIVOS DE LA CAPACITACIÓN Aprender los movimientos correctos para poder manejar cargas de manera adecuada y segura, evitando lesiones. A QUIÉN ESTÁ DIRIGIDA Todos los trabajadores No Docentes e Investigadores que dentro de sus actividades laborales desplazan cargas en forma frecuente. A QUÉ NIVEL PERTENECE NIVEL 2 –estas capacitaciones son obligatorias según la actividad que&#8230; <a class="view-article" href="https://exactas.uba.ar/higieneyseguridad/manejo-manual-de-cargas/">LEER +</a>
