{"id":7112,"date":"2024-03-13T15:10:23","date_gmt":"2024-03-13T15:10:23","guid":{"rendered":"https:\/\/exactas.uba.ar\/higieneyseguridad\/?page_id=7112"},"modified":"2025-05-28T18:32:27","modified_gmt":"2025-05-28T18:32:27","slug":"ergonomia-y-pausa-activa","status":"publish","type":"page","link":"https:\/\/exactas.uba.ar\/higieneyseguridad\/ergonomia-y-pausa-activa\/","title":{"rendered":"Ergonom\u00eda y pausa activa"},"content":{"rendered":"<h3><strong>OBJETIVOS DE LA CAPACITACI\u00d3N<\/strong><\/h3>\n<p>Generar mejores h\u00e1bitos a trav\u00e9s del an\u00e1lisis de las posturas y pausas. Esto nos ayuda a atravesar la jornada laboral de manera m\u00e1s conveniente y cuidada.<\/p>\n<h3><strong>A QUI\u00c9N EST\u00c1 DIRIGIDA<\/strong><\/h3>\n<p>Trabajadores No Docentes e Investigadores, especialmente aquellas personas que realicen tareas administrativas o de escritorio.<\/p>\n<h3><strong>A QU\u00c9 NIVEL PERTENECE<\/strong><\/h3>\n<p><em>NIVEL 1 \u2013\u00a0<\/em>compuesto por aquellas capacitaciones que son para todos los trabajadores de la FCEN sin importar su jerarqu\u00eda, antig\u00fcedad o puesto de trabajo.<\/p>\n<h3><strong>FORMULARIO DE INSCRIPCI\u00d3N<\/strong><\/h3>\n<p>JUNIO: <a href=\"https:\/\/forms.gle\/NvsVqszwHopoFJhW9\">Formulario de Inscripci\u00f3n<\/a><br \/>\nMartes 03\/06 a las 10.30hs &#8211; Modalidad Presencial<br \/>\nDictada por PROVINCIA ART<\/p>\n","protected":false},"excerpt":{"rendered":"OBJETIVOS DE LA CAPACITACI\u00d3N Generar mejores h\u00e1bitos a trav\u00e9s del an\u00e1lisis de las posturas y pausas. Esto nos ayuda a atravesar la jornada laboral de manera m\u00e1s conveniente y cuidada. A QUI\u00c9N EST\u00c1 DIRIGIDA Trabajadores No Docentes e Investigadores, especialmente aquellas personas que realicen tareas administrativas o de escritorio. A QU\u00c9 NIVEL PERTENECE NIVEL 1&#8230; <a class=\"view-article\" href=\"https:\/\/exactas.uba.ar\/higieneyseguridad\/ergonomia-y-pausa-activa\/\">LEER +<\/a>","protected":false},"author":2,"featured_media":0,"parent":0,"menu_order":0,"comment_status":"closed","ping_status":"closed","template":"","meta":{"_acf_changed":false,"footnotes":""},"class_list":["post-7112","page","type-page","status-publish","hentry"],"acf":[],"_links":{"self":[{"href":"https:\/\/exactas.uba.ar\/higieneyseguridad\/wp-json\/wp\/v2\/pages\/7112","targetHints":{"allow":["GET"]}}],"collection":[{"href":"https:\/\/exactas.uba.ar\/higieneyseguridad\/wp-json\/wp\/v2\/pages"}],"about":[{"href":"https:\/\/exactas.uba.ar\/higieneyseguridad\/wp-json\/wp\/v2\/types\/page"}],"author":[{"embeddable":true,"href":"https:\/\/exactas.uba.ar\/higieneyseguridad\/wp-json\/wp\/v2\/users\/2"}],"replies":[{"embeddable":true,"href":"https:\/\/exactas.uba.ar\/higieneyseguridad\/wp-json\/wp\/v2\/comments?post=7112"}],"version-history":[{"count":3,"href":"https:\/\/exactas.uba.ar\/higieneyseguridad\/wp-json\/wp\/v2\/pages\/7112\/revisions"}],"predecessor-version":[{"id":8387,"href":"https:\/\/exactas.uba.ar\/higieneyseguridad\/wp-json\/wp\/v2\/pages\/7112\/revisions\/8387"}],"wp:attachment":[{"href":"https:\/\/exactas.uba.ar\/higieneyseguridad\/wp-json\/wp\/v2\/media?parent=7112"}],"curies":[{"name":"wp","href":"https:\/\/api.w.org\/{rel}","templated":true}]}}

Ergonomía y pausa activa

<h3><strong>OBJETIVOS DE LA CAPACITACIÓN</strong></h3>
<p>Generar mejores hábitos a través del análisis de las posturas y pausas. Esto nos ayuda a atravesar la jornada laboral de manera más conveniente y cuidada.</p>
<h3><strong>A QUIÉN ESTÁ DIRIGIDA</strong></h3>
<p>Trabajadores No Docentes e Investigadores, especialmente aquellas personas que realicen tareas administrativas o de escritorio.</p>
<h3><strong>A QUÉ NIVEL PERTENECE</strong></h3>
<p><em>NIVEL 1 – </em>compuesto por aquellas capacitaciones que son para todos los trabajadores de la FCEN sin importar su jerarquía, antigüedad o puesto de trabajo.</p>
<h3><strong>FORMULARIO DE INSCRIPCIÓN</strong></h3>
<p>JUNIO: <a href="https://forms.gle/NvsVqszwHopoFJhW9">Formulario de Inscripción</a><br />
Martes 03/06 a las 10.30hs &#8211; Modalidad Presencial<br />
Dictada por PROVINCIA ART</p>

OBJETIVOS DE LA CAPACITACIÓN Generar mejores hábitos a través del análisis de las posturas y pausas. Esto nos ayuda a atravesar la jornada laboral de manera más conveniente y cuidada. A QUIÉN ESTÁ DIRIGIDA Trabajadores No Docentes e Investigadores, especialmente aquellas personas que realicen tareas administrativas o de escritorio. A QUÉ NIVEL PERTENECE NIVEL 1&#8230; <a class="view-article" href="https://exactas.uba.ar/higieneyseguridad/ergonomia-y-pausa-activa/">LEER +</a>
