{"id":7106,"date":"2024-03-13T14:37:51","date_gmt":"2024-03-13T14:37:51","guid":{"rendered":"https:\/\/exactas.uba.ar\/higieneyseguridad\/?page_id=7106"},"modified":"2025-04-03T20:33:55","modified_gmt":"2025-04-03T20:33:55","slug":"prevencion-de-incendios","status":"publish","type":"page","link":"https:\/\/exactas.uba.ar\/higieneyseguridad\/prevencion-de-incendios\/","title":{"rendered":"Prevenci\u00f3n de incendios"},"content":{"rendered":"<h3><strong>OBJETIVOS DE LA CAPACITACI\u00d3N<\/strong><\/h3>\n<p>Integrar no s\u00f3lo las precauciones que debemos tomar para evadir posibles riesgos, sino tambi\u00e9n el modo de actuar ante la efectividad de un incendio.<\/p>\n<h3><strong>A QUI\u00c9N EST\u00c1 DIRIGIDA<\/strong><\/h3>\n<p>Todos los trabajadores de la comunidad de Exactas, especialmente Docentes y personal de Seguridad y Control.<\/p>\n<h3><strong>A QU\u00c9 NIVEL PERTENECE<\/strong><\/h3>\n<p><em>NIVEL 1 \u2013\u00a0<\/em>compuesto por aquellas capacitaciones que son para todos los trabajadores de la FCEN sin importar su jerarqu\u00eda, antig\u00fcedad o puesto de trabajo.<\/p>\n<p>(*) Estas capacitaciones se encuentran incluidas en el listado de capacitaciones obligatorias exigidas en la Res. 905\/2015<\/p>\n<h3><strong>FORMULARIO DE INSCRIPCI\u00d3N<\/strong><\/h3>\n<p>Lunes 14 de abril de 2025 &#8211; 12hs: <a href=\"https:\/\/forms.gle\/Wfhrwukggx1XHSmG8\">Enlace<\/a><\/p>\n<p>&nbsp;<\/p>\n","protected":false},"excerpt":{"rendered":"OBJETIVOS DE LA CAPACITACI\u00d3N Integrar no s\u00f3lo las precauciones que debemos tomar para evadir posibles riesgos, sino tambi\u00e9n el modo de actuar ante la efectividad de un incendio. A QUI\u00c9N EST\u00c1 DIRIGIDA Todos los trabajadores de la comunidad de Exactas, especialmente Docentes y personal de Seguridad y Control. A QU\u00c9 NIVEL PERTENECE NIVEL 1 \u2013\u00a0compuesto&#8230; <a class=\"view-article\" href=\"https:\/\/exactas.uba.ar\/higieneyseguridad\/prevencion-de-incendios\/\">LEER +<\/a>","protected":false},"author":2,"featured_media":0,"parent":0,"menu_order":0,"comment_status":"closed","ping_status":"closed","template":"","meta":{"_acf_changed":false,"footnotes":""},"class_list":["post-7106","page","type-page","status-publish","hentry"],"acf":[],"_links":{"self":[{"href":"https:\/\/exactas.uba.ar\/higieneyseguridad\/wp-json\/wp\/v2\/pages\/7106","targetHints":{"allow":["GET"]}}],"collection":[{"href":"https:\/\/exactas.uba.ar\/higieneyseguridad\/wp-json\/wp\/v2\/pages"}],"about":[{"href":"https:\/\/exactas.uba.ar\/higieneyseguridad\/wp-json\/wp\/v2\/types\/page"}],"author":[{"embeddable":true,"href":"https:\/\/exactas.uba.ar\/higieneyseguridad\/wp-json\/wp\/v2\/users\/2"}],"replies":[{"embeddable":true,"href":"https:\/\/exactas.uba.ar\/higieneyseguridad\/wp-json\/wp\/v2\/comments?post=7106"}],"version-history":[{"count":5,"href":"https:\/\/exactas.uba.ar\/higieneyseguridad\/wp-json\/wp\/v2\/pages\/7106\/revisions"}],"predecessor-version":[{"id":8298,"href":"https:\/\/exactas.uba.ar\/higieneyseguridad\/wp-json\/wp\/v2\/pages\/7106\/revisions\/8298"}],"wp:attachment":[{"href":"https:\/\/exactas.uba.ar\/higieneyseguridad\/wp-json\/wp\/v2\/media?parent=7106"}],"curies":[{"name":"wp","href":"https:\/\/api.w.org\/{rel}","templated":true}]}}