{"id":4143,"date":"2021-10-12T21:52:29","date_gmt":"2021-10-12T21:52:29","guid":{"rendered":"https:\/\/exactas.uba.ar\/higieneyseguridad\/?page_id=4143"},"modified":"2025-03-18T16:45:54","modified_gmt":"2025-03-18T16:45:54","slug":"capacitaciones-2021","status":"publish","type":"page","link":"https:\/\/exactas.uba.ar\/higieneyseguridad\/capacitaciones\/capacitaciones-2021\/","title":{"rendered":"Capacitaciones 2021"},"content":{"rendered":"<h4><strong>CAPACITACIONES ASINCRONICAS<\/strong><\/h4>\n<p>En el campus de EXACTAS pueden encontrar distintas capacitaciones<\/p>\n<ul>\n<li>TALLER DE GESTI\u00d3N DE RESIDUOS PELIGROSOS Y PATOGENICOS<\/li>\n<li>PREVENCI\u00d3N EN RIESGOS F\u00cdSICOS<\/li>\n<li>RIESGOS QU\u00cdMICOS Y BIOL\u00d3GICOS<\/li>\n<li>PREVENCI\u00d3N DE RIESGOS QU\u00cdMICOS<\/li>\n<li>ERGONOMIA EN EL TRABAJO DE OFICINA-TELETRABAJO<\/li>\n<li>ORDEN, LIMPIEZA Y ELEMENTOS DE PROTECCI\u00d3N PERSONAL<\/li>\n<li>SISTEMA GLOBALMENTE ARMONIZADO<\/li>\n<li>CABINA DE SEGURIDAD BIOL\u00d3GICA<\/li>\n<\/ul>\n<p style=\"padding-left: 120px;\">\u00a0\u00a0\u00a0<a href=\"https:\/\/forms.gle\/V3SijfzfBZ8dK4aHA\">\u00a0FORMULARIO DE INSCRIPCION\u00a0<\/a><\/p>\n<p>&nbsp;<\/p>\n<h4><strong>CAPACITACIONES SINCRONICAS<\/strong>, se dictaran en forma virtual<\/h4>\n<ul>\n<li>Primero Auxilios\u00a0 ( AGOSTO)<\/li>\n<li>Taller de Gesti\u00f3n de Residuos peligrosos y patogenicos (AGOSTO)<\/li>\n<li>SEDRONAR ( SEPTIEMBRE)<\/li>\n<li>Manejo del Sistema de Alarma (SEPTIEMBRE)<\/li>\n<li>Plan de Protecci\u00f3n: Como completarlo. Calculo de Aforo en laboratorio de Investigaci\u00f3n (OCTUBRE)<\/li>\n<li>An\u00e1lisis de Riesgo en el trabajo ( OCTUBRE)<\/li>\n<li>Medios de Extinci\u00f3n (OCTUBRE)<\/li>\n<li>Taller Prevenci\u00f3n de Incendio (OCTUBRE)<\/li>\n<li>Plan de evacuaci\u00f3n\u00a0 de EXACTAS (NOVIEMBRE)<\/li>\n<li>RCP ( Uso del DEA) (NOVIEMBRE)<\/li>\n<li><a href=\"https:\/\/exactas.uba.ar\/higieneyseguridad\/capacitaciones\/capacitaciones-2021\/manejo-seguros-de-laseres\/\">Manejo Seguro de L\u00e1seres<\/a> ( NOVIEMBRE)<\/li>\n<\/ul>\n<p>&nbsp;<\/p>\n<p>&nbsp;<\/p>\n<p>&nbsp;<\/p>\n<p>&nbsp;<\/p>\n<p>&nbsp;<\/p>\n","protected":false},"excerpt":{"rendered":"CAPACITACIONES ASINCRONICAS En el campus de EXACTAS pueden encontrar distintas capacitaciones TALLER DE GESTI\u00d3N DE RESIDUOS PELIGROSOS Y PATOGENICOS PREVENCI\u00d3N EN RIESGOS F\u00cdSICOS RIESGOS QU\u00cdMICOS Y BIOL\u00d3GICOS PREVENCI\u00d3N DE RIESGOS QU\u00cdMICOS ERGONOMIA EN EL TRABAJO DE OFICINA-TELETRABAJO ORDEN, LIMPIEZA Y ELEMENTOS DE PROTECCI\u00d3N PERSONAL SISTEMA GLOBALMENTE ARMONIZADO CABINA DE SEGURIDAD BIOL\u00d3GICA \u00a0\u00a0\u00a0\u00a0FORMULARIO DE INSCRIPCION\u00a0 &nbsp;&#8230; <a class=\"view-article\" href=\"https:\/\/exactas.uba.ar\/higieneyseguridad\/capacitaciones\/capacitaciones-2021\/\">LEER +<\/a>","protected":false},"author":2,"featured_media":0,"parent":194,"menu_order":13,"comment_status":"closed","ping_status":"closed","template":"","meta":{"_acf_changed":false,"footnotes":""},"class_list":["post-4143","page","type-page","status-publish","hentry"],"acf":[],"_links":{"self":[{"href":"https:\/\/exactas.uba.ar\/higieneyseguridad\/wp-json\/wp\/v2\/pages\/4143","targetHints":{"allow":["GET"]}}],"collection":[{"href":"https:\/\/exactas.uba.ar\/higieneyseguridad\/wp-json\/wp\/v2\/pages"}],"about":[{"href":"https:\/\/exactas.uba.ar\/higieneyseguridad\/wp-json\/wp\/v2\/types\/page"}],"author":[{"embeddable":true,"href":"https:\/\/exactas.uba.ar\/higieneyseguridad\/wp-json\/wp\/v2\/users\/2"}],"replies":[{"embeddable":true,"href":"https:\/\/exactas.uba.ar\/higieneyseguridad\/wp-json\/wp\/v2\/comments?post=4143"}],"version-history":[{"count":9,"href":"https:\/\/exactas.uba.ar\/higieneyseguridad\/wp-json\/wp\/v2\/pages\/4143\/revisions"}],"predecessor-version":[{"id":8197,"href":"https:\/\/exactas.uba.ar\/higieneyseguridad\/wp-json\/wp\/v2\/pages\/4143\/revisions\/8197"}],"up":[{"embeddable":true,"href":"https:\/\/exactas.uba.ar\/higieneyseguridad\/wp-json\/wp\/v2\/pages\/194"}],"wp:attachment":[{"href":"https:\/\/exactas.uba.ar\/higieneyseguridad\/wp-json\/wp\/v2\/media?parent=4143"}],"curies":[{"name":"wp","href":"https:\/\/api.w.org\/{rel}","templated":true}]}}

<h4><strong>CAPACITACIONES ASINCRONICAS</strong></h4>
<p>En el campus de EXACTAS pueden encontrar distintas capacitaciones</p>
<ul>
<li>TALLER DE GESTIÓN DE RESIDUOS PELIGROSOS Y PATOGENICOS</li>
<li>PREVENCIÓN EN RIESGOS FÍSICOS</li>
<li>RIESGOS QUÍMICOS Y BIOLÓGICOS</li>
<li>PREVENCIÓN DE RIESGOS QUÍMICOS</li>
<li>ERGONOMIA EN EL TRABAJO DE OFICINA-TELETRABAJO</li>
<li>ORDEN, LIMPIEZA Y ELEMENTOS DE PROTECCIÓN PERSONAL</li>
<li>SISTEMA GLOBALMENTE ARMONIZADO</li>
<li>CABINA DE SEGURIDAD BIOLÓGICA</li>
</ul>
<p style="padding-left: 120px;">   <a href="https://forms.gle/V3SijfzfBZ8dK4aHA"> FORMULARIO DE INSCRIPCION </a></p>
<p>&nbsp;</p>
<h4><strong>CAPACITACIONES SINCRONICAS</strong>, se dictaran en forma virtual</h4>
<ul>
<li>Primero Auxilios  ( AGOSTO)</li>
<li>Taller de Gestión de Residuos peligrosos y patogenicos (AGOSTO)</li>
<li>SEDRONAR ( SEPTIEMBRE)</li>
<li>Manejo del Sistema de Alarma (SEPTIEMBRE)</li>
<li>Plan de Protección: Como completarlo. Calculo de Aforo en laboratorio de Investigación (OCTUBRE)</li>
<li>Análisis de Riesgo en el trabajo ( OCTUBRE)</li>
<li>Medios de Extinción (OCTUBRE)</li>
<li>Taller Prevención de Incendio (OCTUBRE)</li>
<li>Plan de evacuación  de EXACTAS (NOVIEMBRE)</li>
<li>RCP ( Uso del DEA) (NOVIEMBRE)</li>
<li><a href="https://exactas.uba.ar/higieneyseguridad/capacitaciones/capacitaciones-2021/manejo-seguros-de-laseres/">Manejo Seguro de Láseres</a> ( NOVIEMBRE)</li>
</ul>
<p>&nbsp;</p>
<p>&nbsp;</p>
<p>&nbsp;</p>
<p>&nbsp;</p>
<p>&nbsp;</p>

CAPACITACIONES ASINCRONICAS En el campus de EXACTAS pueden encontrar distintas capacitaciones TALLER DE GESTIÓN DE RESIDUOS PELIGROSOS Y PATOGENICOS PREVENCIÓN EN RIESGOS FÍSICOS RIESGOS QUÍMICOS Y BIOLÓGICOS PREVENCIÓN DE RIESGOS QUÍMICOS ERGONOMIA EN EL TRABAJO DE OFICINA-TELETRABAJO ORDEN, LIMPIEZA Y ELEMENTOS DE PROTECCIÓN PERSONAL SISTEMA GLOBALMENTE ARMONIZADO CABINA DE SEGURIDAD BIOLÓGICA     FORMULARIO DE INSCRIPCION  &nbsp;&#8230; <a class="view-article" href="https://exactas.uba.ar/higieneyseguridad/capacitaciones/capacitaciones-2021/">LEER +</a>
