{"id":3148,"date":"2020-05-04T20:21:19","date_gmt":"2020-05-04T20:21:19","guid":{"rendered":"https:\/\/exactas.uba.ar\/higieneyseguridad\/?page_id=3148"},"modified":"2020-05-07T22:57:35","modified_gmt":"2020-05-07T22:57:35","slug":"alimentos-manual-de-usuarios-en-epoca-del-covid-19","status":"publish","type":"page","link":"https:\/\/exactas.uba.ar\/higieneyseguridad\/higienealimentaria\/alimentos-manual-de-usuarios-en-epoca-del-covid-19\/","title":{"rendered":"Alimentos : Manual del Usuario"},"content":{"rendered":"<p>Este manual tiene como fin abordar consejos b\u00e1sicos y \u00fatiles relacionados con la compra, manipulaci\u00f3n y conservaci\u00f3n de alimentos. En \u00e9l se encontrar\u00e1n una serie de recomendaciones necesarias para que el usuario evite el contagio y la propagaci\u00f3n del COVID-19. Las apreciaciones y recomendaciones ac\u00e1 consignadas se basan en el conocimiento actual sobre el SARS-CoV-2, seg\u00fan lo publicado por autoridades y expertos internacionales de la ciencia y el control de alimentos de primer nivel<\/p>\n<h3><strong>Covid- 19 y<\/strong> la<strong> relaci\u00f3n con los Alimentos<\/strong><\/h3>\n<p>No hay evidencia de que los alimentos sean una fuente o una v\u00eda de transmisi\u00f3n del virus<\/p>\n<p>El virus SARS-CoV-2 en los alimentos:<\/p>\n<p>\u2666 Se destruye por acci\u00f3n de sustancias qu\u00edmicas como jabones y desinfectantes, que disuelven la capa de grasa que rodea el<\/p>\n<p><img loading=\"lazy\" decoding=\"async\" width=\"215\" height=\"187\" class=\"size-full wp-image-3154 alignright\" src=\"https:\/\/exactas.uba.ar\/higieneyseguridad\/wp-content\/uploads\/2020\/05\/Figura-1.png\" alt=\"\" srcset=\"https:\/\/exactas.uba.ar\/higieneyseguridad\/wp-content\/uploads\/2020\/05\/Figura-1.png 215w, https:\/\/exactas.uba.ar\/higieneyseguridad\/wp-content\/uploads\/2020\/05\/Figura-1-120x104.png 120w\" sizes=\"auto, (max-width: 215px) 100vw, 215px\" \/><\/p>\n<p>virus cuando los alimentos son lavados.<\/p>\n<p>\u2666 No persiste en los alimentos en especial si estos est\u00e1n calientes o tienen un pH \u00e1cido<\/p>\n<p>\u2666 Puede persistir en superficies inertes. Se estima que en el cart\u00f3n puede permanecer por 24 horas, en pl\u00e1stico y acero inoxidable por 2 a 3 d\u00edas.<\/p>\n<p>&nbsp;<\/p>\n<h3><strong>\u00bfC\u00f3mo comprar alimentos de manera segura durante el periodo de cuarentena?<\/strong><\/h3>\n<p>\u2666 Prepare una lista de compras por adelantado, la idea es salir de su casa lo menos posible (trate de minimizar las posibilidad de contagiarse fuera de casa).<\/p>\n<p>\u2666 Compre alimentos necesarios para\u00a0 1 a 2 semanas. Comprar m\u00e1s de lo que necesita puede crear una demanda innecesaria y una escasez temporal.<\/p>\n<p>\u2666 Use barbijo cuando salga de casa.<\/p>\n<p>\u2666 Si usa bolsas de compras reutilizables, aseg\u00farese de que est\u00e9n limpias o lavadas antes de cada uso.<\/p>\n<p>\u2666 Practique el distanciamiento social mientras compra: mantenga al menos 1 metros entre usted, otros compradores y empleados de la tienda. Mantenga sus manos lejos de su cara.<\/p>\n<p>\u2666 Si es posible, desinfecte los mangos de los carros o cestas de compras antes de comprar.<\/p>\n<p><img loading=\"lazy\" decoding=\"async\" width=\"250\" height=\"159\" class=\"size-medium wp-image-3155 alignright\" src=\"https:\/\/exactas.uba.ar\/higieneyseguridad\/wp-content\/uploads\/2020\/05\/Figura-2-250x159.jpg\" alt=\"\" srcset=\"https:\/\/exactas.uba.ar\/higieneyseguridad\/wp-content\/uploads\/2020\/05\/Figura-2-250x159.jpg 250w, https:\/\/exactas.uba.ar\/higieneyseguridad\/wp-content\/uploads\/2020\/05\/Figura-2-120x77.jpg 120w, https:\/\/exactas.uba.ar\/higieneyseguridad\/wp-content\/uploads\/2020\/05\/Figura-2.jpg 439w\" sizes=\"auto, (max-width: 250px) 100vw, 250px\" \/><\/p>\n<p>\u2666 L\u00e1vese las manos con agua y jab\u00f3n durante al menos 20 segundos cuando regrese a casa y nuevamente despu\u00e9s de manipular y almacenar sus productos comprados.<\/p>\n<p>&nbsp;<\/p>\n\n<table id=\"tablepress-1\" class=\"tablepress tablepress-id-1\">\n<thead>\n<tr class=\"row-1\">\n\t<th class=\"column-1\">Horario<\/th><th class=\"column-2\">Temario<\/th><th class=\"column-3\">Disertantes<\/th>\n<\/tr>\n<\/thead>\n<tbody class=\"row-striping row-hover\">\n<tr class=\"row-2\">\n\t<td class=\"column-1\">9hs<\/td><td class=\"column-2\">Acreditaci\u00f3n<\/td><td class=\"column-3\"><\/td>\n<\/tr>\n<tr class=\"row-3\">\n\t<td class=\"column-1\">9.15hs<\/td><td class=\"column-2\">Apertura<\/td><td class=\"column-3\"><\/td>\n<\/tr>\n<tr class=\"row-4\">\n\t<td class=\"column-1\">9.30hs<\/td><td class=\"column-2\">Introducci\u00f3n a la biocustodia. Toxinas, venenos y otros materiales bi\u00f3logicos valiosos<\/td><td class=\"column-3\">Esp. Catalina Romano  - FCEN-UBA -Argentina<\/td>\n<\/tr>\n<tr class=\"row-5\">\n\t<td class=\"column-1\">10.15hs<\/td><td class=\"column-2\">Buenas Pr\u00e1cticas en ciberseguridad para proteger datos en los laboratorios de investigaci\u00f3n de toxinas<\/td><td class=\"column-3\">Arturo Buzleiman, Cancilleria Argentina<\/td>\n<\/tr>\n<tr class=\"row-6\">\n\t<td class=\"column-1\">11hs<\/td><td class=\"column-2\">Coffee Break<\/td><td class=\"column-3\"><\/td>\n<\/tr>\n<tr class=\"row-7\">\n\t<td class=\"column-1\">11.30hs<\/td><td class=\"column-2\">Manejo de incidentes con toxinas. Discuci\u00f3n de distintos casos (virtual)<\/td><td class=\"column-3\">Dra. Sonia Andrade Chudzinski - Instituto Butantan - Brazil<\/td>\n<\/tr>\n<tr class=\"row-8\">\n\t<td class=\"column-1\">12.15hs<\/td><td class=\"column-2\">Biocustodia: materiales, datos y equipamiento de uso dual y bio\u00e9tica <\/td><td class=\"column-3\">Dra.Maria Espona.ArgIQ, Argentina<\/td>\n<\/tr>\n<tr class=\"row-9\">\n\t<td class=\"column-1\">13hs<\/td><td class=\"column-2\">Almuerzo (libre)<\/td><td class=\"column-3\"><\/td>\n<\/tr>\n<tr class=\"row-10\">\n\t<td class=\"column-1\">14hs<\/td><td class=\"column-2\">Acuerdos de trasnferencias (MTAs): consideraciones de BioSeguridad y BioCustodia<\/td><td class=\"column-3\">Dra. Cecilia Carmaran. FCEN-UBA -Argentina<\/td>\n<\/tr>\n<tr class=\"row-11\">\n\t<td class=\"column-1\">14.45hs<\/td><td class=\"column-2\">Bioseguridad y biocustodia en el uso e investigaci\u00f3n con toxinas y venenos<\/td><td class=\"column-3\">Dra. Sonia Andrade Chudzinski,<br \/>\nInstituto Butantan<\/td>\n<\/tr>\n<tr class=\"row-12\">\n\t<td class=\"column-1\">15.30hs<\/td><td class=\"column-2\">Coffee Break<\/td><td class=\"column-3\"><\/td>\n<\/tr>\n<tr class=\"row-13\">\n\t<td class=\"column-1\">16hs<\/td><td class=\"column-2\">Taller: \"Planes Institucionales para implementar medidas para prevenir las amezas de toxinas y venenos\"<\/td><td class=\"column-3\">Esp. Catalina Romano  - FCEN-UBA -Argentina<\/td>\n<\/tr>\n<tr class=\"row-14\">\n\t<td class=\"column-1\">16.45hs<\/td><td class=\"column-2\">Biotecnolog\u00eda emergente basada en venenos e inteligencia artificial (virtual)<\/td><td class=\"column-3\">Dr. Alberto Balderas, UAEMex-Mexico<\/td>\n<\/tr>\n<tr class=\"row-15\">\n\t<td class=\"column-1\">17.30hs<\/td><td class=\"column-2\">Cierre<\/td><td class=\"column-3\"><\/td>\n<\/tr>\n<\/tbody>\n<\/table>\n\n<p>&nbsp;<\/p>\n<h3><strong>C\u00f3mo manipular los alimentos de manera segura en casa?<\/strong><\/h3>\n<p>No hay evidencia de que el empaque de alimentos est\u00e9 asociado con la transmisi\u00f3n de COVID-19.\u00a0Sin embargo, se recomienda lavar o desinfectar el embalaje del producto (bosas, cajas) y dejar que se seque al aire, como precauci\u00f3n adicional. Una vez desembalados los alimentos se recomiendan seguir estos consejos:<\/p>\n<p>\u2666 Lave con agua y jab\u00f3n detergente o desinfecte las frutas y verduras frescas, incluidas aquellas con pieles y c\u00e1scaras que no se comen. Frote los productos firmes con un cepillo limpio. Para productos enlatados, recuerde lavar completamente el envase antes de almacenarlo.<\/p>\n<p>\u2666 Refrigere o congele alimentos perecederos como la leche, carne, pollo, huevos, mariscos y otros productos perecederos, como frutas, vegetales, hierbas y champi\u00f1ones, dentro de las 2 horas posteriores a la compra.<\/p>\n<p>\u2666 Para el almacenamiento de los alimentos no perecederos, recuerde siempre que antes de guardarlos, tienes que higienizar envase por envase. Esto puedes realizarlo con un pa\u00f1o h\u00famedo embebido en una soluci\u00f3n desinfectante, o lavarlos completamente con agua y jab\u00f3n detergente.<\/p>\n<p>\u2666 Separa en varias porciones los alimentos que va a congelar, as\u00ed al momento de cocinar s\u00f3lo utilizar\u00e1 lo que necesitas y evitar\u00e1s descongelar y congelar nuevamente el alimento, evitando su deterioro.<\/p>\n<p>\u2666 Tanto en la alacena como en la heladera, consum\u00ed primero lo que tenga una fecha de vencimiento m\u00e1s cercana.<\/p>\n<p>Limpie y desinfecte regularmente las superficies de la cocina usando un producto desinfectante disponible en el mercado o una soluci\u00f3n desinfectante hecha en casa a partir de alcohol\/agua : 70\/30 o 10 ml (2 cucharadas soperas) de lavandina en 1 litro de agua. Debe ser lavandina de uso dom\u00e9stico, sin aditivos, indicada para uso alimenticio (con concentraci\u00f3n de 55 gr\/litro). De utilizar una lavandina comercial con concentraci\u00f3n de 25 g\/l, coloca el doble volumen de lavandina para lograr una correcta desinfecci\u00f3n. Prep\u00e1rarla el mismo d\u00eda que vas a usarla, si no pierde poder desinfectante.<\/p>\n<h3><strong>Cu\u00e1nto tiempo sobrevive el virus en las superficies?<\/strong><\/h3>\n<p>Los estudios han demostrado que el virus COVID-19 puede sobrevivir hasta 72 horas en pl\u00e1stico y acero inoxidable, menos de 4 horas en cobre y menos de 24 horas en cart\u00f3n<\/p>\n<p><strong><em>Lo m\u00e1s importante que debe saber sobre el coronavirus en las superficies es que se pueden limpiar f\u00e1cilmente con desinfectantes dom\u00e9sticos comunes que matar\u00e1n el virus.<\/em><\/strong><\/p>\n<p>&nbsp;<\/p>\n","protected":false},"excerpt":{"rendered":"Este manual tiene como fin abordar consejos b\u00e1sicos y \u00fatiles relacionados con la compra, manipulaci\u00f3n y conservaci\u00f3n de alimentos. En \u00e9l se encontrar\u00e1n una serie de recomendaciones necesarias para que el usuario evite el contagio y la propagaci\u00f3n del COVID-19. Las apreciaciones y recomendaciones ac\u00e1 consignadas se basan en el conocimiento actual sobre el SARS-CoV-2,&#8230; <a class=\"view-article\" href=\"https:\/\/exactas.uba.ar\/higieneyseguridad\/higienealimentaria\/alimentos-manual-de-usuarios-en-epoca-del-covid-19\/\">LEER +<\/a>","protected":false},"author":2,"featured_media":0,"parent":155,"menu_order":4,"comment_status":"closed","ping_status":"closed","template":"","meta":{"_acf_changed":false,"footnotes":""},"class_list":["post-3148","page","type-page","status-publish","hentry"],"acf":[],"_links":{"self":[{"href":"https:\/\/exactas.uba.ar\/higieneyseguridad\/wp-json\/wp\/v2\/pages\/3148","targetHints":{"allow":["GET"]}}],"collection":[{"href":"https:\/\/exactas.uba.ar\/higieneyseguridad\/wp-json\/wp\/v2\/pages"}],"about":[{"href":"https:\/\/exactas.uba.ar\/higieneyseguridad\/wp-json\/wp\/v2\/types\/page"}],"author":[{"embeddable":true,"href":"https:\/\/exactas.uba.ar\/higieneyseguridad\/wp-json\/wp\/v2\/users\/2"}],"replies":[{"embeddable":true,"href":"https:\/\/exactas.uba.ar\/higieneyseguridad\/wp-json\/wp\/v2\/comments?post=3148"}],"version-history":[{"count":16,"href":"https:\/\/exactas.uba.ar\/higieneyseguridad\/wp-json\/wp\/v2\/pages\/3148\/revisions"}],"predecessor-version":[{"id":3190,"href":"https:\/\/exactas.uba.ar\/higieneyseguridad\/wp-json\/wp\/v2\/pages\/3148\/revisions\/3190"}],"up":[{"embeddable":true,"href":"https:\/\/exactas.uba.ar\/higieneyseguridad\/wp-json\/wp\/v2\/pages\/155"}],"wp:attachment":[{"href":"https:\/\/exactas.uba.ar\/higieneyseguridad\/wp-json\/wp\/v2\/media?parent=3148"}],"curies":[{"name":"wp","href":"https:\/\/api.w.org\/{rel}","templated":true}]}}