{"id":304,"date":"2019-04-02T14:43:43","date_gmt":"2019-04-02T14:43:43","guid":{"rendered":"https:\/\/exactas.uba.ar\/higieneyseguridad\/?page_id=304"},"modified":"2026-03-30T12:45:51","modified_gmt":"2026-03-30T12:45:51","slug":"sedronar-ddjj","status":"publish","type":"page","link":"https:\/\/exactas.uba.ar\/higieneyseguridad\/normativa\/procedimientos-interna\/sedronar\/sedronar-ddjj\/","title":{"rendered":"Declaraci\u00f3n Jurada Trimestral de SEDRONAR"},"content":{"rendered":"<h2>Declaraci\u00f3n Jurada Trimestral de Movimientos de Precursores Qu\u00edmicos (PQ)<\/h2>\n<p>Los Usuarios Responsables de Uso y Guarda (Investigador responsable; Director de departamento, Director de instituto) que reciben, compran, almacenan, utilizan o donan los precursores qu\u00edmicos que son propiedad de la UBA y figuran en las <strong><a href=\"https:\/\/exactas.uba.ar\/higieneyseguridad\/normativa\/ley\/sedronar-legislacion\/sedronar-lista-i-ii-iii\/\">Lista I-II-III<\/a> <\/strong>deber\u00e1n elaborar TRIMESTRALMENTE una Declaraci\u00f3n Jurada (DDJJ) <a href=\"https:\/\/exactas.uba.ar\/higieneyseguridad\/wp-content\/uploads\/2026\/03\/SEDRONAR-DDJJ-form.-1er.-Trim-2026.zip\">SEDRONAR DDJJ form. 1er. Trim 2026<\/a>\u00a0 (*)\u00a0y enviarla mediante correo-e (<strong><em><a href=\"mailto:hys_sedronar@de.fcen.uba.ar\">hys_sedronar@de.fcen.uba.ar<\/a><\/em><\/strong>),<\/p>\n<p>(*) El archivo est\u00e1 comprimido<\/p>\n<p><em>Nota 1: El usuario que tenga en su inventario alg\u00fan precursor qu\u00edmico, sin interesar el origen y la fecha , tiene la obligaci\u00f3n LEGAL de declararlo. Si no lo hiciera, est\u00e1 comprometiendo Legalmente al Responsable de Uso y Guarda de la FCEN y de la UBA ,\u00a0y no ser\u00e1 autorizado para operar \u00a0en el futuro.\u00a0<\/em><\/p>\n<h2>Contenido de la DDJJ:<\/h2>\n<p>En el Encabezado: Todos los campos (La Fecha corresponde al d\u00eda del informe)<\/p>\n<p>Para cada precursor :<\/p>\n<ul>\n<li>Stock al \u00faltimo d\u00eda del trimestre anterior(c\u00f3pielo de la Declaraci\u00f3n del \u00faltimo trimestre informado). \u00a0<em>Nota 2:\u00a0 Si no lo tuviese o declara por primera vez, copie el stock actual.<\/em><\/li>\n<li>Ingresos: Registrar cada factura, donaci\u00f3n, etc, en los campos de ingreso: Fecha, N\u00b0 (si hubiere, solo 3 N\u00b0 finales), Cantidad. Hay espacio para 3 ingresos por trimestre de cada precursor. Si hubiese m\u00e1s, en el 3er. Ingreso colocar solamente la cantidad total del 3\u00b0, 4\u00b0, 5\u00b0, etc. En <strong><em>Observaciones<\/em><\/strong> describir (fecha, N\u00b0, cantidad) de cada ingreso que conforma esa cantidad.<\/li>\n<li>Stock actual al final del trimestre que informa: Para cada precursor.<\/li>\n<li>Consumo: Se calcula en forma autom\u00e1tica (<em>Nota 3: no puede ser negativo. Si as\u00ed fuese,. registrar el motivo en el campo \u00abObservaciones\u00bb<\/em>). Las cantidades deben estar declaradas en la unidad que se encuentra descripta al lado de cada precursor. (LOS VALORES CERO NO SE VISUALIZAN) . <em>Nota 4: en caso que el consumo provenga de otros eventos fuera del uso, aclararlo en observaciones.<\/em><\/li>\n<li>Datos de Proveedor \/ Donante :<\/li>\n<\/ul>\n<p style=\"padding-left: 80px;\">Denominaci\u00f3n del proveedor<br \/>\nFecha del documento<br \/>\nN\u00ba de Remito \/ Factura<\/p>\n<p>&nbsp;<\/p>\n<h2>Enviar al Servicio de Higiene y Seguridad mediante correo-e <strong style=\"font-size: 16px;\"><em><a href=\"mailto:hys_sedronar@de.fcen.uba.ar\">hys_sedronar@de.fcen.uba.ar :<\/a><\/em><\/strong><\/h2>\n<ul>\n<li>\u00a0La DDJJ completa al finalizar el trimestre.<\/li>\n<li>Copias de los documentos del proveedor\/donante y donaciones a terceros, firmados<\/li>\n<\/ul>\n<p><em>Nota 5: Entregar solamente copias electr\u00f3nicas\u00a0<\/em><\/p>\n<h2>Conservaci\u00f3n de la documentaci\u00f3n<\/h2>\n<p>Es necesario que los Responsables de los precursores qu\u00edmicos mantengan la copias de la documentaci\u00f3n respaldatoria de lo informado al Servicio de Higiene y Seguridad para futuras inspecciones por el ente regulador.<\/p>\n<p>&nbsp;<\/p>\n<p>&nbsp;<\/p>\n","protected":false},"excerpt":{"rendered":"Declaraci\u00f3n Jurada Trimestral de Movimientos de Precursores Qu\u00edmicos (PQ) Los Usuarios Responsables de Uso y Guarda (Investigador responsable; Director de departamento, Director de instituto) que reciben, compran, almacenan, utilizan o donan los precursores qu\u00edmicos que son propiedad de la UBA y figuran en las Lista I-II-III deber\u00e1n elaborar TRIMESTRALMENTE una Declaraci\u00f3n Jurada (DDJJ) SEDRONAR DDJJ&#8230; <a class=\"view-article\" href=\"https:\/\/exactas.uba.ar\/higieneyseguridad\/normativa\/procedimientos-interna\/sedronar\/sedronar-ddjj\/\">LEER +<\/a>","protected":false},"author":2,"featured_media":0,"parent":1028,"menu_order":1,"comment_status":"closed","ping_status":"closed","template":"","meta":{"_acf_changed":false,"footnotes":""},"class_list":["post-304","page","type-page","status-publish","hentry"],"acf":[],"_links":{"self":[{"href":"https:\/\/exactas.uba.ar\/higieneyseguridad\/wp-json\/wp\/v2\/pages\/304","targetHints":{"allow":["GET"]}}],"collection":[{"href":"https:\/\/exactas.uba.ar\/higieneyseguridad\/wp-json\/wp\/v2\/pages"}],"about":[{"href":"https:\/\/exactas.uba.ar\/higieneyseguridad\/wp-json\/wp\/v2\/types\/page"}],"author":[{"embeddable":true,"href":"https:\/\/exactas.uba.ar\/higieneyseguridad\/wp-json\/wp\/v2\/users\/2"}],"replies":[{"embeddable":true,"href":"https:\/\/exactas.uba.ar\/higieneyseguridad\/wp-json\/wp\/v2\/comments?post=304"}],"version-history":[{"count":82,"href":"https:\/\/exactas.uba.ar\/higieneyseguridad\/wp-json\/wp\/v2\/pages\/304\/revisions"}],"predecessor-version":[{"id":8915,"href":"https:\/\/exactas.uba.ar\/higieneyseguridad\/wp-json\/wp\/v2\/pages\/304\/revisions\/8915"}],"up":[{"embeddable":true,"href":"https:\/\/exactas.uba.ar\/higieneyseguridad\/wp-json\/wp\/v2\/pages\/1028"}],"wp:attachment":[{"href":"https:\/\/exactas.uba.ar\/higieneyseguridad\/wp-json\/wp\/v2\/media?parent=304"}],"curies":[{"name":"wp","href":"https:\/\/api.w.org\/{rel}","templated":true}]}}