{"id":2775,"date":"2020-03-08T21:47:47","date_gmt":"2020-03-08T21:47:47","guid":{"rendered":"https:\/\/exactas.uba.ar\/higieneyseguridad\/?page_id=2775"},"modified":"2022-08-02T14:51:42","modified_gmt":"2022-08-02T14:51:42","slug":"coronavirus","status":"publish","type":"page","link":"https:\/\/exactas.uba.ar\/higieneyseguridad\/medicina-laboral-2\/coronavirus\/","title":{"rendered":"Prevenci\u00f3n COVID-19"},"content":{"rendered":"<h4>Procedimientos en Exactas (<a href=\"https:\/\/exactas.uba.ar\/higieneyseguridad\/normativa\/procedimientos-interna\/protocolos-de-mitigacion-de-propagacion-del-covid19\/\">Resoluciones UBA; COVID-19<\/a>\u00a0 )<\/h4>\n<ul>\n<li><a href=\"https:\/\/exactas.uba.ar\/higieneyseguridad\/coronavirus\/pautas-generales-covid\/\">Pautas generales ante el COVID<\/a><\/li>\n<li><a href=\"https:\/\/exactas.uba.ar\/higieneyseguridad\/coronavirus\/ante-caso-sospechoso-confirmado\">Ante un caso de COVID sospechoso o confirmado<\/a><\/li>\n<li><a href=\"https:\/\/exactas.uba.ar\/higieneyseguridad\/coronavirus\/covid-19-cuando-debo-informar-a-fceyn\/\">\u00bfComo informar que soy\u00a0 que soy caso confirmado?<\/a><\/li>\n<\/ul>\n<h4>Para todos aquello grupos de investigaci\u00f3n que trabajen con SARS-CoV-2 ponemos a su disposici\u00f3n<\/h4>\n<p><a href=\"https:\/\/exactas.uba.ar\/higieneyseguridad\/seguridadlaboral\/seguridad-biologica\/aspectos-de-la-bioseguridad-en-proyectos-de-investigacion-sobre-covid-19-en-fcen\/\">Aspectos de la Bioseguridad en Proyectos de Investigaci\u00f3n Sobre COVID-19 en FCEN (*)<\/a><\/p>\n<p><b>SITIOS DE INTER\u00c9S\u00a0<\/b><\/p>\n<ul>\n<li><a href=\"https:\/\/www.argentina.gob.ar\/salud\/coronavirus-COVID-19\" target=\"_blank\" rel=\"noopener noreferrer\">Ministerio de Salud de la Naci\u00f3n<\/a><\/li>\n<li><a href=\"https:\/\/www.who.int\/es\/emergencies\/diseases\/novel-coronavirus-2019\" target=\"_blank\" rel=\"noopener noreferrer\">Organizaci\u00f3n Mundial de la Salud<\/a><\/li>\n<li><a href=\"https:\/\/www.paho.org\/en\/topics\/coronavirus-infections\/coronavirus-disease-covid-19\" target=\"_blank\" rel=\"noopener noreferrer\">Organizaci\u00f3n Panamericana de la Salud<\/a><\/li>\n<li><a href=\"https:\/\/www.buenosaires.gob.ar\/coronavirus\/equipos-salud\/protocolos-coronavirus-covid-19\">C.A.B.A.\u00a0<\/a><\/li>\n<\/ul>\n<p>&nbsp;<\/p>\n<hr \/>\n<p>&nbsp;<\/p>\n<h3 style=\"text-align: center;\">SI TE CUIDAS, CUIDAS AL OTRO<\/h3>\n<h3 style=\"text-align: center;\">Y<\/h3>\n<h3 style=\"text-align: center;\">SI EL OTRO SE CUIDA,\u00a0 TE CUIDA A VOS<\/h3>\n<hr \/>\n<p>ANTE CUALQUIER DUDA comun\u00edcate con el Servicio de Higiene y Seguridad de la Facultad env\u00eda un mail a hys@de.fcen.uba.ar \u00f3 a medicinalaboral@de.fcen.uba.ar<\/p>\n<p>&nbsp;<\/p>\n","protected":false},"excerpt":{"rendered":"Procedimientos en Exactas (Resoluciones UBA; COVID-19\u00a0 ) Pautas generales ante el COVID Ante un caso de COVID sospechoso o confirmado \u00bfComo informar que soy\u00a0 que soy caso confirmado? Para todos aquello grupos de investigaci\u00f3n que trabajen con SARS-CoV-2 ponemos a su disposici\u00f3n Aspectos de la Bioseguridad en Proyectos de Investigaci\u00f3n Sobre COVID-19 en FCEN (*)&#8230; <a class=\"view-article\" href=\"https:\/\/exactas.uba.ar\/higieneyseguridad\/medicina-laboral-2\/coronavirus\/\">LEER +<\/a>","protected":false},"author":2,"featured_media":0,"parent":2591,"menu_order":4,"comment_status":"closed","ping_status":"closed","template":"","meta":{"_acf_changed":false,"footnotes":""},"class_list":["post-2775","page","type-page","status-publish","hentry"],"acf":[],"_links":{"self":[{"href":"https:\/\/exactas.uba.ar\/higieneyseguridad\/wp-json\/wp\/v2\/pages\/2775","targetHints":{"allow":["GET"]}}],"collection":[{"href":"https:\/\/exactas.uba.ar\/higieneyseguridad\/wp-json\/wp\/v2\/pages"}],"about":[{"href":"https:\/\/exactas.uba.ar\/higieneyseguridad\/wp-json\/wp\/v2\/types\/page"}],"author":[{"embeddable":true,"href":"https:\/\/exactas.uba.ar\/higieneyseguridad\/wp-json\/wp\/v2\/users\/2"}],"replies":[{"embeddable":true,"href":"https:\/\/exactas.uba.ar\/higieneyseguridad\/wp-json\/wp\/v2\/comments?post=2775"}],"version-history":[{"count":90,"href":"https:\/\/exactas.uba.ar\/higieneyseguridad\/wp-json\/wp\/v2\/pages\/2775\/revisions"}],"predecessor-version":[{"id":5445,"href":"https:\/\/exactas.uba.ar\/higieneyseguridad\/wp-json\/wp\/v2\/pages\/2775\/revisions\/5445"}],"up":[{"embeddable":true,"href":"https:\/\/exactas.uba.ar\/higieneyseguridad\/wp-json\/wp\/v2\/pages\/2591"}],"wp:attachment":[{"href":"https:\/\/exactas.uba.ar\/higieneyseguridad\/wp-json\/wp\/v2\/media?parent=2775"}],"curies":[{"name":"wp","href":"https:\/\/api.w.org\/{rel}","templated":true}]}}