{"id":2565,"date":"2020-02-01T19:54:40","date_gmt":"2020-02-01T19:54:40","guid":{"rendered":"https:\/\/exactas.uba.ar\/higieneyseguridad\/?page_id=2565"},"modified":"2020-10-09T22:14:02","modified_gmt":"2020-10-09T22:14:02","slug":"cumplimiento-de-las-norma-de-seguridad","status":"publish","type":"page","link":"https:\/\/exactas.uba.ar\/higieneyseguridad\/plan-de-proteccion\/cumplimiento-de-las-norma-de-seguridad\/","title":{"rendered":"Cumplimiento de las Norma de Seguridad"},"content":{"rendered":"<h3>Introducci\u00f3n<\/h3>\n<p style=\"text-align: justify;\">Dado que el personal, los bienes, y el medio ambiente deben ser protegidos de los\u00a0 peligros por fallas en el cumplimiento de las normas y procedimientos de protecci\u00f3n y seguridad de la Facultad,\u00a0 se establece una Pol\u00edtica de Control de Cumplimiento de las Normas asociadas con el \u201c<strong>Plan de Protecci\u00f3n\u201d (PP)<\/strong> que asegure su aplicaci\u00f3n efectiva:<\/p>\n<p style=\"text-align: justify;\">El Plan de Protecci\u00f3n ser\u00e1 analizado por el SHyS para controlar que los tipos de peligros incluidos en el mismo son habituales a las actividades en los laboratorios de la FCEN. Dichos Planes ser\u00e1n auditados y evaluados por el SHyS<\/p>\n<p>Los posibles resultados de la evaluaci\u00f3n y auditor\u00eda son:<\/p>\n<p>&#8211; <strong>Aprobado.<\/strong><\/p>\n<p>&#8211; <strong>Aprobado con sugerencias<\/strong> (no se requiere respuesta).<\/p>\n<p>&#8211; <strong>Aprobado con condiciones<\/strong> (se requieren aclaraciones).<\/p>\n<p>&#8211; <strong>No aprobado<\/strong> (se requieren aclaraciones).<\/p>\n<h3>Desarrollo<\/h3>\n<p style=\"text-align: justify;\">La Facultad est\u00e1 sujeta, en cuanto al cumplimiento de dichas normas, a la acci\u00f3n de los organismos de control competentes (Universidad de Buenos Aires, ART y SRT).<\/p>\n<p style=\"text-align: justify;\">El Servicio de Higiene y Seguridad, <strong>adem\u00e1s,<\/strong> pone a disposici\u00f3n un plan efectivo que asegura que la Facultad cumple con la Legislaci\u00f3n Vigente.<\/p>\n<p>Para ello:<\/p>\n<p>a) Elabora Normas de Protecci\u00f3n aplicables a cada \u00e1rea y actividades que se desarrollan en la Facultad.<\/p>\n<p style=\"text-align: justify;\">b) Verifica y audita el cumplimiento de las mismas poniendo en funcionamiento esta Pol\u00edtica de Control de las Normas asociadas con el <strong>PP<\/strong> que incluye:<\/p>\n<p>b.1) Todo investigador debe completar un Plan de Protecci\u00f3n para el laboratorio bajo su supervisi\u00f3n.<\/p>\n<p style=\"text-align: justify;\">b.2) Los Directores de Departamentos, Centros y otras unidades (o personal designados por ellos) deben completar un <strong>PP<\/strong> para cada laboratorio de ense\u00f1anza o \u00e1mbitos de uso com\u00fan bajo su control.<\/p>\n<p>b.3) Antes de organizar un espacio para usos de investigaci\u00f3n y\/o docencia se <strong>requiere un PP aprobado.<\/strong><\/p>\n<p style=\"text-align: justify;\">El <strong>PP<\/strong> establece el marco espec\u00edfico que ha declarado el responsable y ha aceptado la Facultad dentro del cual se desarrollar\u00e1n las tareas en los laboratorios.<\/p>\n<p><!--nextpage--><\/p>\n<h3>Ejecuci\u00f3n del control de las normas del PP<\/h3>\n<p style=\"text-align: justify;\">El personal acreditado del Servicio de Higiene y Seguridad podr\u00e1 ingresar a cualquier laboratorio, ya sea de investigaci\u00f3n y\/o docencia, para verificar y auditar el cumplimiento de las normas de protecci\u00f3n.<\/p>\n<p style=\"text-align: justify;\">Durante una visita a un laboratorio el Servicio de Higiene y Seguridad est\u00e1 facultado, de ser necesario, a retirar o aislar\u00a0 cualquier agente que considere peligroso.<\/p>\n<p style=\"text-align: justify;\">Si durante una visita a un laboratorio el Servicio de Higiene y Seguridad encontrara un incumplimiento del <strong>PP<\/strong> que considere grave o reiterado o que ponga en riesgo a terceros estar\u00e1 facultado para inhabilitar en forma inmediata el laboratorio en el cual el SHS haya determinado el incumplimiento de dicho Plan. Dicha inhabilitaci\u00f3n implicar\u00e1 que el laboratorio no podr\u00e1 realizar ninguna tarea experimental de investigaci\u00f3n o de docencia hasta que dicha inhabilitaci\u00f3n sea levantada.<\/p>\n<p style=\"text-align: justify;\">Tanto en los casos de incumplimientos graves como leves el Servicio de Higiene y Seguridad completar\u00e1 un formulario de visita donde constar\u00e1n los incumplimientos del <strong>PP<\/strong> encontrados, que deber\u00e1 ser firmado por el responsable del laboratorio, y que formar\u00e1 parte del legajo del investigador responsable del laboratorio que llevar\u00e1 el Servicio de Higiene y Seguridad.<\/p>\n<p style=\"text-align: justify;\">El la inhabilitaci\u00f3n de un laboratorio ser\u00e1 elevada al\u00a0 \u201cComit\u00e9 de Seguridad\u201d(CS), para que este analice las acciones que considere adecuadas, mas all\u00e1 de la inhabilitaci\u00f3n establecida por el SHyS. El CS es quien levanta la inhabilitaci\u00f3n\u00a0 una vez que el responsable del laboratorio haya informado por escrito las acciones correctivas realizadas o haya sido presentado y aprobado un nuevo <strong>PP<\/strong> adecuado a las actividades.<\/p>\n<p style=\"text-align: justify;\">El hacer caso omiso en forma flagrante de las Normas de Protecci\u00f3n de la Facultad podr\u00e1 derivar en el cierre permanente del laboratorio.<\/p>\n<p style=\"text-align: justify;\">Los Directores de Departamento, Directores de Centros, Institutos, y otras unidades son responsables de controlar y asegurar que los investigadores y docentes cumplan con las pol\u00edticas de protecci\u00f3n de la Facultad. Con posterioridad a la aprobaci\u00f3n de los Planes de Protecci\u00f3n de cada laboratorio, cada Departamento ser\u00e1 responsable de hacerse cargo de los costos necesarios para retirar material peligroso no contemplado en los planes de protecci\u00f3n o por da\u00f1os causados por la falta de cumplimiento de las pol\u00edticas de protecci\u00f3n, ya sea con fondos propios o con fondos que aporte el investigador responsable del laboratorio.<\/p>\n","protected":false},"excerpt":{"rendered":"Introducci\u00f3n Dado que el personal, los bienes, y el medio ambiente deben ser protegidos de los\u00a0 peligros por fallas en el cumplimiento de las normas y procedimientos de protecci\u00f3n y seguridad de la Facultad,\u00a0 se establece una Pol\u00edtica de Control de Cumplimiento de las Normas asociadas con el \u201cPlan de Protecci\u00f3n\u201d (PP) que asegure su&#8230; <a class=\"view-article\" href=\"https:\/\/exactas.uba.ar\/higieneyseguridad\/plan-de-proteccion\/cumplimiento-de-las-norma-de-seguridad\/\">LEER +<\/a>","protected":false},"author":2,"featured_media":0,"parent":2552,"menu_order":3,"comment_status":"closed","ping_status":"closed","template":"","meta":{"_acf_changed":false,"footnotes":""},"class_list":["post-2565","page","type-page","status-publish","hentry"],"acf":[],"_links":{"self":[{"href":"https:\/\/exactas.uba.ar\/higieneyseguridad\/wp-json\/wp\/v2\/pages\/2565","targetHints":{"allow":["GET"]}}],"collection":[{"href":"https:\/\/exactas.uba.ar\/higieneyseguridad\/wp-json\/wp\/v2\/pages"}],"about":[{"href":"https:\/\/exactas.uba.ar\/higieneyseguridad\/wp-json\/wp\/v2\/types\/page"}],"author":[{"embeddable":true,"href":"https:\/\/exactas.uba.ar\/higieneyseguridad\/wp-json\/wp\/v2\/users\/2"}],"replies":[{"embeddable":true,"href":"https:\/\/exactas.uba.ar\/higieneyseguridad\/wp-json\/wp\/v2\/comments?post=2565"}],"version-history":[{"count":11,"href":"https:\/\/exactas.uba.ar\/higieneyseguridad\/wp-json\/wp\/v2\/pages\/2565\/revisions"}],"predecessor-version":[{"id":3684,"href":"https:\/\/exactas.uba.ar\/higieneyseguridad\/wp-json\/wp\/v2\/pages\/2565\/revisions\/3684"}],"up":[{"embeddable":true,"href":"https:\/\/exactas.uba.ar\/higieneyseguridad\/wp-json\/wp\/v2\/pages\/2552"}],"wp:attachment":[{"href":"https:\/\/exactas.uba.ar\/higieneyseguridad\/wp-json\/wp\/v2\/media?parent=2565"}],"curies":[{"name":"wp","href":"https:\/\/api.w.org\/{rel}","templated":true}]}}