{"id":2413,"date":"2020-01-27T14:10:15","date_gmt":"2020-01-27T14:10:15","guid":{"rendered":"https:\/\/exactas.uba.ar\/higieneyseguridad\/?page_id=2413"},"modified":"2020-01-27T19:47:09","modified_gmt":"2020-01-27T19:47:09","slug":"segregacion-de-residuos-peligrosos","status":"publish","type":"page","link":"https:\/\/exactas.uba.ar\/higieneyseguridad\/medio-ambiente\/residuos\/residuos-peligrosos\/segregacion-de-residuos-peligrosos\/","title":{"rendered":"Segregaci\u00f3n de Residuos Peligrosos"},"content":{"rendered":"<h2>Tipos de envases<\/h2>\n<p style=\"text-align: justify;\">Para el envasado y correspondiente segregaci\u00f3n de los residuos se emplean distintos tipos de bidones o recipientes, dependiendo del tipo de residuo y de la cantidad producida. tipos de posibles envases a utilizar:<br \/>\n\u2022 Bidones de polietileno de alta densidad resistente a agentes qu\u00edmicos de 5 y 10 litros de capacidad y boca ancha, destinados al material desechable contaminado.<br \/>\n\u2022 Cajas de cart\u00f3n con bolsa de polietileno de 120 micrones, preparadas para el almacenamiento y transporte de reactivos obsoletos y otros productos especiales.<br \/>\nEn la utilizaci\u00f3n de envases de polietileno, es preciso tener en cuenta algunas recomendaciones, las m\u00e1s importantes de las cuales se resumen en la tabla 1.<\/p>\n<p>&nbsp;<\/p>\n<p>&nbsp;<\/p>\n<table border=\"3\" cellpadding=\"7\">\n<tbody>\n<tr>\n<th>Producto<\/th>\n<th>Recomendaci\u00f3n<\/th>\n<\/tr>\n<tr>\n<td>Sulfuro de Carbono<\/td>\n<td rowspan=\"2\">No utilizar<\/td>\n<\/tr>\n<tr>\n<td>Bromoformo<\/td>\n<\/tr>\n<tr>\n<td>\u00c1cido but\u00edrico<\/td>\n<td rowspan=\"4\">No utilizar en periodos de almacenaje superiores a un mes<\/td>\n<\/tr>\n<tr>\n<td>\u00c1cido benzoico<\/td>\n<\/tr>\n<tr>\n<td>Bromo<\/td>\n<\/tr>\n<tr>\n<td>Bromobenceno<\/td>\n<\/tr>\n<tr>\n<td>Cloruro de amilo<\/td>\n<td rowspan=\"8\">No utilizar con el producto a temperaturas superiores a 40\u00b0 C.<\/td>\n<\/tr>\n<tr>\n<td>Cresoles<\/td>\n<\/tr>\n<tr>\n<td>Dietil\u00e9ter<\/td>\n<\/tr>\n<tr>\n<td>\u00c9ter Haluros de \u00e1cido<\/td>\n<\/tr>\n<tr>\n<td>Tricloroetileno<\/td>\n<\/tr>\n<tr>\n<td>Nitrobenceno<\/td>\n<\/tr>\n<tr>\n<td>Tricloroetano<\/td>\n<\/tr>\n<tr>\n<td>Percloroetileno<\/td>\n<\/tr>\n<tr>\n<td>Diclorobencenos<\/td>\n<td>No utilizar en periodos de almacenaje superiores a un mes<\/td>\n<\/tr>\n<\/tbody>\n<\/table>\n<p style=\"text-align: justify;\">Tabla 1. Recomendaciones referentes al uso de envases de polietileno para el almacenamiento de residuos<\/p>\n<p style=\"text-align: justify;\">Los S\u00f3lidos podr\u00e1n ser recolectados en bolsas de polietileno de 120 micrones color amarillo que deber\u00e1n ser colocadas en cajas de cart\u00f3n. Las cajas de cart\u00f3n deber\u00e1n presentarse abiertas para verificar su contenido. Por debajo, cerradas totalmente para asegurar que no se abran. Las caras superior e inferior de la caja deber\u00e1n conservar su forma plana y horizontal para su conveniente estibado.<br \/>\nPara los residuos con alto contenido de humedad como los geles, se colocar\u00e1n en bolsas con material absorbente o dentro de frascos pl\u00e1sticos de boca ancha para evitar el percolado de las bolsas. Tambi\u00e9n podr\u00e1 introducirlos en los bidones destinados a l\u00edquidos de 5 a 10 litros.<br \/>\nPara los residuos s\u00f3lidos provenientes de rotura de material de vidrio y equipos, que ha sido usado, deber\u00e1 ser envuelto en papeles para evitar el contacto de bordes filosos con las cajas de cart\u00f3n en la que ser\u00e1n dispuestos para ser llevados al sitio de almacenamiento transitorio. Los vidrios no contaminados pueden ser descartados como basura domiciliaria, los vidrios rotos envueltos con papel y las botellas lavadas y sin etiquetas.<br \/>\nEtiquetado e identificaci\u00f3n de los envases<br \/>\nTodo envase de residuos peligrosos debe estar correctamente etiquetado con indicaci\u00f3n del contenido, aunque sea de forma transitoria y para que sea recepcionado en el local de acopio del Servicio de Higiene y Seguridad.<\/p>\n<p>Continua &#8230;&#8230;.<a class=\"boton\" href=\"https:\/\/exactas.uba.ar\/higieneyseguridad\/medio-ambiente\/residuos\/residuos-peligrosos\/almacenamiento-temporal\/\">Almacenamiento Temporal de Residuos Peligrosos<\/a><\/p>\n","protected":false},"excerpt":{"rendered":"Tipos de envases Para el envasado y correspondiente segregaci\u00f3n de los residuos se emplean distintos tipos de bidones o recipientes, dependiendo del tipo de residuo y de la cantidad producida. tipos de posibles envases a utilizar: \u2022 Bidones de polietileno de alta densidad resistente a agentes qu\u00edmicos de 5 y 10 litros de capacidad y&#8230; <a class=\"view-article\" href=\"https:\/\/exactas.uba.ar\/higieneyseguridad\/medio-ambiente\/residuos\/residuos-peligrosos\/segregacion-de-residuos-peligrosos\/\">LEER +<\/a>","protected":false},"author":2,"featured_media":0,"parent":2409,"menu_order":0,"comment_status":"closed","ping_status":"closed","template":"","meta":{"_acf_changed":false,"footnotes":""},"class_list":["post-2413","page","type-page","status-publish","hentry"],"acf":[],"_links":{"self":[{"href":"https:\/\/exactas.uba.ar\/higieneyseguridad\/wp-json\/wp\/v2\/pages\/2413","targetHints":{"allow":["GET"]}}],"collection":[{"href":"https:\/\/exactas.uba.ar\/higieneyseguridad\/wp-json\/wp\/v2\/pages"}],"about":[{"href":"https:\/\/exactas.uba.ar\/higieneyseguridad\/wp-json\/wp\/v2\/types\/page"}],"author":[{"embeddable":true,"href":"https:\/\/exactas.uba.ar\/higieneyseguridad\/wp-json\/wp\/v2\/users\/2"}],"replies":[{"embeddable":true,"href":"https:\/\/exactas.uba.ar\/higieneyseguridad\/wp-json\/wp\/v2\/comments?post=2413"}],"version-history":[{"count":20,"href":"https:\/\/exactas.uba.ar\/higieneyseguridad\/wp-json\/wp\/v2\/pages\/2413\/revisions"}],"predecessor-version":[{"id":3774,"href":"https:\/\/exactas.uba.ar\/higieneyseguridad\/wp-json\/wp\/v2\/pages\/2413\/revisions\/3774"}],"up":[{"embeddable":true,"href":"https:\/\/exactas.uba.ar\/higieneyseguridad\/wp-json\/wp\/v2\/pages\/2409"}],"wp:attachment":[{"href":"https:\/\/exactas.uba.ar\/higieneyseguridad\/wp-json\/wp\/v2\/media?parent=2413"}],"curies":[{"name":"wp","href":"https:\/\/api.w.org\/{rel}","templated":true}]}}