{"id":194,"date":"2018-12-19T18:34:27","date_gmt":"2018-12-19T18:34:27","guid":{"rendered":"http:\/\/127.0.0.1:4001\/wordpress\/?page_id=194"},"modified":"2024-02-21T00:03:35","modified_gmt":"2024-02-21T00:03:35","slug":"capacitaciones","status":"publish","type":"page","link":"https:\/\/exactas.uba.ar\/higieneyseguridad\/capacitaciones\/","title":{"rendered":"Capacitaciones"},"content":{"rendered":"<h2><strong>La Capacitaci\u00f3n como estrategia para la Prevenci\u00f3n<\/strong><\/h2>\n<h3>Objetivo :<\/h3>\n<p><strong>\u00a0<\/strong>Capacitar al personal de la FCEN sobre los riesgos a los que se encuentra\u00a0 expuesto en sus tareas diarias y la forma de prevenir los accidentes y enfermedades profesionales que estos le pudiesen causar.<\/p>\n<p>&nbsp;<\/p>\n<h3>Metodolog\u00eda :<\/h3>\n<p>Las capacitaciones ser\u00e1n presenciales o virtuales y dependiendo el tema podr\u00e1n ser te\u00f3rico\/pr\u00e1cticas. En cada capacitaci\u00f3n se tomar\u00e1 una evaluaci\u00f3n para verificar la comprensi\u00f3n de los temas dados.<\/p>\n<p>Las asistencias a las capacitaciones ser\u00e1n registradas a trav\u00e9s de documentaci\u00f3n en la que figurar\u00e1: nombre y apellido, DNI y sector\/laboratorio.<\/p>\n<p>La comunicaci\u00f3n fluida con los destinatarios\/participantes resulta clave en las diferentes etapas que abarca este proceso, ya que forma parte de una estrategia m\u00e1s amplia que pretende sensibilizar, concientizar e involucrar activamente a todos los miembros de la comunidad universitaria (autoridades, docentes, nodocentes y estudiantes), siempre con la prevenci\u00f3n de riesgos como horizonte.<\/p>\n<p>Siguiendo los lineamientos de la Ley de Higiene y Seguridad en el trabajo\u00a0<em>\u201cla capacitaci\u00f3n del personal deber\u00e1 efectuarse por medio de conferencias, cursos, seminarios, clases y se complementar\u00e1 con material educativo gr\u00e1fico, medios audiovisuales, avisos y carteles que indiquen medidas de higiene y seguridad\u201d<\/em>\u00a0(art. 209 \u2013 Ley 19. 587)<\/p>\n<p>En el \u00e1mbito de la FCEN, el Servicio de Higiene y Seguridad es el \u00e1rea que entiende en la elaboraci\u00f3n, propuesta y ejecuci\u00f3n de las pol\u00edticas de la FCEN en materia relacionada con la capacitaci\u00f3n y concientizaci\u00f3n a todo el personal sobre prevenci\u00f3n de riesgos. Con este fin, ofrece capacitaciones bajo diferentes modalidades.<\/p>\n<p>&nbsp;<\/p>\n<h3><strong>Plan Estrat\u00e9gico de Capacitaciones Anuales<\/strong><\/h3>\n<p>Hemos estratificado el plan anual\u00a0 de capacitaciones en higiene y seguridad en 5 niveles, los mismos corresponden a:<\/p>\n<h4>Nivel 1<\/h4>\n<p>El nivel 1 est\u00e1 compuesto por aquellas capacitaciones que son para todos los trabajadores de la FCEN sin importar su jerarqu\u00eda, antig\u00fcedad o puesto de trabajo.<\/p>\n<p>(*) Estas capacitaciones se encuentran incluidas en el listado de capacitaciones obligatorias exigidas en la Res. 905\/2015<\/p>\n<h4>Nivel 2<\/h4>\n<p>Estas capacitaciones son obligatorias seg\u00fan la actividad que realicen en la FCEN<\/p>\n<h4>Nivel 3<\/h4>\n<p>Trabajos con riesgos especiales o para tareas espec\u00edficas que no forman parte de las tareas habituales<\/p>\n<h4>Nivel 4<\/h4>\n<p>Capacitaciones para trabajos con alimentos<\/p>\n<h4>Nivel 5<\/h4>\n<p>Capacitaciones para maestras jardineras<\/p>\n<p>&nbsp;<\/p>\n","protected":false},"excerpt":{"rendered":"La Capacitaci\u00f3n como estrategia para la Prevenci\u00f3n Objetivo : \u00a0Capacitar al personal de la FCEN sobre los riesgos a los que se encuentra\u00a0 expuesto en sus tareas diarias y la forma de prevenir los accidentes y enfermedades profesionales que estos le pudiesen causar. &nbsp; Metodolog\u00eda : Las capacitaciones ser\u00e1n presenciales o virtuales y dependiendo el&#8230; <a class=\"view-article\" href=\"https:\/\/exactas.uba.ar\/higieneyseguridad\/capacitaciones\/\">LEER +<\/a>","protected":false},"author":1,"featured_media":0,"parent":0,"menu_order":15,"comment_status":"open","ping_status":"open","template":"","meta":{"_acf_changed":false,"footnotes":""},"class_list":["post-194","page","type-page","status-publish","hentry"],"acf":[],"_links":{"self":[{"href":"https:\/\/exactas.uba.ar\/higieneyseguridad\/wp-json\/wp\/v2\/pages\/194","targetHints":{"allow":["GET"]}}],"collection":[{"href":"https:\/\/exactas.uba.ar\/higieneyseguridad\/wp-json\/wp\/v2\/pages"}],"about":[{"href":"https:\/\/exactas.uba.ar\/higieneyseguridad\/wp-json\/wp\/v2\/types\/page"}],"author":[{"embeddable":true,"href":"https:\/\/exactas.uba.ar\/higieneyseguridad\/wp-json\/wp\/v2\/users\/1"}],"replies":[{"embeddable":true,"href":"https:\/\/exactas.uba.ar\/higieneyseguridad\/wp-json\/wp\/v2\/comments?post=194"}],"version-history":[{"count":30,"href":"https:\/\/exactas.uba.ar\/higieneyseguridad\/wp-json\/wp\/v2\/pages\/194\/revisions"}],"predecessor-version":[{"id":8207,"href":"https:\/\/exactas.uba.ar\/higieneyseguridad\/wp-json\/wp\/v2\/pages\/194\/revisions\/8207"}],"wp:attachment":[{"href":"https:\/\/exactas.uba.ar\/higieneyseguridad\/wp-json\/wp\/v2\/media?parent=194"}],"curies":[{"name":"wp","href":"https:\/\/api.w.org\/{rel}","templated":true}]}}