{"id":1079,"date":"2019-08-30T20:12:46","date_gmt":"2019-08-30T20:12:46","guid":{"rendered":"https:\/\/exactas.uba.ar\/higieneyseguridad\/?page_id=1079"},"modified":"2024-01-15T16:13:20","modified_gmt":"2024-01-15T16:13:20","slug":"procedimiento-de-uso-de-instalaciones","status":"publish","type":"page","link":"https:\/\/exactas.uba.ar\/higieneyseguridad\/normativa\/procedimientos-interna\/procedimiento-de-uso-de-instalaciones\/","title":{"rendered":"Normas de Seguridad para Eventos"},"content":{"rendered":"<p><span style=\"color: #000000;\">Para realizar un evento en FCEN\u00a0 \u00a0se debe dar cumplimento a las siguientes normas de seguridad :<\/span><\/p>\n<p>A)Todo personal externo que sea contratado para el desarrollo de un evento debe presentar los seguros seg\u00fan se establece en el siguiente link:<\/p>\n<p><a href=\"https:\/\/exactas.uba.ar\/higieneyseguridad\/normativa\/procedimientos-interna\/seguro-laborales-solictados-por-shys\/\">Seguros Laborales solicitados por FCEN<\/a><\/p>\n<p>B) Los organizadores ser\u00e1n responsables de cuidar el ambiente, eliminaci\u00f3n de residuos s\u00f3lidos y\/\u00f3 l\u00edquidos que se hayan generado durante el evento.<\/p>\n<p>C ) En el caso que se utilicen equipos, herramientas, maquinas y otros que no sean propiedades de FCEN deber\u00e1n ser declarados al departamento de Seguridad y Control al momento de su ingreso.<\/p>\n<p>D) Los organizadores se comunicar\u00e1n al Departamento de Seguridad y Control (Interno 58311) cualquier incidente y\/o accidente.<\/p>\n<p>E) Acciones NO PERMITIDAS<\/p>\n<ul>\n<li>Ingreso de Bebidas alcoh\u00f3licas<\/li>\n<li>Ingreso de personas que est\u00e9n\u00a0 bajo su influencia<\/li>\n<li>Portaci\u00f3n de armas de fuego o armas blancas<\/li>\n<\/ul>\n<p>F)\u00a0 Otras que el \u00a0Servicio de Higiene y Seguridad considere necesarias en funci\u00f3n de la evaluaci\u00f3n que se realice del tipo de actividades a realizar<\/p>\n<p><span style=\"font-weight: 400;\">Para solicitar a la Facultad autorizaci\u00f3n para realizar un evento, consulte la siguiente p\u00e1gina\u00a0 <\/span><a href=\"https:\/\/exactas.uba.ar\/eventos-en-la-facultad\/\">https:\/\/exactas.uba.ar\/eventos-en-la-facultad\/<\/a><\/p>\n<p>Marco Normativo:<\/p>\n<ul>\n<li><span style=\"color: #000000;\">Ley 19587\/72 ( Higiene y Seguridad Laboral)\u00a0 decreto rcglamentario 351\/79 y d\u00e9mas normas complementarias\u00a0\u00a0<a href=\"https:\/\/www.argentina.gob.ar\/normativa\/nacional\/ley-19587-17612\">https:\/\/www.argentina.gob.ar\/normativa\/nacional\/ley-19587-17612<\/a><\/span><\/li>\n<li>Ley 24557\/95\u00a0 \u00a0(A.R.T.) y sus resoluciones complementarias\u00a0 \u00a0<a href=\"https:\/\/www.argentina.gob.ar\/normativa\/nacional\/ley-24557-27971\">https:\/\/www.argentina.gob.ar\/normativa\/nacional\/ley-24557-27971<\/a><\/li>\n<li>Ley 24051\/ 91\u00a0 \u00a0 Residuos Peligrosos\u00a0\u00a0<a href=\"https:\/\/www.argentina.gob.ar\/normativa\/nacional\/ley-24051-450\">https:\/\/www.argentina.gob.ar\/normativa\/nacional\/ley-24051-450<\/a><\/li>\n<li>Politica de FCEN de Seguridad, Ambiente y Salud\u00a0 ( ver <a href=\"https:\/\/exactas.uba.ar\/higieneyseguridad\/normativa\/\">https:\/\/exactas.uba.ar\/higieneyseguridad\/normativa\/<\/a>)<\/li>\n<\/ul>\n","protected":false},"excerpt":{"rendered":"Para realizar un evento en FCEN\u00a0 \u00a0se debe dar cumplimento a las siguientes normas de seguridad : A)Todo personal externo que sea contratado para el desarrollo de un evento debe presentar los seguros seg\u00fan se establece en el siguiente link: Seguros Laborales solicitados por FCEN B) Los organizadores ser\u00e1n responsables de cuidar el ambiente, eliminaci\u00f3n&#8230; <a class=\"view-article\" href=\"https:\/\/exactas.uba.ar\/higieneyseguridad\/normativa\/procedimientos-interna\/procedimiento-de-uso-de-instalaciones\/\">LEER +<\/a>","protected":false},"author":2,"featured_media":0,"parent":1022,"menu_order":1,"comment_status":"closed","ping_status":"closed","template":"","meta":{"_acf_changed":false,"footnotes":""},"class_list":["post-1079","page","type-page","status-publish","hentry"],"acf":[],"_links":{"self":[{"href":"https:\/\/exactas.uba.ar\/higieneyseguridad\/wp-json\/wp\/v2\/pages\/1079","targetHints":{"allow":["GET"]}}],"collection":[{"href":"https:\/\/exactas.uba.ar\/higieneyseguridad\/wp-json\/wp\/v2\/pages"}],"about":[{"href":"https:\/\/exactas.uba.ar\/higieneyseguridad\/wp-json\/wp\/v2\/types\/page"}],"author":[{"embeddable":true,"href":"https:\/\/exactas.uba.ar\/higieneyseguridad\/wp-json\/wp\/v2\/users\/2"}],"replies":[{"embeddable":true,"href":"https:\/\/exactas.uba.ar\/higieneyseguridad\/wp-json\/wp\/v2\/comments?post=1079"}],"version-history":[{"count":49,"href":"https:\/\/exactas.uba.ar\/higieneyseguridad\/wp-json\/wp\/v2\/pages\/1079\/revisions"}],"predecessor-version":[{"id":7679,"href":"https:\/\/exactas.uba.ar\/higieneyseguridad\/wp-json\/wp\/v2\/pages\/1079\/revisions\/7679"}],"up":[{"embeddable":true,"href":"https:\/\/exactas.uba.ar\/higieneyseguridad\/wp-json\/wp\/v2\/pages\/1022"}],"wp:attachment":[{"href":"https:\/\/exactas.uba.ar\/higieneyseguridad\/wp-json\/wp\/v2\/media?parent=1079"}],"curies":[{"name":"wp","href":"https:\/\/api.w.org\/{rel}","templated":true}]}}