{"id":8,"date":"2019-04-29T18:00:49","date_gmt":"2019-04-29T18:00:49","guid":{"rendered":"https:\/\/exactas.uba.ar\/genex\/?page_id=8"},"modified":"2022-10-25T18:30:52","modified_gmt":"2022-10-25T18:30:52","slug":"portal_informativo","status":"publish","type":"page","link":"https:\/\/exactas.uba.ar\/genex\/portal_informativo\/","title":{"rendered":"Portal Informativo"},"content":{"rendered":"<div style=\"display: none;\">\n<h3>Cursos y Actividades<\/h3>\n<p>Les invitamos al Curso de extensi\u00f3n universitaria \u00ab<strong>Introducci\u00f3n a una perspectiva de masculinidades<\/strong>\u00bb organizado por la Facultad de Derechos de la Universidad de Buenos Aires. Tendr\u00e1 modalidad virtual y se va a realizar los mi\u00e9rcoles 26\/10 y 2, 9, 16 y 23 de noviembre de 18hs a 20hs.<\/p>\n<p>Se propone:<\/p>\n<ul>\n<li>generar un espacio para la discusi\u00f3n y creaci\u00f3n de herramientas te\u00f3rico-pr\u00e1cticas para el an\u00e1lisis y la intervenci\u00f3n en las relaciones de poder entre los g\u00e9neros, desde una reflexi\u00f3n centrada en las masculinidades.<\/li>\n<li>estimular y fortalecer el desarrollo de enfoques cr\u00edticos en torno a los cuerpos, los g\u00e9neros y las sexualidades que inviten a reflexionar a varones y masculinidades<\/li>\n<li>brindar recursos que posibiliten la planificaci\u00f3n de pr\u00e1cticas e intervenciones por parte de quienes participen<\/li>\n<\/ul>\n<p>&nbsp;<\/p>\n<p>El <strong>equipo docente<\/strong> est\u00e1 integrado por: Carolina Spataro, Daniel Jones, Rafael Blanco, Luciano Fabbri, Mat\u00edas De St\u00e9fano Barbero y Sasa Testa.<\/p>\n<p>Para m\u00e1s informaci\u00f3n: <a href=\"mailto:extensionuniversitaria@derecho.uba.ar\">extensionuniversitaria@derecho.uba.ar<\/a><br \/>\n<a href=\"https:\/\/exactas.uba.ar\/genex\/wp-content\/uploads\/2022\/10\/WhatsApp-Image-2022-09-28-at-09.16.46.jpeg\"><img loading=\"lazy\" decoding=\"async\" width=\"250\" height=\"354\" class=\"alignnone size-medium wp-image-896\" src=\"https:\/\/exactas.uba.ar\/genex\/wp-content\/uploads\/2022\/10\/WhatsApp-Image-2022-09-28-at-09.16.46-250x354.jpeg\" alt=\"\" srcset=\"https:\/\/exactas.uba.ar\/genex\/wp-content\/uploads\/2022\/10\/WhatsApp-Image-2022-09-28-at-09.16.46-250x354.jpeg 250w, https:\/\/exactas.uba.ar\/genex\/wp-content\/uploads\/2022\/10\/WhatsApp-Image-2022-09-28-at-09.16.46-700x990.jpeg 700w, https:\/\/exactas.uba.ar\/genex\/wp-content\/uploads\/2022\/10\/WhatsApp-Image-2022-09-28-at-09.16.46-120x170.jpeg 120w, https:\/\/exactas.uba.ar\/genex\/wp-content\/uploads\/2022\/10\/WhatsApp-Image-2022-09-28-at-09.16.46.jpeg 724w\" sizes=\"auto, (max-width: 250px) 100vw, 250px\" \/><\/a><\/p>\n<hr \/>\n<\/div>\n<div dir=\"ltr\">\n<h3>Novedades UBA\/RUGE\/MinCyT\/CONICET<\/h3>\n<\/div>\n<ul>\n<li><span style=\"color: #339966;\"><strong><a style=\"color: #339966;\" href=\"https:\/\/www.conicet.gov.ar\/convenio-entre-el-ministerio-de-las-mujeres-generos-y-diversidad-y-el-conicet\/\" target=\"_blank\" rel=\"noopener noreferrer\">Convenio entre el Ministerio de las Mujeres, G\u00e9neros y Diversidad y el CONICET<\/a><\/strong><\/span><\/li>\n<li><a href=\"https:\/\/exactas.uba.ar\/genex\/wp-content\/uploads\/2020\/09\/La-expedici\u00f3n-de-T\u00edtulos-de-la-UBA-se-adec\u00faa-a-la-Ley-de-Identidad-de-G\u00e9nero.pdf\" target=\"_blank\" rel=\"noopener noreferrer\"><span style=\"color: #339966;\"><strong>La expedici\u00f3n de T\u00edtulos de la UBA se adec\u00faa a la Ley de Identidad de G\u00e9nero<\/strong><\/span><\/a><\/li>\n<li><strong><span style=\"color: #339966;\"><a style=\"color: #339966;\" href=\"https:\/\/www.conicet.gov.ar\/el-ministerio-de-ciencia-tecnologia-e-innovacion-creo-el-programa-nacional-para-la-igualdad-de-generos\/\" target=\"_blank\" rel=\"noopener noreferrer\">El MinCyT cre\u00f3 el Programa Nacional para la Igualdad de G\u00e9neros<\/a><\/span><\/strong><\/li>\n<li><strong><span style=\"color: #339966;\"><a style=\"color: #339966;\" href=\"https:\/\/www.argentina.gob.ar\/noticias\/se-lanzo-la-politica-de-genero-de-la-agencia\" target=\"_blank\" rel=\"noopener noreferrer\">Se lanz\u00f3 la Pol\u00edtica de G\u00e9nero de la Agencia Nacional de Promoci\u00f3n de la Investigaci\u00f3n, el Desarrollo Tecnol\u00f3gico y la Innovaci\u00f3n<\/a> \/ <a style=\"color: #339966;\" href=\"https:\/\/www.youtube.com\/watch?v=dVPrDhF8JVg\" target=\"_blank\" rel=\"noopener noreferrer\">Conferencia de presentaci\u00f3n<\/a><\/span><\/strong><\/li>\n<li><strong><span style=\"color: #339966;\"><a style=\"color: #339966;\" href=\"https:\/\/cenpat.conicet.gov.ar\/ya-funciona-en-el-cenpat-el-espacio-de-atencion-de-violencia-laboral-y-de-genero\/\" target=\"_blank\" rel=\"noopener noreferrer\">Ya funciona en el CENPAT el Espacios de Atenci\u00f3n de Violencia Laboral y de G\u00e9nero<\/a><\/span><\/strong><\/li>\n<\/ul>\n<h3>Noticias, ensayos y miscel\u00e1neas sobre ciencia y g\u00e9nero<\/h3>\n<ul>\n<li><span style=\"color: #339966;\"><strong><a style=\"color: #339966;\" href=\"https:\/\/www.scidev.net\/america-latina\/genero\/noticias\/covid-19-acentua-brecha-de-genero-en-la-ciencia.html?__cf_chl_jschl_tk__=4a85de87d71bd22edfd3aadd2c70d0f6b15962ff-1594820462-0-AQAP4I8LPj8CubonWVR-ArFISV57ETwBCqYSy_r_orhjpEx9BV6VEtjBC90BctOljfc53kbu-s9RvTjK-gAoB6nxUVS42EyhWcqdya1pAftJ2KkmvGzI58pHCb_fXsYhMAw_OKBHWItY8rs70fJVoTxjje87gYqZKvTTXuVkac2rQn18cqZEDLWi2U1W1hmacXa_SLTmalFxy87OuavNiVS2lkFLwCCiBABAMkjMQ6bLj69pFr-Ivhzj_UzrjC35G-i-V_DskCD2mvj7iTHicu5fXy891ri0xDreneb3cKDs12obVLhldpGHMI3lJJ1ddOzggYOCUt6CZAg50DubDp4akt3udLrqkobcrB9lCsOTWC9ed6dEGAcDAuQV_ohlgg\" target=\"_blank\" rel=\"noopener noreferrer\">COVID-19 acent\u00faa brecha de g\u00e9nero en la ciencia<\/a><\/strong><\/span><\/li>\n<li><span style=\"color: #339966;\"><strong><a style=\"color: #339966;\" href=\"https:\/\/www.timeshighereducation.com\/news\/pandemic-lockdown-holding-back-female-academics-data-show#\" target=\"_blank\" rel=\"noopener noreferrer\">Pandemic lockdown holding back female academics, data show<\/a><\/strong><\/span><\/li>\n<li><strong><span style=\"color: #339966;\"><a style=\"color: #339966;\" href=\"http:\/\/lanaciontrabajadora.com.ar\/ciencia-argentina\/?fbclid=IwAR2ruj8xBTkIbrTTqUbOOeCFtbf5fsZUi_2KC6bOOdDQC13O64MpJr2Y4VYSi\" target=\"_blank\" rel=\"noopener noreferrer\">Descubrimientos, trabajo y g\u00e9nero en la trayectoria de una cient\u00edfica molecular (lanaciontrabajadora.com.ar)<\/a><\/span><\/strong><\/li>\n<li><strong><span style=\"color: #339966;\"><a style=\"color: #339966;\" href=\"https:\/\/www.eldiplo.org\/notas-web\/tres-realidades-que-visibiliza-la-pandemia\/\" target=\"_blank\" rel=\"noopener noreferrer\">Tres realidades que visibiliza la pandemia (Le Monde Diplomatique)<\/a><\/span><\/strong><\/li>\n<li><strong><span style=\"color: #339966;\"><a style=\"color: #339966;\" href=\"https:\/\/www.agenciasinc.es\/Reportajes\/Estoy-fallando-como-investigadora-y-madre-la-COVID-19-amplia-la-brecha-de-genero-en-ciencia?fbclid=IwAR3TvnWEGAle9M3pCz4HyDRolGJ0-1vrTsMLtzkKyYDkL2gPpnCmFv6yLjo\" target=\"_blank\" rel=\"noopener noreferrer\">\u00abEstoy fallando como investigadora y madre\u00bb: la COVID-19 ampl\u00eda la brecha de g\u00e9nero en ciencia (Agencia Sinc)<\/a><\/span><\/strong><\/li>\n<li><strong><span style=\"color: #339966;\"><a style=\"color: #339966;\" href=\"http:\/\/www.unsam.edu.ar\/tss\/cientificas-en-cuarentena-mas-desigualdad-y-menos-productividad\/\" target=\"_blank\" rel=\"noopener noreferrer\">Cient\u00edficas en cuarentena: M\u00e1s desigualdad y menos productividad (Agencia TSS-UNSAM)<\/a><\/span><\/strong><\/li>\n<\/ul>\n<h3>Informes de organismos internacionales sobre el impacto del covid-19 con relaci\u00f3n al g\u00e9nero<\/h3>\n<ul>\n<li><strong>AMNISTIA INTERNACIONAL \u2013 ARGENTINA: <span style=\"color: #339966;\"><a style=\"color: #339966;\" href=\"https:\/\/amnistia.org.ar\/wp-content\/uploads\/delightful-downloads\/2020\/03\/Deca%CC%81logo-Derechos-Humanos-en-tiempos-de-crisis.pdf\" target=\"_blank\" rel=\"noopener noreferrer\">Un dec\u00e1logo de derechos humanos en tiempos de crisis<\/a><\/span><\/strong><\/li>\n<li><strong>CEPAL: <span style=\"color: #339966;\"><a style=\"color: #339966;\" href=\"https:\/\/www.cepal.org\/es\/publicaciones\/45335-la-pandemia-covid-19-profundiza-la-crisis-cuidados-america-latina-caribe\" target=\"_blank\" rel=\"noopener noreferrer\">La pandemia del COVID-19 profundiza la crisis de los cuidados en Am\u00e9rica Latinay el Caribe<\/a><\/span><\/strong><\/li>\n<li><strong>CIDH: <span style=\"color: #339966;\"><a style=\"color: #339966;\" href=\"http:\/\/www.oas.org\/es\/cidh\/prensa\/comunicados\/2020\/074.asp\" target=\"_blank\" rel=\"noopener noreferrer\">La CIDH hace un llamado a los Estados a incorporar la perspectiva de g\u00e9nero en la respuesta a la pandemia del COVID-19 y a combatir la violencia sexual e intrafamiliar en este contexto<\/a><\/span><\/strong><\/li>\n<li><strong>CIPPEC: <span style=\"color: #339966;\"><a style=\"color: #339966;\" href=\"https:\/\/www.cippec.org\/publicacion\/la-oportunidad-de-la-emergencia-del-covid-19\/\" target=\"_blank\" rel=\"noopener noreferrer\">La oportunidad de la emergencia del COVID-19<\/a><\/span><\/strong><\/li>\n<li><strong>ELA: <span style=\"color: #339966;\"><a style=\"color: #339966;\" href=\"http:\/\/www.ela.org.ar\/a2\/index.cfm?muestra&amp;amp;aplicacion=APP187&amp;amp;cnl=4&amp;amp;opc=47&amp;amp;codcontenido=4191&amp;amp;plcontampl=12\" target=\"_blank\" rel=\"noopener noreferrer\">Dec\u00e1logo para abordar las violencias hacia las mujeres en \u00e9pocas de aislamiento social<\/a><\/span><\/strong><\/li>\n<li><strong>FONDO DE POBLACI\u00d3N DE LAS NACIONES UNIDAS \u2013 UNPFA: COVID-19: <span style=\"color: #339966;\"><a style=\"color: #339966;\" href=\"https:\/\/www.unfpa.org\/sites\/default\/files\/resource-pdf\/COVID-19_A_Gender_Lens_Guidance_Note.docx_en-US_es-MX.pdf\" target=\"_blank\" rel=\"noopener noreferrer\">Un Enfoque de G\u00e9nero. Proteger la salud y los derechos sexuales y reproductivos y promover la igualdad de g\u00e9nero.<\/a><\/span><\/strong><\/li>\n<li><strong>ONU MUJERES \u2013 ARG: <a href=\"https:\/\/www.unwomen.org\/es\/news\/in-focus\/in-focus-gender-equality-in-covid-19-response\" target=\"_blank\" rel=\"noopener noreferrer\"><span style=\"color: #339966;\">En la mira: la igualdad de g\u00e9nero importa en la respuesta frente al COVID-19<\/span><\/a><\/strong><\/li>\n<\/ul>\n<hr \/>\n<h3 style=\"text-align: center;\"><strong><span style=\"color: #333333;\"><a style=\"color: #333333;\" href=\"https:\/\/exactas.uba.ar\/genex\/publicaciones\/\">&lt;&lt;IR A PUBLICACIONES<\/a>&gt;&gt;<\/span><\/strong><\/h3>\n","protected":false},"excerpt":{"rendered":"Cursos y Actividades Les invitamos al Curso de extensi\u00f3n universitaria \u00abIntroducci\u00f3n a una perspectiva de masculinidades\u00bb organizado por la Facultad de Derechos de la Universidad de Buenos Aires. Tendr\u00e1 modalidad virtual y se va a realizar los mi\u00e9rcoles 26\/10 y 2, 9, 16 y 23 de noviembre de 18hs a 20hs. Se propone: generar un&#8230; <a class=\"view-article\" href=\"https:\/\/exactas.uba.ar\/genex\/portal_informativo\/\">LEER +<\/a>","protected":false},"author":1,"featured_media":0,"parent":0,"menu_order":0,"comment_status":"closed","ping_status":"closed","template":"","meta":{"_acf_changed":false,"footnotes":""},"class_list":["post-8","page","type-page","status-publish","hentry"],"acf":[],"_links":{"self":[{"href":"https:\/\/exactas.uba.ar\/genex\/wp-json\/wp\/v2\/pages\/8","targetHints":{"allow":["GET"]}}],"collection":[{"href":"https:\/\/exactas.uba.ar\/genex\/wp-json\/wp\/v2\/pages"}],"about":[{"href":"https:\/\/exactas.uba.ar\/genex\/wp-json\/wp\/v2\/types\/page"}],"author":[{"embeddable":true,"href":"https:\/\/exactas.uba.ar\/genex\/wp-json\/wp\/v2\/users\/1"}],"replies":[{"embeddable":true,"href":"https:\/\/exactas.uba.ar\/genex\/wp-json\/wp\/v2\/comments?post=8"}],"version-history":[{"count":177,"href":"https:\/\/exactas.uba.ar\/genex\/wp-json\/wp\/v2\/pages\/8\/revisions"}],"predecessor-version":[{"id":1008,"href":"https:\/\/exactas.uba.ar\/genex\/wp-json\/wp\/v2\/pages\/8\/revisions\/1008"}],"wp:attachment":[{"href":"https:\/\/exactas.uba.ar\/genex\/wp-json\/wp\/v2\/media?parent=8"}],"curies":[{"name":"wp","href":"https:\/\/api.w.org\/{rel}","templated":true}]}}