{"id":716,"date":"2021-03-23T13:48:03","date_gmt":"2021-03-23T13:48:03","guid":{"rendered":"https:\/\/exactas.uba.ar\/genex\/?page_id=716"},"modified":"2022-08-11T19:16:21","modified_gmt":"2022-08-11T19:16:21","slug":"conversaciones-situadas","status":"publish","type":"page","link":"https:\/\/exactas.uba.ar\/genex\/conversaciones-situadas\/","title":{"rendered":"Conversaciones situadas"},"content":{"rendered":"<p><strong>Sobre el ciclo:<\/strong> El actual contexto nos plantea limitaciones para desarrollar nuestras habituales actividades de encuentro, formaci\u00f3n y sensibilizaci\u00f3n. Sin embargo, nos planteamos otras formas de proximidad para los temas y problemas que nos convocan como Programa. A trav\u00e9s de conversaciones situadas invitamos a otra cercan\u00eda, desde donde es posible seguir apostando por la construcci\u00f3n colectiva de conocimiento desde nuestras diferentes disciplinas, trayectorias y sentires.<\/p>\n<hr \/>\n<h4>\u201c\u00bfC\u00f3mo abordamos las violencias?\u201d (Viernes 4\/6\/21)<\/h4>\n<p>La reflexi\u00f3n que motoriza este encuentro es sobre los modos en que abordamos las violencias. En especial, abrir el juego a la pregunta de qu\u00e9 es el punitivismo, como un modo espec\u00edfico de abordar la violencia, cu\u00e1les son sus limitaciones, problemas y tensiones. Sobre todo, para pensarlo en un espacio determinado: la universidad.<\/p>\n<p>En esta ocasi\u00f3n conversan: Ileana Arduino (Abogada con orientaci\u00f3n en derecho penal (UBA), coordinadora del grupo feminismos y justicia penal de el Instituto de Estudios Comparados en Ciencias Penales y Sociales (INECIP)), Mariana Palumbo (Soci\u00f3loga y Dra. en Ciencias Sociales. Especialista en temas de g\u00e9neros y sexualidades) y Ana Quaglino (Secretaria adjunta de Extensi\u00f3n, Bienestar y Cultura cient\u00edfica y coordinadora de =GenEx). Modera la actividad Mirna Lucaccini (Polit\u00f3loga e integrante =GenEx).<\/p>\n<p>Link de acceso a la actividad: <a href=\"https:\/\/www.youtube.com\/watch?v=hYNKOX1T8v8\">https:\/\/www.youtube.com\/watch?v=hYNKOX1T8v8<\/a><\/p>\n<p><iframe loading=\"lazy\" title=\"YouTube video player\" src=\"https:\/\/www.youtube.com\/embed\/hYNKOX1T8v8\" width=\"560\" height=\"315\" frameborder=\"0\" allowfullscreen=\"allowfullscreen\"><\/iframe><\/p>\n<p>&nbsp;<\/p>\n<h4>\u201cDe carreras, mandatos y marcas personales\u201d (Mi\u00e9rcoles 10\/3\/21)<\/h4>\n<p>En el marco del\u00a0<strong>Dia Internacional de las Mujeres Trabajadoras,<\/strong>\u00a0que se conmemora los 8 de marzo, damos inicio al\u00a0<strong>ciclo \u00ab<\/strong><strong>Conversaciones situadas\u00bb<\/strong>, organizado por =GenEx, el Programa por la igualdad de g\u00e9nero de la Facultad. En esta oportunidad, bajo el t\u00edtulo \u201cDe carreras, mandatos y marcas personales\u201d se reunir\u00e1n conversar y discutir:\u00a0<strong>Alicia Dickenstein\u00a0<\/strong>(Investigadora Superior en el IMAS (UBA-CONICET). Profesora titular plenaria (FCEN);\u00a0\u00a0<strong>Carolina Carrillo:\u00a0<\/strong>(Investigadora Independiente en el ICT Milstein (CONICET\u2013Fundaci\u00f3n Cassar\u00e1) y JTP en la FCEN) y\u00a0<strong>Carolina Hadad:\u00a0<\/strong>Co-autora de Cient\u00edficas de Ac\u00e1 y Co-fundadora Chicas en Tecnolog\u00eda. Se sumar\u00e1n coordinando el encuentro: Valeria Fornes: Antropologa Feminista \u2013 nodocente en el Equipo de Popularizacion de las Ciencias de la FCEN y Ana Quaglino (Secretaria adjunta de Extensi\u00f3n, Bienestar y cultura Cient\u00edfica y coordinadora de =GenEx)<\/p>\n<p>Desmarcar(se) de los mandatos de g\u00e9nero, desafiar el canon acad\u00e9mico y desterritorializar las pr\u00e1cticas cient\u00edficas ser\u00e1n algunos de los ejes transversales y cuestiones que se abordar\u00e1n desde diferentes generaciones y disciplinas.<\/p>\n<p>Link de acceso a la actividad: <a href=\"https:\/\/www.youtube.com\/watch?v=Qs23M872D0Q\">https:\/\/www.youtube.com\/watch?v=Qs23M872D0Q<\/a><\/p>\n<p><iframe loading=\"lazy\" title=\"YouTube video player\" src=\"https:\/\/www.youtube.com\/embed\/Qs23M872D0Q?start=1\" width=\"560\" height=\"315\" frameborder=\"0\" allowfullscreen=\"allowfullscreen\"><\/iframe><\/p>\n<p>&nbsp;<\/p>\n","protected":false},"excerpt":{"rendered":"Sobre el ciclo: El actual contexto nos plantea limitaciones para desarrollar nuestras habituales actividades de encuentro, formaci\u00f3n y sensibilizaci\u00f3n. Sin embargo, nos planteamos otras formas de proximidad para los temas y problemas que nos convocan como Programa. A trav\u00e9s de conversaciones situadas invitamos a otra cercan\u00eda, desde donde es posible seguir apostando por la construcci\u00f3n&#8230; <a class=\"view-article\" href=\"https:\/\/exactas.uba.ar\/genex\/conversaciones-situadas\/\">LEER +<\/a>","protected":false},"author":6,"featured_media":0,"parent":0,"menu_order":0,"comment_status":"closed","ping_status":"closed","template":"","meta":{"_acf_changed":false,"footnotes":""},"class_list":["post-716","page","type-page","status-publish","hentry"],"acf":[],"_links":{"self":[{"href":"https:\/\/exactas.uba.ar\/genex\/wp-json\/wp\/v2\/pages\/716","targetHints":{"allow":["GET"]}}],"collection":[{"href":"https:\/\/exactas.uba.ar\/genex\/wp-json\/wp\/v2\/pages"}],"about":[{"href":"https:\/\/exactas.uba.ar\/genex\/wp-json\/wp\/v2\/types\/page"}],"author":[{"embeddable":true,"href":"https:\/\/exactas.uba.ar\/genex\/wp-json\/wp\/v2\/users\/6"}],"replies":[{"embeddable":true,"href":"https:\/\/exactas.uba.ar\/genex\/wp-json\/wp\/v2\/comments?post=716"}],"version-history":[{"count":9,"href":"https:\/\/exactas.uba.ar\/genex\/wp-json\/wp\/v2\/pages\/716\/revisions"}],"predecessor-version":[{"id":891,"href":"https:\/\/exactas.uba.ar\/genex\/wp-json\/wp\/v2\/pages\/716\/revisions\/891"}],"wp:attachment":[{"href":"https:\/\/exactas.uba.ar\/genex\/wp-json\/wp\/v2\/media?parent=716"}],"curies":[{"name":"wp","href":"https:\/\/api.w.org\/{rel}","templated":true}]}}

<p><strong>Sobre el ciclo:</strong> El actual contexto nos plantea limitaciones para desarrollar nuestras habituales actividades de encuentro, formación y sensibilización. Sin embargo, nos planteamos otras formas de proximidad para los temas y problemas que nos convocan como Programa. A través de conversaciones situadas invitamos a otra cercanía, desde donde es posible seguir apostando por la construcción colectiva de conocimiento desde nuestras diferentes disciplinas, trayectorias y sentires.</p>
<hr />
<h4>“¿Cómo abordamos las violencias?” (Viernes 4/6/21)</h4>
<p>La reflexión que motoriza este encuentro es sobre los modos en que abordamos las violencias. En especial, abrir el juego a la pregunta de qué es el punitivismo, como un modo específico de abordar la violencia, cuáles son sus limitaciones, problemas y tensiones. Sobre todo, para pensarlo en un espacio determinado: la universidad.</p>
<p>En esta ocasión conversan: Ileana Arduino (Abogada con orientación en derecho penal (UBA), coordinadora del grupo feminismos y justicia penal de el Instituto de Estudios Comparados en Ciencias Penales y Sociales (INECIP)), Mariana Palumbo (Socióloga y Dra. en Ciencias Sociales. Especialista en temas de géneros y sexualidades) y Ana Quaglino (Secretaria adjunta de Extensión, Bienestar y Cultura científica y coordinadora de =GenEx). Modera la actividad Mirna Lucaccini (Politóloga e integrante =GenEx).</p>
<p>Link de acceso a la actividad: <a href="https://www.youtube.com/watch?v=hYNKOX1T8v8">https://www.youtube.com/watch?v=hYNKOX1T8v8</a></p>
<p><iframe loading="lazy" title="YouTube video player" src="https://www.youtube.com/embed/hYNKOX1T8v8" width="560" height="315" frameborder="0" allowfullscreen="allowfullscreen"></iframe></p>
<p>&nbsp;</p>
<h4>“De carreras, mandatos y marcas personales” (Miércoles 10/3/21)</h4>
<p>En el marco del <strong>Dia Internacional de las Mujeres Trabajadoras,</strong> que se conmemora los 8 de marzo, damos inicio al <strong>ciclo «</strong><strong>Conversaciones situadas»</strong>, organizado por =GenEx, el Programa por la igualdad de género de la Facultad. En esta oportunidad, bajo el título “De carreras, mandatos y marcas personales” se reunirán conversar y discutir: <strong>Alicia Dickenstein </strong>(Investigadora Superior en el IMAS (UBA-CONICET). Profesora titular plenaria (FCEN);  <strong>Carolina Carrillo: </strong>(Investigadora Independiente en el ICT Milstein (CONICET–Fundación Cassará) y JTP en la FCEN) y <strong>Carolina Hadad: </strong>Co-autora de Científicas de Acá y Co-fundadora Chicas en Tecnología. Se sumarán coordinando el encuentro: Valeria Fornes: Antropologa Feminista – nodocente en el Equipo de Popularizacion de las Ciencias de la FCEN y Ana Quaglino (Secretaria adjunta de Extensión, Bienestar y cultura Científica y coordinadora de =GenEx)</p>
<p>Desmarcar(se) de los mandatos de género, desafiar el canon académico y desterritorializar las prácticas científicas serán algunos de los ejes transversales y cuestiones que se abordarán desde diferentes generaciones y disciplinas.</p>
<p>Link de acceso a la actividad: <a href="https://www.youtube.com/watch?v=Qs23M872D0Q">https://www.youtube.com/watch?v=Qs23M872D0Q</a></p>
<p><iframe loading="lazy" title="YouTube video player" src="https://www.youtube.com/embed/Qs23M872D0Q?start=1" width="560" height="315" frameborder="0" allowfullscreen="allowfullscreen"></iframe></p>
<p>&nbsp;</p>

Sobre el ciclo: El actual contexto nos plantea limitaciones para desarrollar nuestras habituales actividades de encuentro, formación y sensibilización. Sin embargo, nos planteamos otras formas de proximidad para los temas y problemas que nos convocan como Programa. A través de conversaciones situadas invitamos a otra cercanía, desde donde es posible seguir apostando por la construcción&#8230; <a class="view-article" href="https://exactas.uba.ar/genex/conversaciones-situadas/">LEER +</a>
