{"id":652,"date":"2020-09-23T22:46:51","date_gmt":"2020-09-23T22:46:51","guid":{"rendered":"https:\/\/exactas.uba.ar\/genex\/?page_id=652"},"modified":"2024-09-04T14:36:40","modified_gmt":"2024-09-04T14:36:40","slug":"recursos-para-el-ambito-universitario","status":"publish","type":"page","link":"https:\/\/exactas.uba.ar\/genex\/recursos-para-el-ambito-universitario\/","title":{"rendered":"Recursos para el \u00e1mbito universitario"},"content":{"rendered":"<ul>\n<li><a href=\"https:\/\/exactas.uba.ar\/genex\/2024\/08\/30\/aproximacion-incels\/\">Incels.<\/a><\/li>\n<li><a href=\"https:\/\/exactas.uba.ar\/genex\/ciberviolencias\/\" target=\"_blank\" rel=\"noopener noreferrer\">Ciberviolencias (material generado por la Facultad de Ciencias Exactas y Naturales)<\/a><\/li>\n<li><a href=\"https:\/\/nube.exactas.uba.ar\/index.php\/s\/f9GtGDcDtNYj3R4\">Informe sobre pol\u00edticas y acciones promovidas en Exactas-UBA en el marco de la corresponsabilidad en el \u00e1mbito de cuidados (en construcci\u00f3n permanente).<\/a><\/li>\n<li><a href=\"https:\/\/exactas.uba.ar\/genex\/cambio-registral\/\">Cambios Registrales por identidad de g\u00e9nero<\/a><\/li>\n<li><a href=\"https:\/\/exactas.uba.ar\/genex\/recursero-de-lenguaje-inclusivo\/\" target=\"_blank\" rel=\"noopener noreferrer\">Material sobre lenguaje inclusivo (material generado por la Facultad de Ciencias Sociales)<\/a><\/li>\n<li><a href=\"https:\/\/exactas.uba.ar\/genex\/wp-content\/uploads\/2021\/09\/GUIA-LenguajeInclusivo.pdf\" target=\"_blank\" rel=\"noopener\">Gu\u00eda para incorporar un uso inclusivo del lenguaje &#8211; Universidad Nacional de San Mart\u00edn<\/a><\/li>\n<li><a href=\"https:\/\/exactas.uba.ar\/genex\/wp-content\/uploads\/2020\/09\/Cuadernillo-de-capacitacio\u0301n-Ley-Micaela-para-el-sistema-universitario.pdf\" target=\"_blank\" rel=\"noopener noreferrer\">Cuadernillo de capacitacio\u0301n Ley Micaela para el sistema universitario (material generado por la RUGE)<\/a><\/li>\n<\/ul>\n<p>&nbsp;<\/p>\n","protected":false},"excerpt":{"rendered":"Incels. Ciberviolencias (material generado por la Facultad de Ciencias Exactas y Naturales) Informe sobre pol\u00edticas y acciones promovidas en Exactas-UBA en el marco de la corresponsabilidad en el \u00e1mbito de cuidados (en construcci\u00f3n permanente). Cambios Registrales por identidad de g\u00e9nero Material sobre lenguaje inclusivo (material generado por la Facultad de Ciencias Sociales) Gu\u00eda para incorporar&#8230; <a class=\"view-article\" href=\"https:\/\/exactas.uba.ar\/genex\/recursos-para-el-ambito-universitario\/\">LEER +<\/a>","protected":false},"author":6,"featured_media":0,"parent":0,"menu_order":0,"comment_status":"closed","ping_status":"closed","template":"","meta":{"_acf_changed":false,"footnotes":""},"class_list":["post-652","page","type-page","status-publish","hentry"],"acf":[],"_links":{"self":[{"href":"https:\/\/exactas.uba.ar\/genex\/wp-json\/wp\/v2\/pages\/652","targetHints":{"allow":["GET"]}}],"collection":[{"href":"https:\/\/exactas.uba.ar\/genex\/wp-json\/wp\/v2\/pages"}],"about":[{"href":"https:\/\/exactas.uba.ar\/genex\/wp-json\/wp\/v2\/types\/page"}],"author":[{"embeddable":true,"href":"https:\/\/exactas.uba.ar\/genex\/wp-json\/wp\/v2\/users\/6"}],"replies":[{"embeddable":true,"href":"https:\/\/exactas.uba.ar\/genex\/wp-json\/wp\/v2\/comments?post=652"}],"version-history":[{"count":10,"href":"https:\/\/exactas.uba.ar\/genex\/wp-json\/wp\/v2\/pages\/652\/revisions"}],"predecessor-version":[{"id":1107,"href":"https:\/\/exactas.uba.ar\/genex\/wp-json\/wp\/v2\/pages\/652\/revisions\/1107"}],"wp:attachment":[{"href":"https:\/\/exactas.uba.ar\/genex\/wp-json\/wp\/v2\/media?parent=652"}],"curies":[{"name":"wp","href":"https:\/\/api.w.org\/{rel}","templated":true}]}}