{"id":412,"date":"2020-02-28T16:02:32","date_gmt":"2020-02-28T16:02:32","guid":{"rendered":"https:\/\/exactas.uba.ar\/genex\/?page_id=412"},"modified":"2020-12-09T14:04:12","modified_gmt":"2020-12-09T14:04:12","slug":"recursero-de-lenguaje-inclusivo","status":"publish","type":"page","link":"https:\/\/exactas.uba.ar\/genex\/recursero-de-lenguaje-inclusivo\/","title":{"rendered":"Material de Lenguaje Inclusivo"},"content":{"rendered":"<h4>El d\u00eda 30\/11\/2020 el Consejo Directivo de la Facultad a trav\u00e9s de la Res (CD) 1192\/20 aprob\u00f3 el uso de lenguaje inclusivo en las comunicaciones y producciones orales y escritas de quienes integran la comunidad, como as\u00ed tambi\u00e9n en la comunicaci\u00f3n institucional y documentaci\u00f3n administrativa.<\/h4>\n<h4><a href=\"https:\/\/exactas.uba.ar\/genex\/wp-content\/uploads\/2020\/12\/CD-20-1192.pdf\" target=\"_blank\" rel=\"noopener noreferrer\">link a la resoluci\u00f3n<\/a><\/h4>\n<h4><\/h4>\n<hr \/>\n<p>El siguiente recursero est\u00e1 inspirado en lo realizado por la Facultad de Ciencias Sociales de la UBA (<a href=\"http:\/\/www.sociales.uba.ar\/genero\/recursero-de-lenguaje-inclusivo\/\" target=\"_blank\" rel=\"noopener noreferrer\">link<\/a>). El mismo tiene como objetivo facilitar el acceso a la comunidad de la Facultad a una serie de materiales y gu\u00edas para orientar el uso del lenguaje inclusivo.<\/p>\n<ul>\n<li><a href=\"https:\/\/www.argentina.gob.ar\/sites\/default\/files\/documento_completo_06_08_2020_0.pdf\" target=\"_blank\" rel=\"noopener noreferrer\">Recomendaciones para una comunicaci\u00f3n no sexista (Ministerio de Ciencia, Tecnolog\u00eda e Innovaci\u00f3n de la Naci\u00f3n)<\/a><\/li>\n<li><a href=\"https:\/\/www.mdp.edu.ar\/attachments\/category\/52\/GUIA%20lenguaje%20inclusivo%20en%20la%20UNMDP.pdf\" target=\"_blank\" rel=\"noopener noreferrer\">Gu\u00eda para el uso de un Lenguaje Inclusivo (Universidad de Mar del Plata)<\/a><\/li>\n<li><a href=\"http:\/\/inadi.gob.ar\/contenidos-digitales\/wp-content\/uploads\/2018\/06\/DIVERSIDAD-SEXUAL.pdf\" target=\"_blank\" rel=\"noopener noreferrer\">Manual de comunicaci\u00f3n inclusiva (INADI)<\/a><\/li>\n<li><a href=\"https:\/\/www4.hcdn.gob.ar\/dependencias\/dprensa\/guia_lenguaje_igualitario.pdf\" target=\"_blank\" rel=\"noopener noreferrer\">Gu\u00eda para el uso de un lenguaje no sexista e igualitario \u2013 C\u00e1mara de Diputados (HCDN)<\/a><\/li>\n<li><a href=\"http:\/\/www.ippdh.mercosur.int\/wp-content\/uploads\/2018\/11\/IPPDH-MERCOSUR-RAADH-Manual-Lenguaje-no-sexista.pdf\" target=\"_blank\" rel=\"noopener noreferrer\">Manual pedag\u00f3gico sobre el uso del lenguaje inclusivo y no sexista (Mercosur)<\/a><\/li>\n<li><a href=\"https:\/\/unesdoc.unesco.org\/ark:\/48223\/pf0000114950\" target=\"_blank\" rel=\"noopener noreferrer\">Recomendaciones para un uso no sexista del lenguaje (UNESCO)<\/a><\/li>\n<li><a href=\"https:\/\/www.cultura.gob.cl\/wp-content\/uploads\/2017\/01\/guia-lenguaje-inclusivo-genero.pdf\" target=\"_blank\" rel=\"noopener noreferrer\">Gu\u00eda de Lenguaje Inclusivo de G\u00e9nero (Gobierno de Chile)<\/a><\/li>\n<li><a href=\"http:\/\/cdhpuebla.org.mx\/pdf\/difusion\/GuiaLenguajeIncluyente.pdf\" target=\"_blank\" rel=\"noopener noreferrer\">Gu\u00eda en el uso de un Lenguaje Incluyente y no Sexista (CNDH, M\u00e9xico)<\/a><\/li>\n<li><a href=\"http:\/\/cedoc.inmujeres.gob.mx\/documentos_download\/101265.pdf\" target=\"_blank\" rel=\"noopener noreferrer\">Manual de comunicaci\u00f3n no sexista. Hacia un lenguaje incluyente (INM, M\u00e9xico)<\/a><\/li>\n<li><a href=\"http:\/\/www.codajic.org\/sites\/www.codajic.org\/files\/Guia_Uso-Lenguaje-Inclusivo_0.pdf\" target=\"_blank\" rel=\"noopener noreferrer\">Gu\u00eda para el uso del lenguaje inclusivo, si no me nombras no existo (Gobierno de Per\u00fa)<\/a><\/li>\n<li><a href=\"http:\/\/conavim.gob.mx\/work\/models\/CONAVIM\/Resource\/309\/1\/images\/Manualparaelusonosexistadellenguaje%20completo%281%29.pdf\" target=\"_blank\" rel=\"noopener noreferrer\">Manual para el uso no sexista del lenguaje (CONAVIM, M\u00e9xico)<\/a><\/li>\n<li><a href=\"http:\/\/repositorio.ciem.ucr.ac.cr\/bitstream\/123456789\/192\/1\/RCIEM170.pdf\" target=\"_blank\" rel=\"noopener noreferrer\">Gu\u00eda de Lenguaje Inclusivo de g\u00e9nero en el marco del habla culta costarricense (Universidad Nacional de Costa Rica)<\/a><\/li>\n<li><a href=\"https:\/\/www.udc.es\/export\/sites\/udc\/oficinaigualdade\/_galeria_down\/documentos\/GUIA_LENGUAJE.PDF\" target=\"_blank\" rel=\"noopener noreferrer\">Gu\u00eda de lenguaje no sexista (Universidad de la Coru\u00f1a)<\/a><\/li>\n<li><a href=\"https:\/\/educacion.rionegro.gov.ar\/contenidosmultimedia\/wp-content\/uploads\/2013\/07\/Lenguaje-inclusivo.pdf\" target=\"_blank\" rel=\"noopener noreferrer\">Lenguaje inclusivo: \u00bfpor qu\u00e9? \u00bfpara qu\u00e9?\u00bfpara qui\u00e9nes? (Gobierno de Uruguay)<\/a><\/li>\n<li><a href=\"https:\/\/www.uab.cat\/Document\/964\/953\/Guia_uso_no_sexista_lenguaje2,0.pdf\" target=\"_blank\" rel=\"noopener noreferrer\">Gu\u00eda para el uso no sexista del lenguaje (Universidad Aut\u00f3noma de Barcelona)<\/a><\/li>\n<li><a href=\"https:\/\/www.uv.es\/igualtat\/GUIA\/GUIA_CAS.pdf\" target=\"_blank\" rel=\"noopener noreferrer\">Gu\u00eda de uso para un lenguaje igualitario (Universidad de Valencia)<\/a><\/li>\n<li><a href=\"https:\/\/www.cordoba.es\/doc_pdf_etc\/MUJER_IGUALDAD\/GUIA_NO_SEXISTA.pdf\" target=\"_blank\" rel=\"noopener noreferrer\">Lenguaje Administrativo no Sexista (Ayuntamiento de C\u00f3rdoba)<\/a><\/li>\n<li><a href=\"https:\/\/chrysallis.org.es\/wp-content\/uploads\/2018\/10\/Lenguaje-Inclusivo_-Gu%C3%ADa-de-uso.pdf\" target=\"_blank\" rel=\"noopener noreferrer\">Lenguaje inclusivo: gu\u00eda de uso (Asamblea no binarie)<\/a><\/li>\n<\/ul>\n","protected":false},"excerpt":{"rendered":"El d\u00eda 30\/11\/2020 el Consejo Directivo de la Facultad a trav\u00e9s de la Res (CD) 1192\/20 aprob\u00f3 el uso de lenguaje inclusivo en las comunicaciones y producciones orales y escritas de quienes integran la comunidad, como as\u00ed tambi\u00e9n en la comunicaci\u00f3n institucional y documentaci\u00f3n administrativa. link a la resoluci\u00f3n El siguiente recursero est\u00e1 inspirado en&#8230; <a class=\"view-article\" href=\"https:\/\/exactas.uba.ar\/genex\/recursero-de-lenguaje-inclusivo\/\">LEER +<\/a>","protected":false},"author":6,"featured_media":0,"parent":0,"menu_order":0,"comment_status":"closed","ping_status":"closed","template":"","meta":{"_acf_changed":false,"footnotes":""},"class_list":["post-412","page","type-page","status-publish","hentry"],"acf":[],"_links":{"self":[{"href":"https:\/\/exactas.uba.ar\/genex\/wp-json\/wp\/v2\/pages\/412","targetHints":{"allow":["GET"]}}],"collection":[{"href":"https:\/\/exactas.uba.ar\/genex\/wp-json\/wp\/v2\/pages"}],"about":[{"href":"https:\/\/exactas.uba.ar\/genex\/wp-json\/wp\/v2\/types\/page"}],"author":[{"embeddable":true,"href":"https:\/\/exactas.uba.ar\/genex\/wp-json\/wp\/v2\/users\/6"}],"replies":[{"embeddable":true,"href":"https:\/\/exactas.uba.ar\/genex\/wp-json\/wp\/v2\/comments?post=412"}],"version-history":[{"count":11,"href":"https:\/\/exactas.uba.ar\/genex\/wp-json\/wp\/v2\/pages\/412\/revisions"}],"predecessor-version":[{"id":420,"href":"https:\/\/exactas.uba.ar\/genex\/wp-json\/wp\/v2\/pages\/412\/revisions\/420"}],"wp:attachment":[{"href":"https:\/\/exactas.uba.ar\/genex\/wp-json\/wp\/v2\/media?parent=412"}],"curies":[{"name":"wp","href":"https:\/\/api.w.org\/{rel}","templated":true}]}}