{"id":11,"date":"2024-11-04T12:14:08","date_gmt":"2024-11-04T15:14:08","guid":{"rendered":"https:\/\/exactas.uba.ar\/evento\/noche-museos\/?page_id=11"},"modified":"2025-10-28T09:34:17","modified_gmt":"2025-10-28T12:34:17","slug":"inicio","status":"publish","type":"page","link":"https:\/\/exactas.uba.ar\/evento\/noche-museos\/","title":{"rendered":"Inicio"},"content":{"rendered":"<h2><div aria-live=\"polite\" id=\"soliloquy-container-55_1\" class=\"soliloquy-container soliloquy-transition-fade  soliloquy-theme-base\" style=\"max-width:1024px;max-height:684px;\"><ul id=\"soliloquy-55_1\" class=\"soliloquy-slider soliloquy-slides soliloquy-wrap soliloquy-clear\"><li aria-hidden=\"true\" class=\"soliloquy-item soliloquy-item-1 soliloquy-image-slide\" draggable=\"false\" style=\"list-style:none\"><img decoding=\"async\" id=\"soliloquy-image-74\" class=\"soliloquy-image soliloquy-image-1\" src=\"https:\/\/exactas.uba.ar\/evento\/noche-museos\/wp-content\/uploads\/sites\/13\/2024\/11\/DSC_3136-1024x684_c.jpg\" alt=\"DSC_3136\" \/><\/li><li aria-hidden=\"true\" class=\"soliloquy-item soliloquy-item-2 soliloquy-image-slide\" draggable=\"false\" style=\"list-style:none\"><img decoding=\"async\" id=\"soliloquy-image-75\" class=\"soliloquy-image soliloquy-image-2\" src=\"https:\/\/exactas.uba.ar\/evento\/noche-museos\/wp-content\/uploads\/sites\/13\/2024\/11\/DSC_3263-1024x684_c.jpg\" alt=\"DSC_3263\" \/><\/li><li aria-hidden=\"true\" class=\"soliloquy-item soliloquy-item-3 soliloquy-image-slide\" draggable=\"false\" style=\"list-style:none\"><img decoding=\"async\" id=\"soliloquy-image-76\" class=\"soliloquy-image soliloquy-image-3\" src=\"https:\/\/exactas.uba.ar\/evento\/noche-museos\/wp-content\/uploads\/sites\/13\/2024\/11\/DSC_7419-1024x684_c.jpg\" alt=\"DSC_7419\" \/><\/li><li aria-hidden=\"true\" class=\"soliloquy-item soliloquy-item-4 soliloquy-image-slide\" draggable=\"false\" style=\"list-style:none\"><img decoding=\"async\" id=\"soliloquy-image-73\" class=\"soliloquy-image soliloquy-image-4\" src=\"https:\/\/exactas.uba.ar\/evento\/noche-museos\/wp-content\/uploads\/sites\/13\/2024\/11\/BET00883ch-1024x684_c.jpg\" alt=\"BET00883ch\" \/><\/li><li aria-hidden=\"true\" class=\"soliloquy-item soliloquy-item-5 soliloquy-image-slide\" draggable=\"false\" style=\"list-style:none\"><img decoding=\"async\" id=\"soliloquy-image-72\" class=\"soliloquy-image soliloquy-image-5\" src=\"https:\/\/exactas.uba.ar\/evento\/noche-museos\/wp-content\/uploads\/sites\/13\/2024\/11\/Museo-de-Mineralogia-Exactas-UBA-1024x684_c.jpg\" alt=\"Museo de Mineralog\u00eda Exactas UBA\" \/><\/li><\/ul><\/div><noscript><style type=\"text\/css\">#soliloquy-container-55_1{opacity:1}<\/style><\/noscript><\/h2>\n<h2>Exactas en la Noche de los Museos 2025: La Noche de las Ciencias<\/h2>\n<p><span style=\"font-weight: 400\">El<strong> s\u00e1bado 8 de noviembre<\/strong>, de <strong>19:00 a 1:00<\/strong>, la<em> Facultad de Ciencias Exactas y Naturales de la UBA<\/em> abre las puertas del <strong>Pabell\u00f3n 2 y Cero+Infinito<\/strong> para compartir una experiencia \u00fanica.<\/span><\/p>\n<p><span style=\"font-weight: 400\">En un tiempo en que la universidad p\u00fablica y la investigaci\u00f3n cient\u00edfica enfrentan desaf\u00edos, la sociedad nos record\u00f3 que la ciencia importa: millones se emocionaron con la \u00e9pica de <em>El Eternauta<\/em> y miles siguieron en vivo el viaje del CONICET hacia las profundidades del mar. Esa energ\u00eda es la que queremos transmitir: la de una ciencia cercana, creativa y p\u00fablica.<\/span><\/p>\n<p><span style=\"font-weight: 400\">Te esperamos con experimentos en vivo, estaciones interactivas, salas de escape, juegos, visitas a museos y espect\u00e1culos para todas las edades. <\/span><\/p>\n<p><span style=\"font-weight: 400\">Una noche para sorprenderse, aprender y sentir orgullo por la ciencia argentina.<\/span><\/p>\n<p>&nbsp;<\/p>\n","protected":false},"excerpt":{"rendered":"<p>Exactas en la Noche de los Museos 2025: La Noche de las Ciencias El s\u00e1bado 8 de noviembre, de 19:00 a 1:00, la Facultad de Ciencias Exactas y Naturales de la UBA abre las puertas del Pabell\u00f3n 2 y Cero+Infinito &hellip; <a href=\"https:\/\/exactas.uba.ar\/evento\/noche-museos\/\">Continue reading <span class=\"meta-nav\">&rarr;<\/span><\/a><\/p>\n","protected":false},"author":1,"featured_media":0,"parent":0,"menu_order":0,"comment_status":"closed","ping_status":"closed","template":"","meta":{"footnotes":""},"class_list":["post-11","page","type-page","status-publish","hentry"],"_links":{"self":[{"href":"https:\/\/exactas.uba.ar\/evento\/noche-museos\/wp-json\/wp\/v2\/pages\/11","targetHints":{"allow":["GET"]}}],"collection":[{"href":"https:\/\/exactas.uba.ar\/evento\/noche-museos\/wp-json\/wp\/v2\/pages"}],"about":[{"href":"https:\/\/exactas.uba.ar\/evento\/noche-museos\/wp-json\/wp\/v2\/types\/page"}],"author":[{"embeddable":true,"href":"https:\/\/exactas.uba.ar\/evento\/noche-museos\/wp-json\/wp\/v2\/users\/1"}],"replies":[{"embeddable":true,"href":"https:\/\/exactas.uba.ar\/evento\/noche-museos\/wp-json\/wp\/v2\/comments?post=11"}],"version-history":[{"count":7,"href":"https:\/\/exactas.uba.ar\/evento\/noche-museos\/wp-json\/wp\/v2\/pages\/11\/revisions"}],"predecessor-version":[{"id":92,"href":"https:\/\/exactas.uba.ar\/evento\/noche-museos\/wp-json\/wp\/v2\/pages\/11\/revisions\/92"}],"wp:attachment":[{"href":"https:\/\/exactas.uba.ar\/evento\/noche-museos\/wp-json\/wp\/v2\/media?parent=11"}],"curies":[{"name":"wp","href":"https:\/\/api.w.org\/{rel}","templated":true}]}}