{"id":17,"date":"2024-02-20T15:31:50","date_gmt":"2024-02-20T18:31:50","guid":{"rendered":"https:\/\/exactas.uba.ar\/evento\/jornada-vinculacion\/?page_id=17"},"modified":"2024-04-17T15:50:04","modified_gmt":"2024-04-17T18:50:04","slug":"cronograma","status":"publish","type":"page","link":"https:\/\/exactas.uba.ar\/evento\/jornada-vinculacion\/cronograma\/","title":{"rendered":"Cronograma"},"content":{"rendered":"<h2>Programa de la Jornada de Vinculaci\u00f3n 19 de abril 2024<\/h2>\n<hr \/>\n<p><strong>8:00-9:00<\/strong> <strong>\u2219 <\/strong>Acreditaci\u00f3n<\/p>\n<hr \/>\n<p><strong>9:00-9:15 \u2219<\/strong> Apertura y presentaci\u00f3n de la Jornada a cargo de los organizadores de la actividad. Bienvenida institucional, Dra. Valeria Levi, vicedecana FCEN, UBA.<br \/>\n<strong>9:20-9:40 \u2219<\/strong> &#8220;Experiencias de vinculaci\u00f3n con organismos p\u00fablicos y empresas&#8221;. Disertante: Dra. Juliana Gamboa, Subsecretaria de Vinculaci\u00f3n y Transferencia Tecnol\u00f3gica (OVTT), FCEN, UBA.<br \/>\n<strong>9:40-10:00 \u2219<\/strong> &#8220;UMYMFOR: capacidades y servicios tecnol\u00f3gicos en el \u00e1rea de la qu\u00edmica org\u00e1nica&#8221;. Disertante: Dr. Pablo H. Di Chenna, director UMYMFOR.<br \/>\n<strong>10:00-10:20 \u2219<\/strong> &#8220;Abordajes multit\u00e9cnica para la caracterizaci\u00f3n de materiales s\u00f3lidos&#8221;. Disertante: Dra. Florencia Di Salvo, vicedirectora INQUIMAE.<br \/>\n<strong>10:20-10:40 \u2219<\/strong> &#8220;Qu\u00edmica org\u00e1nica a la carta&#8221;. CIHIDECAR &#8211; Capacidades y servicios t\u00e9cnicos. Disertantes: Dra. Mar\u00eda Laura Uhrig Directora CIHIDECAR y Dr. Diego Navarro, investigador CIHIDECAR.<\/p>\n<hr \/>\n<p><strong>10:40-11:20 \u2219<\/strong> Caf\u00e9<\/p>\n<hr \/>\n<p><strong>11:30-11:50 \u2219<\/strong> Presentaci\u00f3n a cargo de la Gerencia de Vinculaci\u00f3n Tecnol\u00f3gica de CONICET. Disertante: Lic. Agust\u00edn Crivelli, Coordinador de Gesti\u00f3n de Instrumentos para la Vinculaci\u00f3n Tecnol\u00f3gica, CONICET.<br \/>\n<strong>11:50-12:00 \u2219<\/strong> &#8220;Estrategias para la vinculaci\u00f3n tecnol\u00f3gica en la UBA&#8221;.<br \/>\nDisertantes: Ing. Sebasti\u00e1n Civallero, Secretario de Ciencia y T\u00e9cnica de la UBA y<br \/>\nDise\u00f1adora Industrial Ma. Teresa Turco Greco, \u00c1rea de Emprendedores y Comunicaci\u00f3n UBA.<br \/>\n<strong>12:00-12:20 \u2219<\/strong> &#8220;RMN y Espectrometr\u00eda de Masas para la Soluci\u00f3n de Problemas en la Industria Qu\u00edmica&#8221;. Disertantes: Dra. Evelyn L. Bonifazi y Dr. Cristian Rodriguez, profesionales de apoyo UMYMFOR.<br \/>\n<strong>12:20-12:40 \u2219<\/strong> &#8220;M\u00f3dulo Anal\u00edtico del INQUIMAE: \u00bfQu\u00e9 soluciones y elementos brindamos para la industria qu\u00edmica?&#8221; Disertante: Lic. Luca Terraciano, profesional de apoyo INQUIMAE.<br \/>\n<strong>12:40-13:00 \u2219<\/strong> &#8220;Del sector socio-productivo al laboratorio hacia la soluci\u00f3n del problema&#8221;. Disertante: Dra. Ver\u00f3nica Manzano, investigadora CIHIDECAR.<\/p>\n<hr \/>\n<p><strong>13:00-14:30 \u2219<\/strong> Almuerzo<\/p>\n<p><em>Actividad opcional y sujeta a disponibilidad: Visita a los laboratorios de Facilidade<\/em>s<\/p>\n<hr \/>\n<p><strong>14:30-16:00 \u2219<\/strong> Presentaci\u00f3n de proyectos espec\u00edficos por parte de los institutos. Espacio de intercambio de ideas y consultas.<br \/>\n<strong>Presentaciones<\/strong>.<br \/>\n<strong>\u2219<\/strong> &#8220;Desarrollos en el \u00c1rea de la S\u00edntesis Org\u00e1nica: un Puente entre la Academia y la Industria&#8221;. Disertante Dr. Javier A. Ramirez, investigador UMYMFOR.<br \/>\n<strong>\u2219<\/strong> &#8220;Servicios anal\u00edticos de az\u00facares simples y complejos. Aportes del CIHIDECAR&#8221;. Disertante: Dra. Malena Landoni, investigadora CIHIDECAR.<br \/>\n<strong>\u2219 <\/strong>&#8220;Proyecto de vinculaci\u00f3n INQUIMAE-Ampacet: Propiedades Superficiales de Pel\u00edculas Polim\u00e9ricas&#8221;. Disertante: Mart\u00edn Negri, investigador INQUIMAE.<br \/>\n<strong>\u2219 <\/strong>&#8220;Ciencia y Desarrollo Tecnol\u00f3gico:\u00a0Contratos de Investigaci\u00f3n con Empresas&#8221;. Disertante: Julio Ernesto Calvo, investigador INQUIMAE.<\/p>\n<hr \/>\n<p><strong>16:00-17:00 \u2219<\/strong> Caf\u00e9 y Cierre de la Jornada<\/p>\n<hr \/>\n<p><strong>17:00 \u2219<\/strong> <em>Actividad opcional y sujeta a disponibilidad: Visita a los laboratorios de Facilidade<\/em>s<\/p>\n<p>&nbsp;<\/p>\n","protected":false},"excerpt":{"rendered":"<p>Programa de la Jornada de Vinculaci\u00f3n 19 de abril 2024 8:00-9:00 \u2219 Acreditaci\u00f3n 9:00-9:15 \u2219 Apertura y presentaci\u00f3n de la Jornada a cargo de los organizadores de la actividad. Bienvenida institucional, Dra. Valeria Levi, vicedecana FCEN, UBA. 9:20-9:40 \u2219 &#8220;Experiencias &hellip; <a href=\"https:\/\/exactas.uba.ar\/evento\/jornada-vinculacion\/cronograma\/\">Continue reading <span class=\"meta-nav\">&rarr;<\/span><\/a><\/p>\n","protected":false},"author":1,"featured_media":0,"parent":0,"menu_order":0,"comment_status":"closed","ping_status":"closed","template":"","meta":{"footnotes":""},"class_list":["post-17","page","type-page","status-publish","hentry"],"_links":{"self":[{"href":"https:\/\/exactas.uba.ar\/evento\/jornada-vinculacion\/wp-json\/wp\/v2\/pages\/17","targetHints":{"allow":["GET"]}}],"collection":[{"href":"https:\/\/exactas.uba.ar\/evento\/jornada-vinculacion\/wp-json\/wp\/v2\/pages"}],"about":[{"href":"https:\/\/exactas.uba.ar\/evento\/jornada-vinculacion\/wp-json\/wp\/v2\/types\/page"}],"author":[{"embeddable":true,"href":"https:\/\/exactas.uba.ar\/evento\/jornada-vinculacion\/wp-json\/wp\/v2\/users\/1"}],"replies":[{"embeddable":true,"href":"https:\/\/exactas.uba.ar\/evento\/jornada-vinculacion\/wp-json\/wp\/v2\/comments?post=17"}],"version-history":[{"count":32,"href":"https:\/\/exactas.uba.ar\/evento\/jornada-vinculacion\/wp-json\/wp\/v2\/pages\/17\/revisions"}],"predecessor-version":[{"id":187,"href":"https:\/\/exactas.uba.ar\/evento\/jornada-vinculacion\/wp-json\/wp\/v2\/pages\/17\/revisions\/187"}],"wp:attachment":[{"href":"https:\/\/exactas.uba.ar\/evento\/jornada-vinculacion\/wp-json\/wp\/v2\/media?parent=17"}],"curies":[{"name":"wp","href":"https:\/\/api.w.org\/{rel}","templated":true}]}}