{"id":88,"date":"2022-07-07T13:24:12","date_gmt":"2022-07-07T16:24:12","guid":{"rendered":"https:\/\/exactas.uba.ar\/evento\/inmunoterapia\/?page_id=88"},"modified":"2022-08-05T13:00:53","modified_gmt":"2022-08-05T16:00:53","slug":"inscripcion","status":"publish","type":"page","link":"https:\/\/exactas.uba.ar\/evento\/inmunoterapia\/inscripcion\/","title":{"rendered":"INSCRIPCI\u00d3N"},"content":{"rendered":"<p><strong>Arancel:<\/strong><br \/>\n6000 Pesos (alumnos argentinos)<br \/>\n200 D\u00f3lares (alumnos extranjeros)<\/p>\n<p><strong>Exenciones y descuentos:<\/strong><br \/>\nAlumnos doctorandos de la FCEyN con el plan de estudios incompleto (no completaron<br \/>\nlos 20 puntos a\u00fan) no abonan.<\/p>\n<p>Alumnos de grado de la FCEyN, doctorandos de la FCEyN con el plan de estudios<br \/>\ncompleto y aprobado, y graduados de la FCEyN abonar\u00e1n el 50% del arancel solicitado.<\/p>\n<p>Personas que se desempe\u00f1en en Universidades Nacionales u otros organismos<br \/>\np\u00fablicos abonar\u00e1n el 80% del arancel solicitado.<\/p>\n<p><strong>PROCEDIMIENTO PARA LA INSCRIPCION<\/strong><\/p>\n<p><strong>A) Doctorandos de FCEyN<\/strong> (que no hayan completado los 20 puntos de doctorado)<\/p>\n<p>Mediante SIU Guaran\u00ed<\/p>\n<p><a class=\"boton\" href=\"https:\/\/inscripciones.exactas.uba.ar\/exactas\/\" target=\"_blank\" rel=\"noopener\">Inscripci\u00f3n SIU Guaran\u00ed<\/a><\/p>\n<p><strong>B) Alumnos con t\u00edtulo universitario, externos a FCEyN <\/strong>(tambi\u00e9n alumnos de posgrado de FCEN que hayan completado los 20 puntos de doctorado, o que no est\u00e9n a\u00fan habilidados para SIU Guaran\u00ed)<\/p>\n<p>Preinscripci\u00f3n: enviar a immunotherapyargentina2022@gmail.com la siguiente documentaci\u00f3n<\/p>\n<ul>\n<li>Fotocopia de t\u00edtulo universitario<\/li>\n<li>Fotocopia de DNI (anverso y reverso) o Pasaporte<\/li>\n<li>Formulario de Inscripci\u00f3n a Curso\/Materia de Posgrado (Departamento: Secretar\u00eda de Posgrado) (<a href=\"https:\/\/exactas.uba.ar\/evento\/inmunoterapia\/wp-content\/uploads\/sites\/2\/2022\/07\/Formulario-de-Inscripcio\u0301n-a-Curso-Materia-de-Posgrado-1.pdf\" target=\"_blank\" rel=\"noopener\">descargar formulario<\/a>)<\/li>\n<li>Documentaci\u00f3n respaldatoria respecto a la normativa de aranceles (recibo de sueldo o<br \/>\nbeca, resoluci\u00f3n de designaci\u00f3n o equivalente, etc)<\/li>\n<li>Comprobante de pago<\/li>\n<\/ul>\n<p>Antes del inicio del curso, recibir\u00e1 un mail confirmando su alta en el\u00a0 SIU Guaran\u00ed, y as\u00ed podr\u00e1 proceder a la inscripci\u00f3n definitiva.<\/p>\n<p><strong>C) Alumnos de grado de FCEyN<\/strong><\/p>\n<p>Deben solicitar autorizaci\u00f3n especial para cursar un Curso de Posgrado. Para ello:<\/p>\n<p>1\u00b0 Completar la nota de solicitud de autorizaci\u00f3n (<a style=\"color: #ff4b33\" href=\"https:\/\/docs.google.com\/document\/d\/1FyMHZ57SZxw_enemtaaMBNu1axbLA407\/edit?usp=sharing&amp;ouid=108149423253706126368&amp;rtpof=true&amp;sd=true\">Nota Autorizacion Inscripcion<\/a>) y enviarla a\u00a0 immunotherapyargentina2022@gmail.com para obtener el aval de los docentes.<\/p>\n<p>2\u00b0 Una vez recibido el aval (nota firmada), enviar la <em>Nota Autorizaci\u00f3n Inscripci\u00f3n<\/em> a la secretar\u00eda de grado para efectivizar la preinscripci\u00f3n\u00a0 (infoalu@de.fcen.uba.ar)<\/p>\n<p><strong>D) Alumnos de grado externos a FCEyN<\/strong><\/p>\n<p>Deben solicitar autorizaci\u00f3n especial para cursar un Curso de Posgrado. Para ello:<\/p>\n<p>1\u00b0 Completar la nota de solicitud de autorizaci\u00f3n (<a style=\"color: #ff4b33\" href=\"https:\/\/docs.google.com\/document\/d\/1FyMHZ57SZxw_enemtaaMBNu1axbLA407\/edit?usp=sharing&amp;ouid=108149423253706126368&amp;rtpof=true&amp;sd=true\">Nota Autorizacion Inscripcion<\/a>) y enviarla a\u00a0 immunotherapyargentina2022@gmail.com para obtener el aval de los docentes.<\/p>\n<p>2\u00b0 Una vez recibido el aval (nota firmada), solicitar preinscripci\u00f3n a la secretar\u00eda de grado (infoalu@de.fcen.uba.ar), enviando la siguiente documentaci\u00f3n<\/p>\n<p>\u2022 <em>Nota Autorizaci\u00f3n Inscripci\u00f3n<\/em> con el aval de docente del curso<br \/>\n\u2022 certificado de alumno\/a regular de tu facultad<br \/>\n\u2022 Copia del DNI de ambos lados<\/p>\n<p><strong>Informaci\u00f3n para pago por transferencia<\/strong><\/p>\n<h4>Alumnos Argentinos<\/h4>\n<p>BANCO: SANTANDER RIO<br \/>\nDENOMINACIO\u0301N DE LA CUENTA: UNIVERSIDAD DE BUENOS AIRES<br \/>\nNo DE LA CUENTA CTE: 7623\/4<br \/>\nC.B.U. 0720519420000000762340<br \/>\nC.U.I.T.: 30-54666656-1<\/p>\n<h4>Alumnos Extranjeros (pagos desde el exterior)<\/h4>\n<ol>\n<li>Realizar transferencia bancaria a la cuenta<\/li>\n<\/ol>\n<p>BANCO DE LA NACI\u00d3N ARGENTINA.<br \/>\nDenominaci\u00f3n de la cuenta: \u201cUBA 7000\/806\u2013FAC. CS. EX. Y NATURALES-<br \/>\nCUENTA U$\u201d<br \/>\nCta.Cte. especial en dolares No: 0006621643<br \/>\nSwift: NACNARBAXXX<br \/>\nCBU:0110599541000066216431<br \/>\nTipo de Cuenta: Jur\u00eddica<br \/>\nMoneda: DOLARES ESTADOUNIDENSES<\/p>\n<p>2. ENVIAR en un EMAIL A:<br \/>\ntransferencias@de.fcen.uba.ar y postgrado@de.fcen.uba.ar<br \/>\na) El comprobante de transferencia como archivo adjunto<br \/>\nb) En el cuerpo del email, incluir los siguientes datos para su identificaci\u00f3n en nuestros extractos:<br \/>\n\u2022 Nombre del depositante<br \/>\n\u2022 Nombre del alumno<br \/>\n\u2022 Nombre del curso de postgrado<br \/>\n\u2022 En el caso de solicitar recibos a nombre de empresas o instituciones deber\u00e1 enviar comprobante de inscripci\u00f3n en Afip para poder darle alta en nuestro sistema.<\/p>\n<p>El recibo se enviar\u00e1 por correo electr\u00f3nico una vez que sea confirmado por la Secretaria de Posgrado.<\/p>\n","protected":false},"excerpt":{"rendered":"<p>Arancel: 6000 Pesos (alumnos argentinos) 200 D\u00f3lares (alumnos extranjeros) Exenciones y descuentos: Alumnos doctorandos de la FCEyN con el plan de estudios incompleto (no completaron los 20 puntos a\u00fan) no abonan. Alumnos de grado de la FCEyN, doctorandos de la &hellip; <a href=\"https:\/\/exactas.uba.ar\/evento\/inmunoterapia\/inscripcion\/\">Continue reading <span class=\"meta-nav\">&rarr;<\/span><\/a><\/p>\n","protected":false},"author":1,"featured_media":0,"parent":0,"menu_order":0,"comment_status":"closed","ping_status":"closed","template":"","meta":{"footnotes":""},"class_list":["post-88","page","type-page","status-publish","hentry"],"_links":{"self":[{"href":"https:\/\/exactas.uba.ar\/evento\/inmunoterapia\/wp-json\/wp\/v2\/pages\/88","targetHints":{"allow":["GET"]}}],"collection":[{"href":"https:\/\/exactas.uba.ar\/evento\/inmunoterapia\/wp-json\/wp\/v2\/pages"}],"about":[{"href":"https:\/\/exactas.uba.ar\/evento\/inmunoterapia\/wp-json\/wp\/v2\/types\/page"}],"author":[{"embeddable":true,"href":"https:\/\/exactas.uba.ar\/evento\/inmunoterapia\/wp-json\/wp\/v2\/users\/1"}],"replies":[{"embeddable":true,"href":"https:\/\/exactas.uba.ar\/evento\/inmunoterapia\/wp-json\/wp\/v2\/comments?post=88"}],"version-history":[{"count":18,"href":"https:\/\/exactas.uba.ar\/evento\/inmunoterapia\/wp-json\/wp\/v2\/pages\/88\/revisions"}],"predecessor-version":[{"id":508,"href":"https:\/\/exactas.uba.ar\/evento\/inmunoterapia\/wp-json\/wp\/v2\/pages\/88\/revisions\/508"}],"wp:attachment":[{"href":"https:\/\/exactas.uba.ar\/evento\/inmunoterapia\/wp-json\/wp\/v2\/media?parent=88"}],"curies":[{"name":"wp","href":"https:\/\/api.w.org\/{rel}","templated":true}]}}