{"id":43,"date":"2020-08-27T18:15:56","date_gmt":"2020-08-27T18:15:56","guid":{"rendered":"https:\/\/exactas.uba.ar\/exactas-energia\/?page_id=43"},"modified":"2020-08-27T18:15:56","modified_gmt":"2020-08-27T18:15:56","slug":"resumenes","status":"publish","type":"page","link":"https:\/\/exactas.uba.ar\/evento\/exactas-energia\/resumenes\/","title":{"rendered":"Res\u00famenes"},"content":{"rendered":"<h1 style=\"text-align: left\"><strong>4 Septiembre &#8211;\u00a0 Apertura<\/strong><\/h1>\n<p style=\"text-align: left\">(moderadores: Luis Baraldo y Mart\u00edn Negri, DQIAQF-INQUIMAE)<\/p>\n<p style=\"text-align: left\">Apertura a cargo del decano, Juan Carlos Reboreda<\/p>\n<p style=\"text-align: left\"><strong>Diego Hurtado de Mendoza,\u00a0 Secretaria de Planeamiento y Pol\u00edticas en Ciencia, Tecnolog\u00eda e Innovaci\u00f3n, MINCYT<\/strong><\/p>\n<p style=\"text-align: left\"><strong>Iniciativas de I+D para una pol\u00edtica de transici\u00f3n energ\u00e9tica<\/strong><\/p>\n<p style=\"text-align: left\">Resumen<\/p>\n<p style=\"text-align: left\">Proponemos revisar algunos antecedentes de programas de financiamiento de proyectos de I+D en el \u00e1rea de energ\u00eda y su conexi\u00f3n (o desconexi\u00f3n) con algunas experiencias significativas tomadas de la historia reciente de nuestro pa\u00eds. Finalmente, a partir de un an\u00e1lisis del contexto presente &#8211;geopol\u00edtico y socioecon\u00f3mico&#8211;, se proponen algunos ejes para avanzar en una pol\u00edtica de I+D capaz de responder a las demandas del proceso de transici\u00f3n energ\u00e9tica de la Argentina.<\/p>\n<p style=\"text-align: left\">Diego Hurtado: Doctor en F\u00edsica (UBA) y profesor titular en UNSAM, donde tambi\u00e9n fue secretario de Investigaci\u00f3n y secretario de Innovaci\u00f3n y Transferencia de Tecnolog\u00eda. Fue miembro del Directorio de la Agencia Nacional de Promoci\u00f3n de CyT, MINCyT (2014-2017). En 2015 fue presidente de la Autoridad Regulatoria Nuclear. Es autor art\u00edculos en revistas especializadas de historia institucional y pol\u00edtica de la CyT en Argentina y autor del libro<em>\u00a0El sue\u00f1o de la Argentina at\u00f3mica. Pol\u00edtica, tecnolog\u00eda nuclear y desarrollo nacional (1945-2006)\u00a0<\/em>[2014].\u00a0Tambi\u00e9n es profesor en posgrados en la UNRN y del ISEN (Canciller\u00eda).\u00a0Desde diciembre de 2019 es Secretario de Planeamiento y Pol\u00edticas de CTI del MINCyT.<\/p>\n<h1><strong>11 Septiembre &#8211;\u00a0 Petr\u00f3leo convencional (extracci\u00f3n primaria)<\/strong><\/h1>\n<p>La matriz energ\u00e9tica de la Argentina en el contexto mundial y su transici\u00f3n a las energ\u00edas renovables.\u00a0 El rol de los hidrocarburos convencionales y en especial del gas en la misma.<br \/>\nResumen de las reservas de hidrocarburos remanentes de Argentina y su madurez exploratoria. Expectativa exploratoria en las distintas cuencas productivas, en el offshore y las cuencas poco prospectadas.<br \/>\nLa integraci\u00f3n de los datos de la Geolog\u00eda de superficie con la de subsuelo, en todos los sectores involucrados.<br \/>\nLa interacci\u00f3n Industria-Universidad y el rol de los futuros geocientistas en los distintos campos de acci\u00f3n, tanto de hidrocaburos, miner\u00eda, aguas y medio Ambiente.<\/p>\n<h1><strong>Viernes 18 Septiembre<\/strong><\/h1>\n<h2>Petr\u00f3leo convencional (extracci\u00f3n secundaria y terciaria)<\/h2>\n<p><strong>Dra. Isabel Vega<\/strong>\u00a0(YTEC) L\u00edder de Programa de EOR\u00a0YPF Tecnolog\u00eda<br \/>\n<em>Chemical EOR: del laboratorio al campo. <\/em>Doctora en Qu\u00edmica (UBA-2007). T\u00edtulo de grado Lic en Ciencias Qu\u00edmicas (UBA-2003), Especializaci\u00f3n en Petr\u00f3leo y Gas (ITBA- 2019)<\/p>\n<p>Las t\u00e9cnicas de recuperaci\u00f3n terciaria con qu\u00edmicos, entre las que se encuentran la inyecci\u00f3n de pol\u00edmeros, nacieron como respuesta a la necesidad de aumentar el factor de recobro de petr\u00f3leo en los campos maduros; debido al mejoramiento de la eficiencia de barrido del petr\u00f3leo dentro de la formaci\u00f3n de manera significativa.<\/p>\n<p>Estas tecnolog\u00edas son mucho m\u00e1s costosas que la inyecci\u00f3n de agua (recuperaci\u00f3n secundaria), por lo que se hace imprescindible su evaluaci\u00f3n en laboratorio como una herramienta m\u00e1s para disminuir considerablemente el riesgo asociado a su implementaci\u00f3n en campo. Conocer la eficiencia del producto, as\u00ed como su comportamiento reol\u00f3gico, dosificaci\u00f3n, estabilidad qu\u00edmica y mec\u00e1nica es cr\u00edtico para cualquier proyecto de inyecci\u00f3n de pol\u00edmeros. La evaluaci\u00f3n de las soluciones polim\u00e9ricas mediante ensayos de flujo permiten predecir si habr\u00e1 fen\u00f3menos de retenci\u00f3n del pol\u00edmero asociado, modificaci\u00f3n de la movilidad, resistencia al flujo entre otras propiedades que afectar\u00e1n el avance del pol\u00edmero en formaci\u00f3n.<\/p>\n<p><strong>Ingeniero Gast\u00f3n Fondevila Sancet<\/strong>. Gerente de\u00a0Ingenier\u00eda en Capsa-Capex, Instituto Tecnol\u00f3gico de Buenos\u00a0Aires.<br \/>\nIngeniero en Petr\u00f3leo del ITBA<br \/>\nPosici\u00f3n actual: Gerente de Ingenier\u00eda del grupo CAPSA-Capex<br \/>\nProfesor adjunto de Grado y Postgrado del ITBA<br \/>\n14 a\u00f1os de experiencia en la Industria Argentina del Upstream<\/p>\n<p><em>Experiencia de \u00a0recuperaci\u00f3n mejorada de petr\u00f3leo (EOR) a trav\u00e9s de m\u00e9todos qu\u00edmicos en Argentina<\/em><\/p>\n<p>&#8220;Introducci\u00f3n a la Recuperaci\u00f3n mejorada de Petr\u00f3leo (EOR) y su experiencia en Argentina&#8221;<\/p>\n<p>&#8211; Introducci\u00f3n a Mecanismos de Recuperaci\u00f3n de Petr\u00f3leo<br \/>\n&#8211; Recuperaci\u00f3n Mejorada de Petr\u00f3leo (EOR) a trav\u00e9s de m\u00e9todos qu\u00edmicos (resumen)<br \/>\n&#8211; Aplicaci\u00f3n en Argentina con algunos ejemplos<\/p>\n<h1 style=\"text-align: left\"><strong>2 Octubre &#8211;\u00a0 \u00a0Energ\u00eda E\u00f3lica\u00a0<\/strong><\/h1>\n<p style=\"text-align: left\">Moderadora: Bibiana Cerne CIMA-DCAO<\/p>\n<p style=\"text-align: left\"><strong>Dr Juan Ruiz, Centro de Investigaciones del Mar y la Atm\u00f3sfera, Depto de Cs, de la Atm\u00f3sfera y los Oce\u00e1nos. FCEN UBA. CONICET <\/strong><a href=\"mailto:jruiz@cima.fcen.uba.ar\"><strong>jruiz@cima.fcen.uba.ar<\/strong><\/a><\/p>\n<p style=\"text-align: left\"><strong>\u00a0<\/strong>Metodologias para la mejora del pronostico del viento a corto plazo y<\/p>\n<p style=\"text-align: left\">para la evaluacion del recurso eolico en Argentina<\/p>\n<p style=\"text-align: left\">En esta charla se discutir\u00e1n estudios recientes realizados en el \u00e1mbito de la FCEyN-UBA orientados a caracterizar el recurso e\u00f3lico y su variabilidad en diferentes escalas temporales. Se discutir\u00e1n los desafios que se presentan al analizar dicha variabilidad a partir de diferentes conjuntos de datos. Por otra parte se presentar\u00e1n t\u00e9cnicas de<br \/>\npron\u00f3stico a corto plazo que combinan modelos num\u00e9ricos y regresi\u00f3n por an\u00e1logos aplicadas al pron\u00f3stico de viento y de potencia producida. Los resultados obtenidos muestran que este t\u00edpo de metodolog\u00edas pueden producir mejoras significativas en el pron\u00f3stico de viento y de potencia producida.<\/p>\n<p style=\"text-align: left\"><strong>Dr. Alejandro Otero, <\/strong><strong>Centro de\u00a0 Simulaci\u00f3n Computacional Para Aplicaciones Tecnol\u00f3gicas (CSC)\u00a0 Conicet,\u00a0 Facultad de Ingenier\u00eda UBA<\/strong><\/p>\n<p style=\"text-align: left\"><strong>\u00a0<\/strong><strong>alejandro.otero@csc.conicet.gov.ar<\/strong><\/p>\n<p style=\"text-align: left\">Estudio y Evaluaci\u00f3n de Variables Meteorol\u00f3gicas asociadas a las<br \/>\nEnerg\u00edas Renovables: E\u00f3lica y Fotovoltaica.<\/p>\n<p style=\"text-align: left\">La generaci\u00f3n el\u00e9ctrica a partir de fuentes renovables (principalmente e\u00f3lica y fotovoltaica) presentan el desaf\u00edo de su integraci\u00f3n en los sistemas el\u00e9ctricos debido a la caracter\u00edstica intermitente y variable de los respectivos recursos. El modelado y la simulaci\u00f3n permiten entender y pronosticar la din\u00e1mica de la generaci\u00f3n renovable<br \/>\naportando a incrementar la incorporaci\u00f3n de las mismas en la matriz energ\u00e9tica de forma confiable.<\/p>\n<p style=\"text-align: left\">En esta charla describir\u00e9 la utilizaci\u00f3n de herramientas de modelado<br \/>\nnum\u00e9rico del tiempo para:<br \/>\n&#8211; evaluaci\u00f3n de recurso solar y e\u00f3lico.<br \/>\n&#8211; simulaci\u00f3n y pron\u00f3stico de la generaci\u00f3n renovable.<\/p>\n<h1 style=\"text-align: left\"><strong>9 Octubre &#8211; Energ\u00eda Solar<\/strong><\/h1>\n<p style=\"text-align: left\">Moderador: Luis Baraldo DQIAQF-INQUIMAE<\/p>\n<p style=\"text-align: left\"><strong>Julio C. Dur\u00e1n<\/strong><\/p>\n<p style=\"text-align: left\">Departamento Energ\u00eda Solar, Gerencia Investigaci\u00f3n y Aplicaciones, CAC-CNEA<\/p>\n<p style=\"text-align: left\">Escuela de Ciencia y Tecnolog\u00eda &#8211; UNSAM<\/p>\n<p style=\"text-align: left\"><strong>Energ\u00eda solar fotovoltaica: generaci\u00f3n el\u00e9ctrica distribuida<\/strong><\/p>\n<p style=\"text-align: left\"><strong>Resumen<\/strong><\/p>\n<p style=\"text-align: left\">En los \u00faltimos a\u00f1os las energ\u00edas renovables han tenido un progresivo protagonismo en la generaci\u00f3n de electricidad en el mundo, motivado esencialmente por la creciente conciencia sobre la irreversibilidad del cambio clim\u00e1tico producido por las emisiones de gases de efecto invernadero. La energ\u00eda solar fotovoltaica, centralizada o distribuida, se destaca a nivel global por su r\u00e1pido crecimiento y por haber alcanzado en numerosos pa\u00edses costos de generaci\u00f3n competitivos con la energ\u00eda el\u00e9ctrica convencional.<\/p>\n<p style=\"text-align: left\">Teniendo en cuenta la gran extensi\u00f3n territorial de la Argentina y que su mayor consumo el\u00e9ctrico se encuentra concentrado en los centros urbanos, la utilizaci\u00f3n masiva de generaci\u00f3n fotovoltaica distribuida en \u00e1reas urbanas contribuir\u00eda al uso eficiente de la energ\u00eda por reducci\u00f3n de p\u00e9rdidas y a la disminuci\u00f3n del quemado de combustibles f\u00f3siles. A tal fin, resulta fundamental implementar pol\u00edticas de promoci\u00f3n de estas instalaciones.<\/p>\n<p style=\"text-align: left\">Se presentar\u00e1 el estado de desarrollo en el pa\u00eds de la generaci\u00f3n fotovoltaica distribuida, considerando aspectos regulatorios, tarifarios y de integraci\u00f3n al ambiente urbano. La regulaci\u00f3n del servicio de distribuci\u00f3n el\u00e9ctrica en el pa\u00eds es de incumbencia provincial, motivo por el cual se analizar\u00e1 la situaci\u00f3n de diferentes jurisdicciones. A nivel nacional, la Ley 27424\/17, &#8220;R\u00e9gimen de Fomento a la Generaci\u00f3n Distribuida de Energ\u00eda Renovable Integrada a la Red El\u00e9ctrica&#8221;, fija las pol\u00edticas y establece las condiciones para la generaci\u00f3n de energ\u00eda el\u00e9ctrica de origen renovable por parte de usuarios de la red de distribuci\u00f3n el\u00e9ctrica. El avance de la generaci\u00f3n distribuida mediante fuentes renovables, muy especialmente la solar fotovoltaica, es un paso m\u00e1s de la transici\u00f3n energ\u00e9tica de la Argentina hacia una matriz m\u00e1s limpia, econ\u00f3mica y segura.<\/p>\n<h1><strong>23 Ocutbre &#8211; Biomasa\/Energ\u00eda mareomotriz<\/strong><\/h1>\n<p>Pablo R. Bonelli PINMATE \u2013 ITAPROQ \u2013 Departamento de Industrias<\/p>\n<p><strong>Estrategias de mejoramiento para la conversi\u00f3n de biomasa en biocombustibles<\/strong><\/p>\n<p><strong>\u00a0<\/strong>El proceso de pir\u00f3lisis de biomasa permite obtener productos l\u00edquidos (<em>bio-oils<\/em>), s\u00f3lidos y gaseosos, que pueden ser empleados como biocombustibles. Los <em>bio-oils<\/em> son considerados un eventual sustituto de los derivados del petr\u00f3leo. Sus caracter\u00edsticas energ\u00e9ticas y rendimiento pueden mejorarse, variando las condiciones de operaci\u00f3n del reactor, usando catalizadores y\/o sometiendo a la biomasa a alg\u00fan pretratamiento. Se presentan resultados de la aplicaci\u00f3n de estas estrategias de mejoramiento, en el marco de las investigaciones que se desarrollan en el Programa de Investigaci\u00f3n y Desarrollo de Fuentes Alternativas de Materia Prima y Energ\u00eda, ITAPROQ, Departamento de Industrias.<\/p>\n<p style=\"font-weight: 400\">Dra. Roc\u00edo D\u00edaz Pe\u00f1a <span style=\"font-weight: 400\">IQUIBICEN, FCEN, UBA.<\/span><\/p>\n<p style=\"font-weight: 400\">Los biocombustibles de segunda generaci\u00f3n representan una alternativa ecol\u00f3gica al uso del petr\u00f3leo, debido a la utilizaci\u00f3n de biomasa como materia prima. Uno de sus principales desaf\u00edos es la b\u00fasqueda de microorganismos capaces de producirlos y la reducci\u00f3n de los costos de los procesos biotecnol\u00f3gicos. En este contexto las productoras term\u00f3filas surgen como candidatas ideales para estos bioprocesos.<\/p>\n<p style=\"font-weight: 400\">Mag. Mariano Re <span style=\"font-weight: 400\">Instituto Nacional del Agua (INA)<\/span><\/p>\n<p style=\"font-weight: 400\">La Patagonia Argentina cuenta con numerosos sitios en donde las amplitudes de marea alcanzan valores caracter\u00edsticos de reg\u00edmenes macro-mareales. Sin embargo, poco se conoce sobre la hidrodin\u00e1mica de este sector de la costa Atl\u00e1ntica y menos a\u00fan sobre posibles aplicaciones de aprovechamientos energ\u00e9ticos relacionados con ese fen\u00f3meno natural. El estudio hidrodin\u00e1mico de cinco estuarios patag\u00f3nicos (r\u00edos Deseado, Santa Cruz, Coyle, Gallegos y Grande) mediante herramientas de modelaci\u00f3n num\u00e9rica ha permitido realizar una evaluaci\u00f3n del potencial energ\u00e9tico que presentan las corrientes de marea en estos sitios. Para ello se utiliza el software Delft3D y se aplica la metodolog\u00eda de modelos anidados para lograr una precisi\u00f3n aceptable y con costos computacionales manejables. Como resultados principales de este an\u00e1lisis se distinguen las elevadas velocidades en todos ellos, aunque en valores y distribuciones espacio-temporales distintas. Esto, sumado a rangos de profundidades diversos lleva a conclusiones particulares para cada uno. En conclusi\u00f3n, cada uno de estos estuarios podr\u00eda eventualmente ser aprovechado como fuente de energ\u00eda, pero para ello resulta fundamental la correcta elecci\u00f3n de un generador que se adapte a las condiciones que ofrece cada uno.<\/p>\n<h1 style=\"text-align: left\"><strong>30 Octubre &#8211; Almacenamiento de energ\u00eda<\/strong><\/h1>\n<p style=\"text-align: left\">Moderadores: Ezequiel de la Llave DQIAQF-INQUIMAE, Carlos Acha, IFIBA-DF<\/p>\n<p style=\"text-align: left\"><strong>-Dra. Adriana Serquis, Centro At\u00f3mico Bariloche, CNEA<\/strong><\/p>\n<p style=\"text-align: left\"><strong>\u00a0<\/strong><strong>Pilas de Combustible y Electrolizadores de Alta Temperatura: Potenciales y Desaf\u00edos en Argentina<\/strong><\/p>\n<p style=\"text-align: left\">Desde hace muchos a\u00f1os a nivel mundial se impulsa la investigaci\u00f3n y desarrollo de nuevas tecnolog\u00edas energ\u00e9ticas, entre los cuales los sistemas electroqu\u00edmicos de conversiones de energ\u00eda est\u00e1n ganando terreno en las \u00faltimas d\u00e9cadas. En esta charla se har\u00e1 una introducci\u00f3n a las celdas o pilas de combustible de \u00f3xido s\u00f3lido (SOFC) y las potenciales aplicaciones que tiene esta tecnolog\u00eda en el mundo. Adem\u00e1s, se presentar\u00e1 el proyecto en el que estamos trabajando con muchos colaboradores argentinos para el desarrollo de la tecnolog\u00eda SOFC optimizada para operar con combustibles disponibles en la matriz energ\u00e9tica Argentina.<\/p>\n<p style=\"text-align: left\"><img loading=\"lazy\" decoding=\"async\" class=\" wp-image-46 aligncenter\" src=\"https:\/\/exactas.uba.ar\/evento\/exactas-energia\/wp-content\/uploads\/sites\/5\/2020\/08\/termoelectrica-300x169.jpg\" alt=\"\" width=\"656\" height=\"370\" srcset=\"https:\/\/exactas.uba.ar\/evento\/exactas-energia\/wp-content\/uploads\/sites\/5\/2020\/08\/termoelectrica-300x169.jpg 300w, https:\/\/exactas.uba.ar\/evento\/exactas-energia\/wp-content\/uploads\/sites\/5\/2020\/08\/termoelectrica-1024x576.jpg 1024w, https:\/\/exactas.uba.ar\/evento\/exactas-energia\/wp-content\/uploads\/sites\/5\/2020\/08\/termoelectrica-768x432.jpg 768w, https:\/\/exactas.uba.ar\/evento\/exactas-energia\/wp-content\/uploads\/sites\/5\/2020\/08\/termoelectrica.jpg 1280w\" sizes=\"auto, (max-width: 656px) 100vw, 656px\" \/><\/p>\n<p style=\"text-align: left\"><img loading=\"lazy\" decoding=\"async\" class=\"alignnone wp-image-49\" src=\"https:\/\/exactas.uba.ar\/evento\/exactas-energia\/wp-content\/uploads\/sites\/5\/2020\/08\/materia-prima-300x160.jpg\" alt=\"\" width=\"639\" height=\"341\" srcset=\"https:\/\/exactas.uba.ar\/evento\/exactas-energia\/wp-content\/uploads\/sites\/5\/2020\/08\/materia-prima-300x160.jpg 300w, https:\/\/exactas.uba.ar\/evento\/exactas-energia\/wp-content\/uploads\/sites\/5\/2020\/08\/materia-prima.jpg 698w\" sizes=\"auto, (max-width: 639px) 100vw, 639px\" \/><\/p>\n<p style=\"text-align: left\">Se busca desarrollar u optimizar materiales de electrodos, m\u00e9todos de procesamientos de materiales, dise\u00f1os de ensambles, soluciones de sellado, estrategias de operaci\u00f3n y mantenimiento, etc. para stacks (combinaci\u00f3n en serie de celdas) de SOFC. El objetivo del proyecto es aumentar la eficiencia y mejorar la durabilidad de las celdas trabajando tanto con nuevas composiciones, como perfeccionando las ya existentes a trav\u00e9s de su micro\/nanoestructura y su modificaci\u00f3n superficial con t\u00e9cnicas de decorado de nanopart\u00edculas. Adem\u00e1s, se espera identificar las causas de degradaci\u00f3n de los materiales para evitar\/minimizar estos procesos aumentando la estabilidad a largo plazo.<\/p>\n<p><strong>Dr. Horacio Corti, DQIAQF-INQUIMAE \/ CAC-CNEA<br \/>\n<em>El rol de la nanociencia en el almacenamiento de energ\u00eda: algunos ejemplos<\/em><\/strong><\/p>\n<p>Los sistemas electroqu\u00edmicos de almacenamiento y conversi\u00f3n de energ\u00eda, tales como bater\u00edas, celdas de combustible y supercapacitores son el complemento esencial para el uso eficiente de las energ\u00edas renovables. Algunos de estos sistemas han alcanzado un importante grado de madurez tecnol\u00f3gica, mientras que otros se encuentran aun en etapa de optimizaci\u00f3n o desarrollo. Los nanomateriales y las nanoestructuras tienen un rol muy importante en este proceso, como veremos con algunos ejemplos que muestran que hay todav\u00eda problemas fundamentales para entender en el mundo nano y que, afortunadamente, todav\u00eda \u201chay mucho lugar en el fondo\u201d.<\/p>\n<h1 style=\"text-align: left\"><strong>13 Noviembre &#8211; Energ\u00eda y ambiente\u00a0<\/strong><\/h1>\n<p style=\"text-align: left\">Moderadoras: In\u00e9s Camilloni, Bibiana Cerne, DCAO-CIMA<\/p>\n<p style=\"text-align: left\">Oradores:<\/p>\n<p style=\"text-align: left\"><strong>Marcelo Sticco (Depto. Geolog\u00eda): <\/strong><strong>Pol\u00edticas p\u00fablicas de la gesti\u00f3n del agua en Vaca muerta <\/strong><a href=\"mailto:msticco@gl.fcen.uba.ar\"><strong>msticco@gl.fcen.uba.ar<\/strong><\/a><\/p>\n<p style=\"text-align: left\">La explotaci\u00f3n de Vaca Muerta, mediante la t\u00e9cnica del fracking,<br \/>\nhagenerado numerosas controversias en la sociedad civil y en particular<br \/>\ncon el impacto ambiental del agua. Ante la ausencia de informaci\u00f3n<br \/>\nhidrogeol\u00f3gica y reglamentaciones, en modo proactivo en el a\u00f1o 2013, la<br \/>\nAutoridad provincial de Recursos H\u00eddricos de Neuquen creo un espacio de<br \/>\nintercambio t\u00e9cnico, mediante una Alianza P\u00fablico &#8211; Privada, junto con<br \/>\nlas empresas petroleras y sus asesores en Hidrogeologia (en el cual<br \/>\nparticipa el grupo de Hidrogeologia de la FCEN).<br \/>\nEste espacio se denomina &#8220;Reuniones bimensuales de Correlacion<br \/>\nHidrogeologica&#8221; cuyos objetivos principales son: Compartir la<br \/>\ninformaci\u00f3n hidrogeol\u00f3gica de cada yacimiento para articular el<br \/>\nconocimiento de toda la cuenca h\u00eddrica, estandarizar las metodolog\u00edas de<br \/>\nadquisici\u00f3n de la informaci\u00f3n e interpretaci\u00f3n integral. Los avances<br \/>\nhasta la fecha se han plasmado en reglamentaciones tales como:<br \/>\nprotecci\u00f3n y reserva h\u00eddrica de 100 m de acu\u00edferos para las futuras<br \/>\ngeneraciones, uso de acu\u00edferos profundos, reuso de agua, monitoreo de la<br \/>\ncalidad qu\u00edmica, permisos de uso, tasas h\u00eddricas.<\/p>\n<p><strong>Dra. In\u00e9s O&#8217;Farrell<\/strong><\/p>\n<p><strong>\u00bfEl futuro de los embalses est\u00e1 te\u00f1ido de azul Cyanobacteria?<\/strong><\/p>\n<p>El enriquecimiento de nutrientes en los sistemas acu\u00e1ticos mundiales, en sinergia con el cambio clim\u00e1tico, promueven el crecimiento de cianobacterias. Las modificaciones hidrol\u00f3gicas y t\u00e9rmicas propias de los embalses potencian la frecuencia e intensidad de estas floraciones t\u00f3xicas. Partiendo de un meta-an\u00e1lisis de las floraciones en Argentina, se describir\u00e1 la problem\u00e1tica tomando al Embalse de Salto Grande (R\u00edo Uruguay) como caso de estudio.<\/p>\n","protected":false},"excerpt":{"rendered":"<p>4 Septiembre &#8211;\u00a0 Apertura (moderadores: Luis Baraldo y Mart\u00edn Negri, DQIAQF-INQUIMAE) Apertura a cargo del decano, Juan Carlos Reboreda Diego Hurtado de Mendoza,\u00a0 Secretaria de Planeamiento y Pol\u00edticas en Ciencia, Tecnolog\u00eda e Innovaci\u00f3n, MINCYT Iniciativas de I+D para una pol\u00edtica &hellip; <a href=\"https:\/\/exactas.uba.ar\/evento\/exactas-energia\/resumenes\/\">Continue reading <span class=\"meta-nav\">&rarr;<\/span><\/a><\/p>\n","protected":false},"author":6,"featured_media":0,"parent":0,"menu_order":0,"comment_status":"closed","ping_status":"closed","template":"","meta":{"footnotes":""},"class_list":["post-43","page","type-page","status-publish","hentry"],"_links":{"self":[{"href":"https:\/\/exactas.uba.ar\/evento\/exactas-energia\/wp-json\/wp\/v2\/pages\/43","targetHints":{"allow":["GET"]}}],"collection":[{"href":"https:\/\/exactas.uba.ar\/evento\/exactas-energia\/wp-json\/wp\/v2\/pages"}],"about":[{"href":"https:\/\/exactas.uba.ar\/evento\/exactas-energia\/wp-json\/wp\/v2\/types\/page"}],"author":[{"embeddable":true,"href":"https:\/\/exactas.uba.ar\/evento\/exactas-energia\/wp-json\/wp\/v2\/users\/6"}],"replies":[{"embeddable":true,"href":"https:\/\/exactas.uba.ar\/evento\/exactas-energia\/wp-json\/wp\/v2\/comments?post=43"}],"version-history":[{"count":0,"href":"https:\/\/exactas.uba.ar\/evento\/exactas-energia\/wp-json\/wp\/v2\/pages\/43\/revisions"}],"wp:attachment":[{"href":"https:\/\/exactas.uba.ar\/evento\/exactas-energia\/wp-json\/wp\/v2\/media?parent=43"}],"curies":[{"name":"wp","href":"https:\/\/api.w.org\/{rel}","templated":true}]}}