{"id":10,"date":"2020-08-25T18:01:41","date_gmt":"2020-08-25T18:01:41","guid":{"rendered":"https:\/\/exactas.uba.ar\/exactas-energia\/?page_id=10"},"modified":"2020-08-25T18:01:41","modified_gmt":"2020-08-25T18:01:41","slug":"inicio","status":"publish","type":"page","link":"https:\/\/exactas.uba.ar\/evento\/exactas-energia\/","title":{"rendered":"Inicio"},"content":{"rendered":"<p>A partir del viernes 4 de septiembre y hasta el 20 de Noviembre, a las 17 hs, por el canal de youtube de Exactas se desarrollar\u00e1n las <strong>Jornadas Exactas y la Energ\u00eda: El futuro de la matriz energ\u00e9tica argentina, organizadas por la Secretar\u00eda de Investigaci\u00f3n Cient\u00edfica y Tecnol\u00f3gica de la FCEyN.<\/strong><\/p>\n<p><a href=\"https:\/\/youtu.be\/tBn0xu9CUlg\" target=\"_blank\" rel=\"noopener noreferrer\">https:\/\/www.youtube.com\/exactasUBAoficial<\/a><\/p>\n<p>Los objetivo espec\u00edficos de las Jornadas son:<\/p>\n<ul>\n<li>Revalorizar el papel de Exactas como medio consultor y de referencia para el planeamiento energ\u00e9tico del pa\u00eds.<\/li>\n<li>Relevar grupos de investigaci\u00f3n conectados con la energ\u00eda y promover colaboraciones entre ellos.<\/li>\n<li>Presentar la visi\u00f3n de autoridades nacionales con respecto al futuro de la matriz energ\u00e9tica.<\/li>\n<li>Motivar la participaci\u00f3n de estudiantes en \u00e1reas de investigaci\u00f3n y de desarrollo profesional en el \u00e1mbito energ\u00e9tico.<\/li>\n<\/ul>\n<h3>Comit\u00e9 Organizador<\/h3>\n<ul>\n<li>Carlos Acha<\/li>\n<li>Luis Baraldo<\/li>\n<li>Bibiana Cerne<\/li>\n<li>In\u00e9s Camilloni<\/li>\n<li>Norma D\u00b4Accorso<\/li>\n<li>Ezequiel de la LLave<\/li>\n<li>Adriana Kolender<\/li>\n<li>Alejandro Leci\u00f1ana<\/li>\n<li>Mart\u00edn Negri<\/li>\n<li>Pablo Pazos<\/li>\n<li>Luis Stinco<\/li>\n<\/ul>\n","protected":false},"excerpt":{"rendered":"<p>A partir del viernes 4 de septiembre y hasta el 20 de Noviembre, a las 17 hs, por el canal de youtube de Exactas se desarrollar\u00e1n las Jornadas Exactas y la Energ\u00eda: El futuro de la matriz energ\u00e9tica argentina, organizadas &hellip; <a href=\"https:\/\/exactas.uba.ar\/evento\/exactas-energia\/\">Continue reading <span class=\"meta-nav\">&rarr;<\/span><\/a><\/p>\n","protected":false},"author":1,"featured_media":0,"parent":0,"menu_order":0,"comment_status":"closed","ping_status":"closed","template":"","meta":{"footnotes":""},"class_list":["post-10","page","type-page","status-publish","hentry"],"_links":{"self":[{"href":"https:\/\/exactas.uba.ar\/evento\/exactas-energia\/wp-json\/wp\/v2\/pages\/10","targetHints":{"allow":["GET"]}}],"collection":[{"href":"https:\/\/exactas.uba.ar\/evento\/exactas-energia\/wp-json\/wp\/v2\/pages"}],"about":[{"href":"https:\/\/exactas.uba.ar\/evento\/exactas-energia\/wp-json\/wp\/v2\/types\/page"}],"author":[{"embeddable":true,"href":"https:\/\/exactas.uba.ar\/evento\/exactas-energia\/wp-json\/wp\/v2\/users\/1"}],"replies":[{"embeddable":true,"href":"https:\/\/exactas.uba.ar\/evento\/exactas-energia\/wp-json\/wp\/v2\/comments?post=10"}],"version-history":[{"count":0,"href":"https:\/\/exactas.uba.ar\/evento\/exactas-energia\/wp-json\/wp\/v2\/pages\/10\/revisions"}],"wp:attachment":[{"href":"https:\/\/exactas.uba.ar\/evento\/exactas-energia\/wp-json\/wp\/v2\/media?parent=10"}],"curies":[{"name":"wp","href":"https:\/\/api.w.org\/{rel}","templated":true}]}}

<p>A partir del viernes 4 de septiembre y hasta el 20 de Noviembre, a las 17 hs, por el canal de youtube de Exactas se desarrollarán las <strong>Jornadas Exactas y la Energía: El futuro de la matriz energética argentina, organizadas por la Secretaría de Investigación Científica y Tecnológica de la FCEyN.</strong></p>
<p><a href="https://youtu.be/tBn0xu9CUlg" target="_blank" rel="noopener noreferrer">https://www.youtube.com/exactasUBAoficial</a></p>
<p>Los objetivo específicos de las Jornadas son:</p>
<ul>
<li>Revalorizar el papel de Exactas como medio consultor y de referencia para el planeamiento energético del país.</li>
<li>Relevar grupos de investigación conectados con la energía y promover colaboraciones entre ellos.</li>
<li>Presentar la visión de autoridades nacionales con respecto al futuro de la matriz energética.</li>
<li>Motivar la participación de estudiantes en áreas de investigación y de desarrollo profesional en el ámbito energético.</li>
</ul>
<h3>Comité Organizador</h3>
<ul>
<li>Carlos Acha</li>
<li>Luis Baraldo</li>
<li>Bibiana Cerne</li>
<li>Inés Camilloni</li>
<li>Norma D´Accorso</li>
<li>Ezequiel de la LLave</li>
<li>Adriana Kolender</li>
<li>Alejandro Leciñana</li>
<li>Martín Negri</li>
<li>Pablo Pazos</li>
<li>Luis Stinco</li>
</ul>

<p>A partir del viernes 4 de septiembre y hasta el 20 de Noviembre, a las 17 hs, por el canal de youtube de Exactas se desarrollarán las Jornadas Exactas y la Energía: El futuro de la matriz energética argentina, organizadas &hellip; <a href="https://exactas.uba.ar/evento/exactas-energia/">Continue reading <span class="meta-nav">&rarr;</span></a></p>
