{"id":8,"date":"2026-04-27T14:13:18","date_gmt":"2026-04-27T17:13:18","guid":{"rendered":"https:\/\/exactas.uba.ar\/evento\/carpa-universitaria\/?page_id=8"},"modified":"2026-04-28T13:24:56","modified_gmt":"2026-04-28T16:24:56","slug":"inicio","status":"publish","type":"page","link":"https:\/\/exactas.uba.ar\/evento\/carpa-universitaria\/","title":{"rendered":"Carpa Universitaria"},"content":{"rendered":"<h1>Carpa Universitaria<\/h1>\n<h2>Agenda<\/h2>\n<h3><em><strong>Martes 28\/4<\/strong><\/em><\/h3>\n<p><strong>14 a 14:30 hs<\/strong> &#8211; &#8220;Cosmolog\u00eda: El lado oscuro del universo: Materia oscura y Energ\u00eda Oscura&#8221; (Docente a cargo: Susana Landau &#8211; DF) &#8211; <em>Charla de Divulgaci\u00f3n<\/em><\/p>\n<p><strong>14 a 14:30 hs<\/strong> &#8211; Sincronizaci\u00f3n (Persona a cargo: Leandro Fern\u00e1ndez &#8211; DF) &#8211; <em>Charla de Divulgaci\u00f3n<\/em><\/p>\n<p><strong>14 a 17 hs<\/strong> &#8211; <span data-sheets-root=\"1\">Biolog\u00eda de la Reproducci\u00f3n y Desarrollo (Docente a cargo: Paula Vissio &#8211; DBBE) &#8211; <em>Clase p\u00fablica<\/em><\/span><\/p>\n<p><span data-sheets-root=\"1\"><strong>15 a 17 hs<\/strong> &#8211; Evoluci\u00f3n (Docente a cargo: Ana Tropea &#8211; DEGE) &#8211; <em>Clase p\u00fablica<\/em><\/span><\/p>\n<p>&#8212;&#8212;&#8212;&#8212;&#8212;&#8212;&#8212;&#8212;&#8212;&#8212;&#8212;&#8212;&#8212;&#8212;&#8212;&#8212;&#8212;-<\/p>\n<h3><em><strong>Mi\u00e9rcoles 29\/4<\/strong><\/em><\/h3>\n<p><strong>13 a 16 hs<\/strong> &#8211; &#8220;Los colores de la qu\u00edmica&#8221; (Docente a cargo: Mat\u00edas Factorovich &#8211; DQIAQF) &#8211; <em>Stand<\/em><\/p>\n<p><span data-sheets-root=\"1\"><strong>13 a 15 hs<\/strong> &#8211; Geometr\u00eda (Docente a cargo:\u00a0 Agust\u00edn Barreto &#8211; CCPEMS) &#8211; <em>Clase p\u00fablica<\/em><\/span><\/p>\n<p><span data-sheets-root=\"1\"><strong>13 a 15 hs<\/strong> &#8211; Qu\u00edmica Inorg\u00e1nica 2 (Docente a cargo: Leila Saleh Medina &#8211; DQIAQF ) &#8211; <em>Clase p\u00fablica<\/em><\/span><\/p>\n<p><strong>14 a 16 hs<\/strong> &#8211; Organizaci\u00f3n y funci\u00f3n celular &#8211; FBMC &#8211; <em>Clase p\u00fablica<\/em><\/p>\n<p><strong>14 a 14:40 hs <\/strong>&#8211; F\u00edsica del S\u00f3lido<span data-sheets-root=\"1\"> (Docente a cargo: Alberto Camjayi &#8211; DF) &#8211; <em>Clase p\u00fablica<\/em><\/span><\/p>\n<p><strong>14 a 17 hs<\/strong> &#8211; Paradigmas de la Programaci\u00f3n <span data-sheets-root=\"1\">(Docentes a cargo: Brian Cardiff y Gabriela Steren &#8211; DC) &#8211; <em>Clase p\u00fablica<\/em><\/span><\/p>\n<p><strong>14:30 a 17hs<\/strong> &#8211; Ecolog\u00eda Ambiental (Docente a cargo: Virginia D\u00edaz &#8211; DEGE) &#8211; <em>Clase p\u00fablica<\/em><\/p>\n<p><strong>15 a 15:30 hs <\/strong>&#8211; Clima Espacial y Agro Moderno<span data-sheets-root=\"1\">\u00a0(Docente a cargo: Laura Morales &#8211; DF) &#8211; <em>Charla de Divulgaci\u00f3n<\/em><\/span><\/p>\n<p><strong>15 a 15:30 hs <\/strong>&#8211; &#8220;Formulando la f\u00f3rmula 1&#8221; (Docente a cargo: Julian Amette Estrada &#8211; DF) &#8211;\u00a0 <em>Charla de Divulgaci\u00f3n<\/em><\/p>\n<p><strong>15 a 15:30 hs <\/strong>&#8211; C\u00f3mo ver un \u00e1tomo Docente a cargo: Christian Schmiegelow &#8211; DF) &#8211; <em>Clase P\u00fablica<\/em><\/p>\n<p><strong>15 a 17 hs<\/strong> &#8211; Verificaci\u00f3n Formal en Sistemas de Hardware a Gran Escala <span data-sheets-root=\"1\">(Docente a cargo: Mariano Cerruti &#8211; DC) &#8211; <em>Clase p\u00fablica<\/em><\/span><\/p>\n<p><strong>15 a 17 hs<\/strong> &#8211; Qu\u00edmica biol\u00f3gica (Docente a cargo: Daniel Musikant &#8211; DQB) &#8211; <em>Clase p\u00fablica<\/em><\/p>\n<p><strong>16 a 16:30 hs <\/strong>&#8211; &#8220;Del Big Bang a TikTok: una historia sobre todas las dem\u00e1s&#8221; (Docente a cargo: Nahuel Mir\u00f3n Granese &#8211; DF) &#8211; <em>Charla de Divulgaci\u00f3n<\/em><\/p>\n<p>&#8212;&#8212;&#8212;&#8212;&#8212;&#8212;&#8212;&#8212;&#8212;&#8212;&#8212;&#8212;&#8212;&#8212;&#8212;&#8212;&#8212;-<\/p>\n<h3><em><strong>Jueves 30\/4<\/strong><\/em><\/h3>\n<p><strong>13 a 16 hs<\/strong> &#8211; <span data-sheets-root=\"1\">Qu\u00edmica General (Docente a cargo: Dar\u00edo Estrin &#8211; DQIAQF) &#8211; <em>Clase p\u00fablica<\/em><\/span><\/p>\n<p><strong>13 a 17 hs<\/strong> &#8211; <span data-sheets-root=\"1\">IBMC (Docente a cargo: Melina Bordone &#8211; FBMC) &#8211; <em>Clase p\u00fablica<\/em><\/span><\/p>\n<p><strong>13 a 15 hs<\/strong> &#8211; Qu\u00edmica CBC <span data-sheets-root=\"1\">(Docente a cargo: Cecilia Cantera &#8211; CBC) &#8211; <em>Clase p\u00fablica<\/em><\/span><\/p>\n<p><strong>14 a 16:30 hs <\/strong>&#8211; Biolog\u00eda de Peces <span data-sheets-root=\"1\">(Docentes a cargo: Fabiana Lo Nostro \/ Fernando Meijide &#8211; DBBE) &#8211; <em>Clase p\u00fablica<\/em><\/span><\/p>\n<p><strong>14 a 17 hs<\/strong> &#8211; <span data-sheets-root=\"1\">Biolog\u00eda de la Reproducci\u00f3n y Desarrollo &#8211; &#8220;Reproducci\u00f3n asistida de humanos&#8221; (Profesor invitado: Dr. Alberto Valcarcel &#8211; DBBE) &#8211; <em>Clase p\u00fablica<\/em><\/span><\/p>\n<p><strong>15 a 17 hs <\/strong>&#8211; Introducci\u00f3n a la Fisiolog\u00eda Animal <span data-sheets-root=\"1\">(Docente a cargo: Fernando Marengo &#8211; FBMC) &#8211; <em>Clase p\u00fablica<\/em><\/span><\/p>\n<p><strong>15 a 16 hs <\/strong>&#8211; &#8220;Ciencia para imaginar futuros\u201d (Persona a cargo: Guadalupe Diaz Constanzo) &#8211; <em>Charla de Divulgaci\u00f3n<\/em><\/p>\n","protected":false},"excerpt":{"rendered":"<p>Carpa Universitaria Agenda Martes 28\/4 14 a 14:30 hs &#8211; &#8220;Cosmolog\u00eda: El lado oscuro del universo: Materia oscura y Energ\u00eda Oscura&#8221; (Docente a cargo: Susana Landau &#8211; DF) &#8211; Charla de Divulgaci\u00f3n 14 a 14:30 hs &#8211; Sincronizaci\u00f3n (Persona a &hellip; <a href=\"https:\/\/exactas.uba.ar\/evento\/carpa-universitaria\/\">Continue reading <span class=\"meta-nav\">&rarr;<\/span><\/a><\/p>\n","protected":false},"author":1,"featured_media":0,"parent":0,"menu_order":0,"comment_status":"closed","ping_status":"closed","template":"","meta":{"footnotes":""},"class_list":["post-8","page","type-page","status-publish","hentry"],"_links":{"self":[{"href":"https:\/\/exactas.uba.ar\/evento\/carpa-universitaria\/wp-json\/wp\/v2\/pages\/8","targetHints":{"allow":["GET"]}}],"collection":[{"href":"https:\/\/exactas.uba.ar\/evento\/carpa-universitaria\/wp-json\/wp\/v2\/pages"}],"about":[{"href":"https:\/\/exactas.uba.ar\/evento\/carpa-universitaria\/wp-json\/wp\/v2\/types\/page"}],"author":[{"embeddable":true,"href":"https:\/\/exactas.uba.ar\/evento\/carpa-universitaria\/wp-json\/wp\/v2\/users\/1"}],"replies":[{"embeddable":true,"href":"https:\/\/exactas.uba.ar\/evento\/carpa-universitaria\/wp-json\/wp\/v2\/comments?post=8"}],"version-history":[{"count":21,"href":"https:\/\/exactas.uba.ar\/evento\/carpa-universitaria\/wp-json\/wp\/v2\/pages\/8\/revisions"}],"predecessor-version":[{"id":44,"href":"https:\/\/exactas.uba.ar\/evento\/carpa-universitaria\/wp-json\/wp\/v2\/pages\/8\/revisions\/44"}],"wp:attachment":[{"href":"https:\/\/exactas.uba.ar\/evento\/carpa-universitaria\/wp-json\/wp\/v2\/media?parent=8"}],"curies":[{"name":"wp","href":"https:\/\/api.w.org\/{rel}","templated":true}]}}

<h1>Carpa Universitaria</h1>
<h2>Agenda</h2>
<h3><em><strong>Martes 28/4</strong></em></h3>
<p><strong>14 a 14:30 hs</strong> &#8211; &#8220;Cosmología: El lado oscuro del universo: Materia oscura y Energía Oscura&#8221; (Docente a cargo: Susana Landau &#8211; DF) &#8211; <em>Charla de Divulgación</em></p>
<p><strong>14 a 14:30 hs</strong> &#8211; Sincronización (Persona a cargo: Leandro Fernández &#8211; DF) &#8211; <em>Charla de Divulgación</em></p>
<p><strong>14 a 17 hs</strong> &#8211; <span data-sheets-root="1">Biología de la Reproducción y Desarrollo (Docente a cargo: Paula Vissio &#8211; DBBE) &#8211; <em>Clase pública</em></span></p>
<p><span data-sheets-root="1"><strong>15 a 17 hs</strong> &#8211; Evolución (Docente a cargo: Ana Tropea &#8211; DEGE) &#8211; <em>Clase pública</em></span></p>
<p>&#8212;&#8212;&#8212;&#8212;&#8212;&#8212;&#8212;&#8212;&#8212;&#8212;&#8212;&#8212;&#8212;&#8212;&#8212;&#8212;&#8212;-</p>
<h3><em><strong>Miércoles 29/4</strong></em></h3>
<p><strong>13 a 16 hs</strong> &#8211; &#8220;Los colores de la química&#8221; (Docente a cargo: Matías Factorovich &#8211; DQIAQF) &#8211; <em>Stand</em></p>
<p><span data-sheets-root="1"><strong>13 a 15 hs</strong> &#8211; Geometría (Docente a cargo:  Agustín Barreto &#8211; CCPEMS) &#8211; <em>Clase pública</em></span></p>
<p><span data-sheets-root="1"><strong>13 a 15 hs</strong> &#8211; Química Inorgánica 2 (Docente a cargo: Leila Saleh Medina &#8211; DQIAQF ) &#8211; <em>Clase pública</em></span></p>
<p><strong>14 a 16 hs</strong> &#8211; Organización y función celular &#8211; FBMC &#8211; <em>Clase pública</em></p>
<p><strong>14 a 14:40 hs </strong>&#8211; Física del Sólido<span data-sheets-root="1"> (Docente a cargo: Alberto Camjayi &#8211; DF) &#8211; <em>Clase pública</em></span></p>
<p><strong>14 a 17 hs</strong> &#8211; Paradigmas de la Programación <span data-sheets-root="1">(Docentes a cargo: Brian Cardiff y Gabriela Steren &#8211; DC) &#8211; <em>Clase pública</em></span></p>
<p><strong>14:30 a 17hs</strong> &#8211; Ecología Ambiental (Docente a cargo: Virginia Díaz &#8211; DEGE) &#8211; <em>Clase pública</em></p>
<p><strong>15 a 15:30 hs </strong>&#8211; Clima Espacial y Agro Moderno<span data-sheets-root="1"> (Docente a cargo: Laura Morales &#8211; DF) &#8211; <em>Charla de Divulgación</em></span></p>
<p><strong>15 a 15:30 hs </strong>&#8211; &#8220;Formulando la fórmula 1&#8221; (Docente a cargo: Julian Amette Estrada &#8211; DF) &#8211;  <em>Charla de Divulgación</em></p>
<p><strong>15 a 15:30 hs </strong>&#8211; Cómo ver un átomo Docente a cargo: Christian Schmiegelow &#8211; DF) &#8211; <em>Clase Pública</em></p>
<p><strong>15 a 17 hs</strong> &#8211; Verificación Formal en Sistemas de Hardware a Gran Escala <span data-sheets-root="1">(Docente a cargo: Mariano Cerruti &#8211; DC) &#8211; <em>Clase pública</em></span></p>
<p><strong>15 a 17 hs</strong> &#8211; Química biológica (Docente a cargo: Daniel Musikant &#8211; DQB) &#8211; <em>Clase pública</em></p>
<p><strong>16 a 16:30 hs </strong>&#8211; &#8220;Del Big Bang a TikTok: una historia sobre todas las demás&#8221; (Docente a cargo: Nahuel Mirón Granese &#8211; DF) &#8211; <em>Charla de Divulgación</em></p>
<p>&#8212;&#8212;&#8212;&#8212;&#8212;&#8212;&#8212;&#8212;&#8212;&#8212;&#8212;&#8212;&#8212;&#8212;&#8212;&#8212;&#8212;-</p>
<h3><em><strong>Jueves 30/4</strong></em></h3>
<p><strong>13 a 16 hs</strong> &#8211; <span data-sheets-root="1">Química General (Docente a cargo: Darío Estrin &#8211; DQIAQF) &#8211; <em>Clase pública</em></span></p>
<p><strong>13 a 17 hs</strong> &#8211; <span data-sheets-root="1">IBMC (Docente a cargo: Melina Bordone &#8211; FBMC) &#8211; <em>Clase pública</em></span></p>
<p><strong>13 a 15 hs</strong> &#8211; Química CBC <span data-sheets-root="1">(Docente a cargo: Cecilia Cantera &#8211; CBC) &#8211; <em>Clase pública</em></span></p>
<p><strong>14 a 16:30 hs </strong>&#8211; Biología de Peces <span data-sheets-root="1">(Docentes a cargo: Fabiana Lo Nostro / Fernando Meijide &#8211; DBBE) &#8211; <em>Clase pública</em></span></p>
<p><strong>14 a 17 hs</strong> &#8211; <span data-sheets-root="1">Biología de la Reproducción y Desarrollo &#8211; &#8220;Reproducción asistida de humanos&#8221; (Profesor invitado: Dr. Alberto Valcarcel &#8211; DBBE) &#8211; <em>Clase pública</em></span></p>
<p><strong>15 a 17 hs </strong>&#8211; Introducción a la Fisiología Animal <span data-sheets-root="1">(Docente a cargo: Fernando Marengo &#8211; FBMC) &#8211; <em>Clase pública</em></span></p>
<p><strong>15 a 16 hs </strong>&#8211; &#8220;Ciencia para imaginar futuros” (Persona a cargo: Guadalupe Diaz Constanzo) &#8211; <em>Charla de Divulgación</em></p>

<p>Carpa Universitaria Agenda Martes 28/4 14 a 14:30 hs &#8211; &#8220;Cosmología: El lado oscuro del universo: Materia oscura y Energía Oscura&#8221; (Docente a cargo: Susana Landau &#8211; DF) &#8211; Charla de Divulgación 14 a 14:30 hs &#8211; Sincronización (Persona a &hellip; <a href="https://exactas.uba.ar/evento/carpa-universitaria/">Continue reading <span class="meta-nav">&rarr;</span></a></p>
