{"id":744,"date":"2026-02-26T18:15:02","date_gmt":"2026-02-26T18:15:02","guid":{"rendered":"https:\/\/exactas.uba.ar\/equidadygeneros\/?page_id=744"},"modified":"2026-04-06T15:06:20","modified_gmt":"2026-04-06T15:06:20","slug":"como-solicitar-una-entrevista","status":"publish","type":"page","link":"https:\/\/exactas.uba.ar\/equidadygeneros\/consultas-y-acompanamientos\/como-solicitar-una-entrevista\/","title":{"rendered":"C\u00f3mo solicitar una entrevista"},"content":{"rendered":"<p>Los programas institucionales de la Sequigen acompa\u00f1an y asesoran consultas por violencia y\/o discriminaci\u00f3n por motivos de g\u00e9nero, por problem\u00e1ticas de salud mental y violencias, y por accesibilidad y derechos de las personas con discapacidad en el \u00e1mbito de la Facultad.<\/p>\n<p>Para garantizar una gesti\u00f3n adecuada de cada situaci\u00f3n, recomendamos iniciar cualquier intercambio o consulta por correo electr\u00f3nico. Ese primer contacto nos permite establecer las acciones a seguir, entre las que est\u00e1n la coordinaci\u00f3n de una entrevista donde compartir experiencias, inquietudes y trabajar en conjunto en la b\u00fasqueda de soluciones que mejoren la experiencia universitaria de cada quien.<\/p>\n<h3>\u00bfD\u00f3nde contactar?<\/h3>\n<p>Se puede escribir a <a href=\"mailto:sequigen@de.fcen.uba.ar\">sequigen@de.fcen.uba.ar<\/a> o dirigir la consulta al programa que se considere m\u00e1s apropiado en funci\u00f3n de la problem\u00e1tica que haya tenido lugar (de todas formas, los tres programas realizan derivaciones y\/o articulaciones internas cuando son pertinentes):<\/p>\n<ul>\n<li><a href=\"mailto:sinbarreras@de.fcen.uba.ar\">sinbarreras@de.fcen.uba.ar<\/a><\/li>\n<li><a href=\"mailto:abordajes.se@de.fcen.uba.ar\">abordajes.se@de.fcen.uba.ar<\/a><\/li>\n<li><a href=\"mailto:genex@de.fcen.uba.ar\">genex@de.fcen.uba.ar<\/a><\/li>\n<\/ul>\n<p>Tambi\u00e9n pod\u00e9s\u00a0encontrarnos en el Pabell\u00f3n 2, 2do piso, entre las aulas 212 y 213 y al Tex: 5285-8404. No obstante, recomendamos iniciar cualquier intercambio o consulta por correo electr\u00f3nico para garantizar una gesti\u00f3n \u00f3ptima de la situaci\u00f3n.<\/p>\n","protected":false},"excerpt":{"rendered":"Los programas institucionales de la Sequigen acompa\u00f1an y asesoran consultas por violencia y\/o discriminaci\u00f3n por motivos de g\u00e9nero, por problem\u00e1ticas de salud mental y violencias, y por accesibilidad y derechos de las personas con discapacidad en el \u00e1mbito de la Facultad. Para garantizar una gesti\u00f3n adecuada de cada situaci\u00f3n, recomendamos iniciar cualquier intercambio o consulta&#8230; <a class=\"view-article\" href=\"https:\/\/exactas.uba.ar\/equidadygeneros\/consultas-y-acompanamientos\/como-solicitar-una-entrevista\/\">LEER +<\/a>","protected":false},"author":1,"featured_media":0,"parent":715,"menu_order":0,"comment_status":"closed","ping_status":"closed","template":"","meta":{"_acf_changed":false,"footnotes":""},"class_list":["post-744","page","type-page","status-publish","hentry"],"acf":[],"_links":{"self":[{"href":"https:\/\/exactas.uba.ar\/equidadygeneros\/wp-json\/wp\/v2\/pages\/744","targetHints":{"allow":["GET"]}}],"collection":[{"href":"https:\/\/exactas.uba.ar\/equidadygeneros\/wp-json\/wp\/v2\/pages"}],"about":[{"href":"https:\/\/exactas.uba.ar\/equidadygeneros\/wp-json\/wp\/v2\/types\/page"}],"author":[{"embeddable":true,"href":"https:\/\/exactas.uba.ar\/equidadygeneros\/wp-json\/wp\/v2\/users\/1"}],"replies":[{"embeddable":true,"href":"https:\/\/exactas.uba.ar\/equidadygeneros\/wp-json\/wp\/v2\/comments?post=744"}],"version-history":[{"count":4,"href":"https:\/\/exactas.uba.ar\/equidadygeneros\/wp-json\/wp\/v2\/pages\/744\/revisions"}],"predecessor-version":[{"id":787,"href":"https:\/\/exactas.uba.ar\/equidadygeneros\/wp-json\/wp\/v2\/pages\/744\/revisions\/787"}],"up":[{"embeddable":true,"href":"https:\/\/exactas.uba.ar\/equidadygeneros\/wp-json\/wp\/v2\/pages\/715"}],"wp:attachment":[{"href":"https:\/\/exactas.uba.ar\/equidadygeneros\/wp-json\/wp\/v2\/media?parent=744"}],"curies":[{"name":"wp","href":"https:\/\/api.w.org\/{rel}","templated":true}]}}

Cómo solicitar una entrevista

<p>Los programas institucionales de la Sequigen acompañan y asesoran consultas por violencia y/o discriminación por motivos de género, por problemáticas de salud mental y violencias, y por accesibilidad y derechos de las personas con discapacidad en el ámbito de la Facultad.</p>
<p>Para garantizar una gestión adecuada de cada situación, recomendamos iniciar cualquier intercambio o consulta por correo electrónico. Ese primer contacto nos permite establecer las acciones a seguir, entre las que están la coordinación de una entrevista donde compartir experiencias, inquietudes y trabajar en conjunto en la búsqueda de soluciones que mejoren la experiencia universitaria de cada quien.</p>
<h3>¿Dónde contactar?</h3>
<p>Se puede escribir a <a href="mailto:sequigen@de.fcen.uba.ar">sequigen@de.fcen.uba.ar</a> o dirigir la consulta al programa que se considere más apropiado en función de la problemática que haya tenido lugar (de todas formas, los tres programas realizan derivaciones y/o articulaciones internas cuando son pertinentes):</p>
<ul>
<li><a href="mailto:sinbarreras@de.fcen.uba.ar">sinbarreras@de.fcen.uba.ar</a></li>
<li><a href="mailto:abordajes.se@de.fcen.uba.ar">abordajes.se@de.fcen.uba.ar</a></li>
<li><a href="mailto:genex@de.fcen.uba.ar">genex@de.fcen.uba.ar</a></li>
</ul>
<p>También podés encontrarnos en el Pabellón 2, 2do piso, entre las aulas 212 y 213 y al Tex: 5285-8404. No obstante, recomendamos iniciar cualquier intercambio o consulta por correo electrónico para garantizar una gestión óptima de la situación.</p>

Los programas institucionales de la Sequigen acompañan y asesoran consultas por violencia y/o discriminación por motivos de género, por problemáticas de salud mental y violencias, y por accesibilidad y derechos de las personas con discapacidad en el ámbito de la Facultad. Para garantizar una gestión adecuada de cada situación, recomendamos iniciar cualquier intercambio o consulta&#8230; <a class="view-article" href="https://exactas.uba.ar/equidadygeneros/consultas-y-acompanamientos/como-solicitar-una-entrevista/">LEER +</a>
